000
CXUS51 KBGM 050126 CCA
CF6AVP
PRELIMINARY LOCAL CLIMATOLOGICAL DATA (WS FORM: F-6)
STATION: AVOCA PA
MONTH: MAY
YEAR: 2023
LATITUDE: 41 19 N
LONGITUDE: 75 44 W
TEMPERATURE IN F: :PCPN: SNOW: WIND :SUNSHINE: SKY :PK WND
================================================================================
1 2 3 4 5 6A 6B 7 8 9 10 11 12 13 14 15 16 17 18
12Z AVG MX 2MIN
DY MAX MIN AVG DEP HDD CDD WTR SNW DPTH SPD SPD DIR MIN PSBL S-S WX SPD DR
================================================================================
1 56 42 49 -7 16 0 0.22 0.0 M 9.2 35 270 M M 8 1 43 280
2 53 40 47 -10 18 0 0.21 0.0 M 9.8 21 250 M M 9 1 28 240
3 53 41 47 -10 18 0 0.16 0.0 M 5.0 15 240 M M 10 1 21 250
4 60 43 52 -6 13 0 T 0.0 M 4.8 14 340 M M 10 18 340
5 63 38 51 -7 14 0 T 0.0 M 4.9 17 60 M M 5 23 60
6 70 37 54 -4 11 0 0.00 0.0 M 3.8 14 360 M M 1 18 360
7 75 41 58 0 7 0 0.14 0.0 M 4.2 22 250 M M 4 1 26 260
8 73 52 63 4 2 0 0.11 0.0 M 8.0 21 290 M M 4 1 26 290
9 70 43 57 -2 8 0 0.00 0.0 M 5.2 17 340 M M 1 24 340
10 73 38 56 -3 9 0 0.00 0.0 M 4.6 16 340 M M 0 20 350
11 80 43 62 2 3 0 0.00 0.0 M 5.1 16 360 M M 0 21 10
12 82 51 67 7 0 2 0.00 0.0 M 2.7 10 260 M M 0 14 280
13 78 54 66 6 0 1 0.00 0.0 M 6.8 18 340 M M 0 24 340
14 68 43 56 -4 9 0 0.00 0.0 M 7.9 22 340 M M 0 27 340
15 73 37 55 -6 10 0 0.00 0.0 M 4.9 15 230 M M 0 19 220
16 77 41 59 -2 6 0 0.00 0.0 M 7.9 21 250 M M 1 28 230
17 62 35 49 -12 16 0 0.00 0.0 M 12.0 22 340 M M 2 31 340
18 67 30 49 -13 16 0 0.00 0.0 M 5.0 13 200 M M 0 20 220
19 72 45 59 -3 6 0 0.00 0.0 M 7.7 18 230 M M 4 26 220
20 72 52 62 0 3 0 0.07 0.0 M 4.9 18 340 M M 6 1 24 340
21 75 49 62 0 3 0 0.00 0.0 M 9.0 22 340 M M 4 29 330
22 78 48 63 1 2 0 0.00 0.0 M 4.3 12 340 M M 0 14 340
23 78 51 65 2 0 0 0.00 0.0 M 5.2 13 220 M M 2 19 190
24 79 48 64 1 1 0 T 0.0 M 8.7 24 20 M M 4 31 20
25 69 43 56 -7 9 0 0.00 0.0 M 8.5 20 30 M M 1 25 360
26 73 40 57 -7 8 0 0.00 0.0 M 5.3 14 350 M M 0 21 300
27 81 45 63 -1 2 0 0.00 0.0 M 4.5 13 20 M M 0 18 50
28 86 50 68 4 0 3 0.00 0.0 M 3.8 12 280 M M 0 16 50
29 87 54 71 7 0 6 0.00 0.0 M 4.5 14 50 M M 0 20 130
30 83 51 67 2 0 2 0.00 0.0 M 4.4 10 90 M M 1 15 100
31 88 48 68 3 0 3 0.00 0.0 M 4.8 14 60 M M 0 19 70
================================================================================
SM 2254 1373 210 17 0.91 0.0 187.4 M 77
================================================================================
AV 72.7 44.3 6.0 FASTST M M 2 MAX(MPH)
MISC ----> 35 270 43 280
================================================================================
NOTES:
# LAST OF SEVERAL OCCURRENCES
COLUMN 17 PEAK WIND IN M.P.H.
PRELIMINARY LOCAL CLIMATOLOGICAL DATA (WS FORM: F-6) , PAGE 2
STATION: AVOCA PA
MONTH: MAY
YEAR: 2023
LATITUDE: 41 19 N
LONGITUDE: 75 44 W
[TEMPERATURE DATA] [PRECIPITATION DATA] SYMBOLS USED IN COLUMN 16
AVERAGE MONTHLY: 58.5 TOTAL FOR MONTH: 0.91 1 = FOG OR MIST
DPTR FM NORMAL: -2.4 DPTR FM NORMAL: -2.35 2 = FOG REDUCING VISIBILITY
HIGHEST: 88 ON 31 GRTST 24HR 1.76 ON 30- 1 TO 1/4 MILE OR LESS
LOWEST: 30 ON 18 3 = THUNDER
SNOW, ICE PELLETS, HAIL 4 = ICE PELLETS
TOTAL MONTH: 0.0 INCH 5 = HAIL
GRTST 24HR 0.0 6 = FREEZING RAIN OR DRIZZLE
GRTST DEPTH: M ON M 7 = DUSTSTORM OR SANDSTORM:
VSBY 1/2 MILE OR LESS
8 = SMOKE OR HAZE
[NO. OF DAYS WITH] [WEATHER - DAYS WITH] 9 = BLOWING SNOW
X = TORNADO
MAX 32 OR BELOW: 0 0.01 INCH OR MORE: 6
MAX 90 OR ABOVE: 0 0.10 INCH OR MORE: 5
MIN 32 OR BELOW: 1 0.50 INCH OR MORE: 0
MIN 0 OR BELOW: 0 1.00 INCH OR MORE: 0
[HDD (BASE 65) ]
TOTAL THIS MO. 210 CLEAR (SCALE 0-3) 20
DPTR FM NORMAL 33 PTCLDY (SCALE 4-7) 8
TOTAL FM JUL 1 4807 CLOUDY (SCALE 8-10) 3
DPTR FM NORMAL -901
[CDD (BASE 65) ]
TOTAL THIS MO. 17
DPTR FM NORMAL -33 [PRESSURE DATA]
TOTAL FM JAN 1 47 HIGHEST SLP 30.36 ON 27
DPTR FM NORMAL -11 LOWEST SLP 29.14 ON 1
[REMARKS]
#FINAL-05-23#
3RD LOWEST PRECIPITATION FOR MAY (RECORD 0.77" IN 1959)
TAC