000
CXUS51 KBGM 031632 CCA
CF6AVP
PRELIMINARY LOCAL CLIMATOLOGICAL DATA (WS FORM: F-6)
STATION: AVOCA PA
MONTH: MARCH
YEAR: 2023
LATITUDE: 41 19 N
LONGITUDE: 75 44 W
TEMPERATURE IN F: :PCPN: SNOW: WIND :SUNSHINE: SKY :PK WND
================================================================================
1 2 3 4 5 6A 6B 7 8 9 10 11 12 13 14 15 16 17 18
12Z AVG MX 2MIN
DY MAX MIN AVG DEP HDD CDD WTR SNW DPTH SPD SPD DIR MIN PSBL S-S WX SPD DR
================================================================================
1 50 29 40 6 25 0 0.00 0.0 M 4.7 16 200 M M 3 25 190
2 54 35 45 11 20 0 0.04 0.0 M 7.5 23 330 M M 6 18 27 330
3 45 29 37 3 28 0 0.57 T M 6.5 15 30 M M 5 168 23 50
4 41 34 38 4 27 0 0.45 0.0 M 9.0 21 340 M M 10 1 33 330
5 47 30 39 4 26 0 T T M 7.3 18 300 M M 10 24 300
6 46 31 39 4 26 0 0.01 T M 6.7 16 350 M M 6 18 20 340
7 41 29 35 0 30 0 0.13 2.0 M 14.8 29 360 M M 8 1 41 320
8 39 29 34 -2 31 0 T 0.0 M 11.6 23 340 M M 10 29 340
9 41 29 35 -1 30 0 0.00 0.0 M 9.9 18 340 M M 10 25 320
10 43 28 36 0 29 0 0.12 0.5 M 3.5 9 150 M M 6 18 15 170
11 35 30 33 -3 32 0 0.08 0.3 M 7.3 17 330 M M 10 18 22 330
12 42 20 31 -6 34 0 T T M 3.5 13 40 M M 4 15 130
13 42 34 38 1 27 0 0.18 T M 3.0 14 340 M M 10 1 19 350
14 34 29 32 -5 33 0 0.15 3.2 M 12.5 24 320 M M 10 12 37 340
15 42 28 35 -3 30 0 T T M 14.4 26 320 M M 5 37 340
16 57 26 42 4 23 0 0.00 0.0 M 5.5 15 250 M M 0 21 240
17 55 39 47 9 18 0 0.17 0.0 M 4.8 20 330 M M 9 1 27 330
18 47 31 39 0 26 0 0.00 0.0 M 11.9 25 250 M M 8 33 240
19 36 22 29 -10 36 0 T T M 12.7 23 280 M M 4 35 300
20 50 24 37 -2 28 0 0.00 0.0 M 7.7 17 230 M M 0 23 230
21 60 28 44 4 21 0 0.00 0.0 M 6.5 17 230 M M 1 26 220
22 63 40 52 12 13 0 0.00 0.0 M 5.7 17 240 M M 4 8 26 240
23 58 48 53 13 12 0 0.17 0.0 M 6.0 25 340 M M 9 18 32 340
24 51 37 44 3 21 0 0.00 0.0 M 6.8 15 20 M M 3 19 350
25 44 35 40 -1 25 0 0.06 0.0 M 5.7 14 110 M M 8 8 25 110
26 60 39 50 8 15 0 0.00 0.0 M 10.5 21 250 M M 3 33 320
27 63 34 49 7 16 0 0.04 0.0 M 5.2 15 300 M M 5 1 22 290
28 50 34 42 0 23 0 T 0.0 M 6.9 16 350 M M 8 21 10
29 54 28 41 -2 24 0 0.01 T M 8.0 33 340 M M 3 1 48 340
30 43 24 34 -9 31 0 0.00 0.0 M 8.2 24 350 M M 1 30 350
31 50 27 39 -5 26 0 0.07 0.0 M 3.0 15 210 M M 8 22 200
================================================================================
SM 1483 960 786 0 2.25 6.0 237.3 M 187
================================================================================
AV 47.8 31.0 7.7 FASTST M M 6 MAX(MPH)
MISC ----> 33 340 48 340
================================================================================
NOTES:
# LAST OF SEVERAL OCCURRENCES
COLUMN 17 PEAK WIND IN M.P.H.
PRELIMINARY LOCAL CLIMATOLOGICAL DATA (WS FORM: F-6) , PAGE 2
STATION: AVOCA PA
MONTH: MARCH
YEAR: 2023
LATITUDE: 41 19 N
LONGITUDE: 75 44 W
[TEMPERATURE DATA] [PRECIPITATION DATA] SYMBOLS USED IN COLUMN 16
AVERAGE MONTHLY: 39.4 TOTAL FOR MONTH: 2.25 1 = FOG OR MIST
DPTR FM NORMAL: 1.1 DPTR FM NORMAL: -0.52 2 = FOG REDUCING VISIBILITY
HIGHEST: 63 ON 27,22 GRTST 24HR 1.02 ON 3- 4 TO 1/4 MILE OR LESS
LOWEST: 20 ON 12 3 = THUNDER
SNOW, ICE PELLETS, HAIL 4 = ICE PELLETS
TOTAL MONTH: 6.7 INCHES 5 = HAIL
GRTST 24HR 3.2 ON 14-14 6 = FREEZING RAIN OR DRIZZLE
GRTST DEPTH: M ON M 7 = DUSTSTORM OR SANDSTORM:
VSBY 1/2 MILE OR LESS
8 = SMOKE OR HAZE
[NO. OF DAYS WITH] [WEATHER - DAYS WITH] 9 = BLOWING SNOW
X = TORNADO
MAX 32 OR BELOW: 0 0.01 INCH OR MORE: 15
MAX 90 OR ABOVE: 0 0.10 INCH OR MORE: 8
MIN 32 OR BELOW: 20 0.50 INCH OR MORE: 1
MIN 0 OR BELOW: 0 1.00 INCH OR MORE: 0
[HDD (BASE 65) ]
TOTAL THIS MO. 786 CLEAR (SCALE 0-3) 8
DPTR FM NORMAL -44 PTCLDY (SCALE 4-7) 12
TOTAL FM JUL 1 4276 CLOUDY (SCALE 8-10) 11
DPTR FM NORMAL -804
[CDD (BASE 65) ]
TOTAL THIS MO. 0
DPTR FM NORMAL 0 [PRESSURE DATA]
TOTAL FM JAN 1 0 HIGHEST SLP 30.36 ON 21
DPTR FM NORMAL 0 LOWEST SLP 29.26 ON 4
[REMARKS]
#FINAL-03-23#
CORRECTED AVERAGE WIND SPEED FOR DAY 26, THE ENTIRE MONTH, AND
MONTHLY TOTAL