000
CXUS51 KBGM 010910
CF6AVP
PRELIMINARY LOCAL CLIMATOLOGICAL DATA (WS FORM: F-6)
STATION: AVOCA PA
MONTH: DECEMBER
YEAR: 2022
LATITUDE: 41 19 N
LONGITUDE: 75 44 W
TEMPERATURE IN F: :PCPN: SNOW: WIND :SUNSHINE: SKY :PK WND
================================================================================
1 2 3 4 5 6A 6B 7 8 9 10 11 12 13 14 15 16 17 18
12Z AVG MX 2MIN
DY MAX MIN AVG DEP HDD CDD WTR SNW DPTH SPD SPD DIR MIN PSBL S-S WX SPD DR
================================================================================
1 40 25 33 -5 32 0 0.00 0.0 M 11.8 23 270 M M 6 30 250
2 44 22 33 -4 32 0 0.00 0.0 M 4.8 15 210 M M 4 21 210
3 56 39 48 11 17 0 0.16 0.0 M 10.5 23 330 M M 9 1 30 310
4 41 26 34 -3 31 0 0.00 0.0 M 5.6 17 300 M M 4 24 290
5 46 23 35 -1 30 0 0.00 0.0 M 2.4 12 210 M M 0 18 200
6 55 34 45 9 20 0 0.69 0.0 M 3.7 13 170 M M 8 12 24 190
7 56 50 53 17 12 0 0.07 0.0 M 3.9 16 330 M M 10 1 21 350
8 50 36 43 8 22 0 T 0.0 M 9.0 18 330 M M 9 1 23 340
9 42 26 34 -1 31 0 0.00 0.0 M 4.0 10 10 M M 2 14 340
10 46 21 34 -1 31 0 0.00 0.0 M 3.3 7 90 M M 0 10 100
11 36 33 35 1 30 0 0.23 1.3 M 2.3 10 110 M M 10 12 14 130
12 35 25 30 -4 35 0 T T M 8.7 17 10 M M 10 1 22 20
13 34 15 25 -9 40 0 0.00 0.0 M 3.2 12 350 M M 1 15 350
14 33 22 28 -6 37 0 0.00 0.0 M 6.1 16 330 M M 2 21 10
15 38 24 31 -2 34 0 0.72 2.0 M 6.2 20 50 M M 6 1 30 40
16 38 33 36 3 29 0 0.72 2.0 M 4.5 18 60 M M 10 12 27 50
17 37 30 34 1 31 0 T T M 7.7 16 240 M M 10 1 22 240
18 34 27 31 -2 34 0 T T M 8.4 15 250 M M 9 8 20 240
19 31 26 29 -3 36 0 T T M 8.5 14 240 M M 10 19 270
20 32 21 27 -5 38 0 0.00 0.0 M 5.9 16 330 M M 8 19 330
21 39 17 28 -4 37 0 0.00 0.0 M 3.1 7 100 M M M 10 80
22 43 26 35 3 30 0 0.57 1.5 M 6.1 16 90 M M 6 1 26 90
23 54 1 28 -3 37 0 0.49 0.2 M 17.5 33 250 M M 10 189 42 250
24 10 1 6 -25 59 0 T T M 17.3 26 240 M M 8 8 35 240
25 24 10 17 -14 48 0 0.00 0.0 M 13.8 25 250 M M 2 31 240
26 24 13 19 -12 46 0 0.00 0.0 M 8.9 15 240 M M 5 20 240
27 29 22 26 -4 39 0 T T M 6.5 14 230 M M 10 18 230
28 46 26 36 6 29 0 0.00 0.0 M 3.6 20 250 M M 2 26 240
29 53 25 39 9 26 0 0.00 0.0 M 3.8 13 230 M M 1 17 230
30 58 37 48 18 17 0 0.00 0.0 M 2.6 8 360 M M 7 10 190
31 56 45 51 21 14 0 0.03 0.0 M 2.3 9 230 M M 8 12 13 230
================================================================================
SM 1260 781 984 0 3.68 7.0 206.0 M 187
================================================================================
AV 40.6 25.2 6.6 FASTST M M 6 MAX(MPH)
MISC ----> 33 250 42 250
================================================================================
NOTES:
# LAST OF SEVERAL OCCURRENCES
COLUMN 17 PEAK WIND IN M.P.H.
PRELIMINARY LOCAL CLIMATOLOGICAL DATA (WS FORM: F-6) , PAGE 2
STATION: AVOCA PA
MONTH: DECEMBER
YEAR: 2022
LATITUDE: 41 19 N
LONGITUDE: 75 44 W
[TEMPERATURE DATA] [PRECIPITATION DATA] SYMBOLS USED IN COLUMN 16
AVERAGE MONTHLY: 32.9 TOTAL FOR MONTH: 3.68 1 = FOG OR MIST
DPTR FM NORMAL: -0.4 DPTR FM NORMAL: 0.88 2 = FOG REDUCING VISIBILITY
HIGHEST: 58 ON 30 GRTST 24HR 1.20 ON 15-16 TO 1/4 MILE OR LESS
LOWEST: 1 ON 24,23 3 = THUNDER
SNOW, ICE PELLETS, HAIL 4 = ICE PELLETS
TOTAL MONTH: 7.0 INCHES 5 = HAIL
GRTST 24HR 2.0 ON 15-15 6 = FREEZING RAIN OR DRIZZLE
GRTST DEPTH: M ON M 7 = DUSTSTORM OR SANDSTORM:
VSBY 1/2 MILE OR LESS
8 = SMOKE OR HAZE
[NO. OF DAYS WITH] [WEATHER - DAYS WITH] 9 = BLOWING SNOW
X = TORNADO
MAX 32 OR BELOW: 6 0.01 INCH OR MORE: 9
MAX 90 OR ABOVE: 0 0.10 INCH OR MORE: 7
MIN 32 OR BELOW: 23 0.50 INCH OR MORE: 4
MIN 0 OR BELOW: 0 1.00 INCH OR MORE: 0
[HDD (BASE 65) ]
TOTAL THIS MO. 984 CLEAR (SCALE 0-3) 8
DPTR FM NORMAL 1 PTCLDY (SCALE 4-7) 9
TOTAL FM JUL 1 1918 CLOUDY (SCALE 8-10) 14
DPTR FM NORMAL -214
[CDD (BASE 65) ]
TOTAL THIS MO. 0
DPTR FM NORMAL 0 [PRESSURE DATA]
TOTAL FM JAN 1 969 HIGHEST SLP 30.53 ON 2
DPTR FM NORMAL 179 LOWEST SLP 29.03 ON 23
[REMARKS]
#FINAL-12-22#