000
CXUS51 KBGM 011935 AAA
CF6AVP
PRELIMINARY LOCAL CLIMATOLOGICAL DATA (WS FORM: F-6)
STATION: AVOCA PA
MONTH: AUGUST
YEAR: 2021
LATITUDE: 41 19 N
LONGITUDE: 75 44 W
TEMPERATURE IN F: :PCPN: SNOW: WIND :SUNSHINE: SKY :PK WND
================================================================================
1 2 3 4 5 6A 6B 7 8 9 10 11 12 13 14 15 16 17 18
12Z AVG MX 2MIN
DY MAX MIN AVG DEP HDD CDD WTR SNW DPTH SPD SPD DIR MIN PSBL S-S WX SPD DR
================================================================================
1 76 57 67 -6 0 2 0.32 0.0 M 4.5 15 360 M M 4 138 23 180
2 78 57 68 -5 0 3 0.00 0.0 M 7.7 16 320 M M 5 23 340
3 78 52 65 -8 0 0 0.00 0.0 M 3.3 9 110 M M 2 11 190
4 79 57 68 -5 0 3 0.00 0.0 M 4.2 10 60 M M 1 13 70
5 83 55 69 -4 0 4 0.00 0.0 M 4.7 14 300 M M 0 18 300
6 89 60 75 2 0 10 0.00 0.0 M 4.2 16 270 M M 0 20 250
7 85 70 78 5 0 13 T 0.0 M 3.5 13 220 M M 3 18 240
8 89 65 77 4 0 12 0.00 0.0 M 3.2 9 320 M M 0 13 120
9 90 64 77 4 0 12 0.30 0.0 M 4.3 9 270 M M 4 13 17 270
10 85 71 78 5 0 13 0.04 0.0 M 3.9 12 210 M M 6 18 17 200
11 91 70 81 9 0 16 T 0.0 M 5.8 18 250 M M 5 13 25 230
12 93 70 82 10 0 17 0.60 0.0 M 6.7 41 270 M M 3 1238 56 270
13 92 67 80 8 0 15 T 0.0 M 4.0 14 260 M M 1 12 17 220
14 80 60 70 -2 0 5 0.00 0.0 M 4.9 15 340 M M 5 20 330
15 79 57 68 -4 0 3 0.00 0.0 M 4.8 12 360 M M 0 14 360
16 82 65 74 2 0 9 T 0.0 M 4.9 9 230 M M 9 14 120
17 81 70 76 4 0 11 0.12 0.0 M 2.5 10 210 M M 7 1 17 190
18 84 72 78 6 0 13 0.74 0.0 M 3.7 14 110 M M 8 1 26 110
19 82 71 77 5 0 12 0.03 0.0 M 7.4 18 290 M M 8 1 27 330
20 80 69 75 4 0 10 0.10 0.0 M 1.5 10 290 M M 5 1 13 60
21 84 68 76 5 0 11 T 0.0 M 1.7 8 120 M M 6 1 12 110
22 75 70 73 2 0 8 2.56 0.0 M 4.9 15 50 M M 8 13 23 360
23 87 70 79 8 0 14 1.02 0.0 M 5.3 16 310 M M 7 1 19 300
24 88 69 79 8 0 14 0.00 0.0 M 5.3 12 320 M M 2 15 320
25 91 66 79 8 0 14 0.00 0.0 M 4.4 12 260 M M 0 1 14 230
26 92 69 81 11 0 16 T 0.0 M 3.7 12 320 M M 0 15 330
27 87 69 78 8 0 13 T 0.0 M 2.0 10 40 M M 3 3 15 150
28 75 69 72 2 0 7 0.30 0.0 M 4.3 10 130 M M 8 1 16 120
29 80 67 74 4 0 9 0.00 0.0 M 3.3 9 250 M M 10 14 220
30 84 69 77 7 0 12 0.00 0.0 M 7.2 17 240 M M 5 22 250
31 82 65 74 5 0 9 0.00 0.0 M 2.6 12 260 M M 1 13 260
================================================================================
SM 2601 2030 0 310 6.13 0.0 134.4 M 126
================================================================================
AV 83.9 65.5 4.3 FASTST M M 4 MAX(MPH)
MISC ----> 41 270 56 270
================================================================================
NOTES:
# LAST OF SEVERAL OCCURRENCES
COLUMN 17 PEAK WIND IN M.P.H.
PRELIMINARY LOCAL CLIMATOLOGICAL DATA (WS FORM: F-6) , PAGE 2
STATION: AVOCA PA
MONTH: AUGUST
YEAR: 2021
LATITUDE: 41 19 N
LONGITUDE: 75 44 W
[TEMPERATURE DATA] [PRECIPITATION DATA] SYMBOLS USED IN COLUMN 16
AVERAGE MONTHLY: 74.7 TOTAL FOR MONTH: 6.13 1 = FOG OR MIST
DPTR FM NORMAL: 2.9 DPTR FM NORMAL: 2.28 2 = FOG REDUCING VISIBILITY
HIGHEST: 93 ON 12 GRTST 24HR 3.53 ON 22-23 TO 1/4 MILE OR LESS
LOWEST: 52 ON 3 3 = THUNDER
SNOW, ICE PELLETS, HAIL 4 = ICE PELLETS
TOTAL MONTH: 0.0 INCH 5 = HAIL
GRTST 24HR 0.0 6 = FREEZING RAIN OR DRIZZLE
GRTST DEPTH: M ON M 7 = DUSTSTORM OR SANDSTORM:
VSBY 1/2 MILE OR LESS
8 = SMOKE OR HAZE
[NO. OF DAYS WITH] [WEATHER - DAYS WITH] 9 = BLOWING SNOW
X = TORNADO
MAX 32 OR BELOW: 0 0.01 INCH OR MORE: 11
MAX 90 OR ABOVE: 6 0.10 INCH OR MORE: 9
MIN 32 OR BELOW: 0 0.50 INCH OR MORE: 4
MIN 0 OR BELOW: 0 1.00 INCH OR MORE: 2
[HDD (BASE 65) ]
TOTAL THIS MO. 0 CLEAR (SCALE 0-3) 12
DPTR FM NORMAL -8 PTCLDY (SCALE 4-7) 15
TOTAL FM JUL 1 3 CLOUDY (SCALE 8-10) 4
DPTR FM NORMAL -3
[CDD (BASE 65) ]
TOTAL THIS MO. 310
DPTR FM NORMAL 93 [PRESSURE DATA]
TOTAL FM JAN 1 838 HIGHEST SLP 30.26 ON 28
DPTR FM NORMAL 139 LOWEST SLP 29.74 ON 23
[REMARKS]
#FINAL-08-21#
3RD WARMEST AUGUST
12TH WETTEST AUGUST
TAC