026
CXUS51 KBGM 030227 CCA
CF6AVP
PRELIMINARY LOCAL CLIMATOLOGICAL DATA (WS FORM: F-6)
STATION: AVOCA PA
MONTH: MARCH
YEAR: 2021
LATITUDE: 41 19 N
LONGITUDE: 75 44 W
TEMPERATURE IN F: :PCPN: SNOW: WIND :SUNSHINE: SKY :PK WND
================================================================================
1 2 3 4 5 6A 6B 7 8 9 10 11 12 13 14 15 16 17 18
12Z AVG MX 2MIN
DY MAX MIN AVG DEP HDD CDD WTR SNW DPTH SPD SPD DIR MIN PSBL S-S WX SPD DR
================================================================================
1 44 24 34 2 31 0 0.25 T M 11.5 33 300 M M 9 12 51 280
2 32 18 25 -7 40 0 T T M 11.0 30 300 M M 3 43 330
3 50 24 37 5 28 0 0.00 0.0 M 5.3 16 250 M M 3 20 240
4 39 22 31 -2 34 0 T T M 12.4 25 320 M M 8 35 310
5 35 18 27 -6 38 0 T 0.0 M 13.9 23 310 M M 2 33 340
6 30 25 28 -5 37 0 T T M 10.4 20 340 M M 10 26 330
7 37 22 30 -4 35 0 0.00 0.0 M 7.3 16 350 M M 3 21 320
8 44 14 29 -5 36 0 0.00 0.0 M 3.6 17 340 M M 2 22 340
9 60 38 49 15 16 0 T 0.0 M 6.7 17 350 M M 3 23 340
10 64 30 47 12 18 0 0.00 0.0 M 4.2 15 230 M M 0 23 210
11 74 46 60 25 5 0 T 0.0 M 6.9 22 240 M M 3 29 240
12 63 42 53 18 12 0 0.00 0.0 M 11.2 28 310 M M 4 36 290
13 48 25 37 1 28 0 0.00 0.0 M 10.0 25 330 M M 0 34 320
14 50 26 38 2 27 0 T T M 16.8 33 350 M M 4 42 350
15 37 19 28 -8 37 0 0.00 0.0 M 12.8 32 330 M M 0 39 330
16 37 25 31 -6 34 0 T T M 3.6 10 110 M M 7 17 160
17 51 34 43 6 22 0 0.00 0.0 M 3.5 12 190 M M 8 18 18 180
18 44 37 41 4 24 0 1.16 0.0 M 7.9 23 20 M M 10 18 33 10
19 42 26 34 -4 31 0 0.00 0.0 M 14.0 23 350 M M 1 31 20
20 57 21 39 1 26 0 0.00 0.0 M 3.5 10 270 M M 0 14 350
21 67 27 47 9 18 0 0.00 0.0 M 3.9 9 150 M M 0 14 150
22 68 34 51 12 14 0 0.00 0.0 M 4.2 10 240 M M 0 14 150
23 69 35 52 13 13 0 0.00 0.0 M 5.4 13 230 M M 0 19 170
24 57 48 53 13 12 0 0.41 0.0 M 4.2 12 120 M M 9 1 17 130
25 71 53 62 22 3 0 0.04 0.0 M 4.7 15 250 M M 7 1 23 250
26 75 50 63 23 2 0 0.01 0.0 M 15.2 36 250 M M 9 47 270
27 67 47 57 16 8 0 0.00 0.0 M 4.5 15 260 M M 5 22 170
28 62 43 53 12 12 0 0.54 0.0 M 8.8 28 270 M M 8 1 36 280
29 51 34 43 1 22 0 T 0.0 M 13.6 33 300 M M 5 47 300
30 66 31 49 7 16 0 0.00 0.0 M 8.3 18 200 M M 0 29 200
31 62 44 53 11 12 0 0.52 0.0 M 6.8 20 10 M M 6 12 26 190
================================================================================
SM 1653 982 691 0 2.93 T 256.1 M 129
================================================================================
AV 53.3 31.7 8.3 FASTST M M 4 MAX(MPH)
MISC ----> 36 250 51 280
================================================================================
NOTES:
# LAST OF SEVERAL OCCURRENCES
COLUMN 17 PEAK WIND IN M.P.H.
PRELIMINARY LOCAL CLIMATOLOGICAL DATA (WS FORM: F-6) , PAGE 2
STATION: AVOCA PA
MONTH: MARCH
YEAR: 2021
LATITUDE: 41 19 N
LONGITUDE: 75 44 W
[TEMPERATURE DATA] [PRECIPITATION DATA] SYMBOLS USED IN COLUMN 16
AVERAGE MONTHLY: 42.5 TOTAL FOR MONTH: 2.93 1 = FOG OR MIST
DPTR FM NORMAL: 5.6 DPTR FM NORMAL: 0.38 2 = FOG REDUCING VISIBILITY
HIGHEST: 75 ON 26 GRTST 24HR 1.16 ON 18-18 TO 1/4 MILE OR LESS
LOWEST: 14 ON 8 3 = THUNDER
SNOW, ICE PELLETS, HAIL 4 = ICE PELLETS
TOTAL MONTH: T 5 = HAIL
GRTST 24HR T ON 1- 1 6 = FREEZING RAIN OR DRIZZLE
GRTST DEPTH: M ON M 7 = DUSTSTORM OR SANDSTORM:
VSBY 1/2 MILE OR LESS
8 = SMOKE OR HAZE
[NO. OF DAYS WITH] [WEATHER - DAYS WITH] 9 = BLOWING SNOW
X = TORNADO
MAX 32 OR BELOW: 2 0.01 INCH OR MORE: 7
MAX 90 OR ABOVE: 0 0.10 INCH OR MORE: 5
MIN 32 OR BELOW: 17 0.50 INCH OR MORE: 3
MIN 0 OR BELOW: 0 1.00 INCH OR MORE: 1
[HDD (BASE 65) ]
TOTAL THIS MO. 691 CLEAR (SCALE 0-3) 16
DPTR FM NORMAL -180 PTCLDY (SCALE 4-7) 10
TOTAL FM JUL 1 4639 CLOUDY (SCALE 8-10) 5
DPTR FM NORMAL -839
[CDD (BASE 65) ]
TOTAL THIS MO. 0
DPTR FM NORMAL 0 [PRESSURE DATA]
TOTAL FM JAN 1 0 HIGHEST SLP 30.62 ON 20
DPTR FM NORMAL 0 LOWEST SLP 29.41 ON 28
[REMARKS]
#FINAL-03-21#
12TH WARMEST MARCH
TIED FOR LOWEST MARCH SNOWFALL TOTAL