000
CXUS51 KBGM 070204 CCA
CF6AVP
PRELIMINARY LOCAL CLIMATOLOGICAL DATA (WS FORM: F-6)
STATION: AVOCA PA
MONTH: OCTOBER
YEAR: 2020
LATITUDE: 41 19 N
LONGITUDE: 75 44 W
TEMPERATURE IN F: :PCPN: SNOW: WIND :SUNSHINE: SKY :PK WND
================================================================================
1 2 3 4 5 6A 6B 7 8 9 10 11 12 13 14 15 16 17 18
12Z AVG MX 2MIN
DY MAX MIN AVG DEP HDD CDD WTR SNW DPTH SPD SPD DIR MIN PSBL S-S WX SPD DR
================================================================================
1 69 50 60 4 5 0 0.00 0.0 M 7.0 16 270 M M 2 23 220
2 65 44 55 -1 10 0 0.03 0.0 M 6.4 18 240 M M 6 1 26 230
3 63 42 53 -2 12 0 0.00 0.0 M 4.2 13 290 M M 3 18 300
4 63 41 52 -3 13 0 0.00 0.0 M 3.7 8 100 M M 4 11 100
5 64 49 57 2 8 0 0.00 0.0 M 4.0 9 330 M M 8 12 290
6 68 43 56 2 9 0 0.00 0.0 M 6.5 16 260 M M 3 18 23 260
7 72 55 64 10 1 0 T 0.0 M 10.7 23 250 M M 4 31 270
8 63 45 54 1 11 0 0.00 0.0 M 8.8 23 330 M M 4 29 320
9 70 42 56 3 9 0 0.00 0.0 M 5.0 17 230 M M 3 23 250
10 76 51 64 11 1 0 0.00 0.0 M 7.2 20 220 M M 0 26 240
11 67 54 61 9 4 0 0.02 0.0 M 5.5 13 110 M M 8 23 100
12 53 49 51 -1 14 0 0.50 0.0 M 8.8 17 70 M M 10 18 25 70
13 62 45 54 2 11 0 0.03 0.0 M 4.8 15 50 M M 8 18 21 90
14 68 39 54 3 11 0 0.00 0.0 M 3.8 14 260 M M 1 12 20 270
15 75 53 64 13 1 0 T 0.0 M 7.9 17 190 M M 1 30 170
16 60 43 52 1 13 0 0.14 0.0 M 4.4 12 320 M M 6 1 15 320
17 58 38 48 -2 17 0 0.00 0.0 M 2.6 9 100 M M 3 1 14 250
18 63 34 49 -1 16 0 0.00 0.0 M 4.4 14 210 M M 1 23 180
19 64 52 58 8 7 0 T 0.0 M 5.0 12 250 M M 8 19 250
20 70 56 63 13 2 0 T 0.0 M 4.2 10 190 M M 6 17 190
21 75 54 65 16 0 0 0.00 0.0 M 3.9 14 220 M M 5 1 19 190
22 83 60 72 23 0 7 0.00 0.0 M 3.5 13 190 M M 5 18 18 190
23 75 57 66 17 0 1 0.00 0.0 M 5.5 14 210 M M 4 1 23 210
24 65 43 54 6 11 0 0.01 0.0 M 8.7 21 350 M M 8 1 27 320
25 55 37 46 -2 19 0 0.05 0.0 M 4.1 14 40 M M 4 1 18 30
26 60 44 52 4 13 0 0.14 0.0 M 4.3 10 10 M M 10 1 13 100
27 55 47 51 4 14 0 T 0.0 M 4.2 15 350 M M 10 19 10
28 57 47 52 5 13 0 0.29 0.0 M 4.0 14 230 M M 8 1 18 230
29 50 45 48 1 17 0 1.71 0.0 M 5.6 15 40 M M 9 1 18 40
30 45 31 38 -9 27 0 0.46 0.2 M 6.4 17 330 M M 8 1 23 320
31 48 28 38 -8 27 0 0.00 0.0 M 4.0 13 170 M M 4 21 180
================================================================================
SM 1981 1418 316 8 3.38 0.2 169.1 M 164
================================================================================
AV 63.9 45.7 5.5 FASTST M M 5 MAX(MPH)
MISC ----> # 23 250 # 31 270
================================================================================
NOTES:
# LAST OF SEVERAL OCCURRENCES
COLUMN 17 PEAK WIND IN M.P.H.
PRELIMINARY LOCAL CLIMATOLOGICAL DATA (WS FORM: F-6) , PAGE 2
STATION: AVOCA PA
MONTH: OCTOBER
YEAR: 2020
LATITUDE: 41 19 N
LONGITUDE: 75 44 W
[TEMPERATURE DATA] [PRECIPITATION DATA] SYMBOLS USED IN COLUMN 16
AVERAGE MONTHLY: 54.8 TOTAL FOR MONTH: 3.38 1 = FOG OR MIST
DPTR FM NORMAL: 3.9 DPTR FM NORMAL: 0.04 2 = FOG REDUCING VISIBILITY
HIGHEST: 83 ON 22 GRTST 24HR 1.99 ON 29-30 TO 1/4 MILE OR LESS
LOWEST: 28 ON 31 3 = THUNDER
SNOW, ICE PELLETS, HAIL 4 = ICE PELLETS
TOTAL MONTH: 0.2 INCH 5 = HAIL
GRTST 24HR 0.2 ON 30-30 6 = FREEZING RAIN OR DRIZZLE
GRTST DEPTH: M ON M 7 = DUSTSTORM OR SANDSTORM:
VSBY 1/2 MILE OR LESS
8 = SMOKE OR HAZE
[NO. OF DAYS WITH] [WEATHER - DAYS WITH] 9 = BLOWING SNOW
X = TORNADO
MAX 32 OR BELOW: 0 0.01 INCH OR MORE: 11
MAX 90 OR ABOVE: 0 0.10 INCH OR MORE: 6
MIN 32 OR BELOW: 2 0.50 INCH OR MORE: 2
MIN 0 OR BELOW: 0 1.00 INCH OR MORE: 1
[HDD (BASE 65) ]
TOTAL THIS MO. 316 CLEAR (SCALE 0-3) 8
DPTR FM NORMAL -125 PTCLDY (SCALE 4-7) 17
TOTAL FM JUL 1 410 CLOUDY (SCALE 8-10) 6
DPTR FM NORMAL -193
[CDD (BASE 65) ]
TOTAL THIS MO. 8
DPTR FM NORMAL 4 [PRESSURE DATA]
TOTAL FM JAN 1 1057 HIGHEST SLP 30.53 ON 31
DPTR FM NORMAL 477 LOWEST SLP 29.56 ON 29
[REMARKS]
#FINAL-10-20#
CORRECTED GREATEST 24 HOUR PRECIPITATION