000
CXUS51 KBGM 010810
CF6AVP
PRELIMINARY LOCAL CLIMATOLOGICAL DATA (WS FORM: F-6)
STATION: AVOCA PA
MONTH: SEPTEMBER
YEAR: 2023
LATITUDE: 41 19 N
LONGITUDE: 75 44 W
TEMPERATURE IN F: :PCPN: SNOW: WIND :SUNSHINE: SKY :PK WND
================================================================================
1 2 3 4 5 6A 6B 7 8 9 10 11 12 13 14 15 16 17 18
12Z AVG MX 2MIN
DY MAX MIN AVG DEP HDD CDD WTR SNW DPTH SPD SPD DIR MIN PSBL S-S WX SPD DR
================================================================================
1 76 49 63 -6 2 0 0.00 0.0 M 3.5 8 20 M M 0 12 350
2 80 52 66 -3 0 1 T 0.0 M 5.1 15 260 M M 0 21 240
3 86 59 73 4 0 8 0.00 0.0 M 3.6 13 270 M M 1 1 18 230
4 92 67 80 12 0 15 T 0.0 M 3.9 13 340 M M 1 1 20 360
5 89 67 78 10 0 13 0.00 0.0 M 3.7 12 320 M M 2 1 16 330
6 90 67 79 11 0 14 0.00 0.0 M 4.0 12 300 M M 2 128 17 270
7 89 67 78 10 0 13 0.63 0.0 M 2.8 20 320 M M 3 138 28 300
8 82 64 73 6 0 8 0.35 0.0 M 2.2 8 20 M M 4 1238 13 210
9 86 65 76 9 0 11 0.80 0.0 M 3.9 14 20 M M 5 13 20 330
10 79 65 72 5 0 7 0.01 0.0 M 1.8 8 210 M M 6 1 12 180
11 79 63 71 5 0 6 0.01 0.0 M 3.6 13 330 M M 8 1 20 310
12 80 60 70 4 0 5 0.00 0.0 M 3.1 12 260 M M 3 12 16 230
13 77 60 69 3 0 4 0.67 0.0 M 4.0 12 320 M M 8 1 17 320
14 70 52 61 -4 4 0 0.00 0.0 M 5.8 15 320 M M 2 23 360
15 72 46 59 -6 6 0 0.00 0.0 M 4.8 16 360 M M 0 26 330
16 74 46 60 -5 5 0 0.00 0.0 M 4.6 15 300 M M 0 22 320
17 66 48 57 -7 8 0 0.50 0.0 M 2.3 8 350 M M 5 1 16 120
18 72 54 63 -1 2 0 0.04 0.0 M 3.2 20 320 M M 8 1 28 330
19 71 51 61 -3 4 0 0.00 0.0 M 5.8 15 320 M M 4 18 21 330
20 73 48 61 -2 4 0 0.00 0.0 M 4.1 10 100 M M 1 15 220
21 71 44 58 -5 7 0 0.00 0.0 M 4.3 13 360 M M 0 1 19 330
22 71 50 61 -1 4 0 0.00 0.0 M 5.0 12 90 M M 1 19 110
23 58 54 56 -6 9 0 0.17 0.0 M 9.0 16 60 M M 7 1 24 70
24 62 57 60 -2 5 0 2.51 0.0 M 8.3 17 60 M M 10 1 30 60
25 63 56 60 -1 5 0 0.41 0.0 M 7.5 17 50 M M 10 18 33 60
26 62 49 56 -5 9 0 0.00 0.0 M 5.9 12 50 M M 8 19 50
27 69 44 57 -3 8 0 0.00 0.0 M 5.5 13 40 M M 2 20 60
28 66 46 56 -4 9 0 0.00 0.0 M 4.3 10 50 M M 7 1 16 40
29 71 56 64 4 1 0 0.01 0.0 M 5.9 15 50 M M 10 18 19 40
30 71 56 64 5 1 0 T 0.0 M 2.3 10 50 M M 8 14 40
================================================================================
SM 2247 1662 93 105 6.11 0.0 133.8 M 126
================================================================================
AV 74.9 55.4 4.5 FASTST M M 4 MAX(MPH)
MISC ----> # 20 320 33 60
================================================================================
NOTES:
# LAST OF SEVERAL OCCURRENCES
COLUMN 17 PEAK WIND IN M.P.H.
PRELIMINARY LOCAL CLIMATOLOGICAL DATA (WS FORM: F-6) , PAGE 2
STATION: AVOCA PA
MONTH: SEPTEMBER
YEAR: 2023
LATITUDE: 41 19 N
LONGITUDE: 75 44 W
[TEMPERATURE DATA] [PRECIPITATION DATA] SYMBOLS USED IN COLUMN 16
AVERAGE MONTHLY: 65.2 TOTAL FOR MONTH: 6.11 1 = FOG OR MIST
DPTR FM NORMAL: 0.6 DPTR FM NORMAL: 1.96 2 = FOG REDUCING VISIBILITY
HIGHEST: 92 ON 4 GRTST 24HR 2.90 ON 24-25 TO 1/4 MILE OR LESS
LOWEST: 44 ON 27,21 3 = THUNDER
SNOW, ICE PELLETS, HAIL 4 = ICE PELLETS
TOTAL MONTH: 0.0 INCH 5 = HAIL
GRTST 24HR 0.0 6 = FREEZING RAIN OR DRIZZLE
GRTST DEPTH: M ON M 7 = DUSTSTORM OR SANDSTORM:
VSBY 1/2 MILE OR LESS
8 = SMOKE OR HAZE
[NO. OF DAYS WITH] [WEATHER - DAYS WITH] 9 = BLOWING SNOW
X = TORNADO
MAX 32 OR BELOW: 0 0.01 INCH OR MORE: 12
MAX 90 OR ABOVE: 2 0.10 INCH OR MORE: 8
MIN 32 OR BELOW: 0 0.50 INCH OR MORE: 5
MIN 0 OR BELOW: 0 1.00 INCH OR MORE: 1
[HDD (BASE 65) ]
TOTAL THIS MO. 93 CLEAR (SCALE 0-3) 15
DPTR FM NORMAL -3 PTCLDY (SCALE 4-7) 10
TOTAL FM JUL 1 94 CLOUDY (SCALE 8-10) 5
DPTR FM NORMAL -12
[CDD (BASE 65) ]
TOTAL THIS MO. 105
DPTR FM NORMAL 23 [PRESSURE DATA]
TOTAL FM JAN 1 740 HIGHEST SLP 30.39 ON 22
DPTR FM NORMAL -41 LOWEST SLP 29.74 ON 7
[REMARKS]
#FINAL-09-23#