000
CXUS51 KBGM 010810
CF6AVP
PRELIMINARY LOCAL CLIMATOLOGICAL DATA (WS FORM: F-6)
STATION: AVOCA PA
MONTH: AUGUST
YEAR: 2023
LATITUDE: 41 19 N
LONGITUDE: 75 44 W
TEMPERATURE IN F: :PCPN: SNOW: WIND :SUNSHINE: SKY :PK WND
================================================================================
1 2 3 4 5 6A 6B 7 8 9 10 11 12 13 14 15 16 17 18
12Z AVG MX 2MIN
DY MAX MIN AVG DEP HDD CDD WTR SNW DPTH SPD SPD DIR MIN PSBL S-S WX SPD DR
================================================================================
1 78 56 67 -6 0 2 0.00 0.0 M 4.8 15 30 M M 3 19 50
2 79 50 65 -8 0 0 0.00 0.0 M 4.0 9 40 M M 0 13 40
3 79 58 69 -4 0 4 0.00 0.0 M 5.9 16 220 M M 2 22 210
4 78 66 72 -1 0 7 T 0.0 M 5.9 15 250 M M 8 20 220
5 82 63 73 0 0 8 0.00 0.0 M 4.7 12 40 M M 3 1 16 30
6 84 60 72 -1 0 7 0.19 0.0 M 4.0 12 230 M M 3 1 17 160
7 83 68 76 3 0 11 0.57 0.0 M 4.5 12 300 M M 8 13 22 170
8 72 66 69 -4 0 4 0.08 0.0 M 6.2 18 260 M M 10 1 23 270
9 83 60 72 -1 0 7 1.08 0.0 M 4.8 24 310 M M 2 123 31 310
10 74 61 68 -5 0 3 0.10 0.0 M 3.0 9 250 M M 5 1 13 260
11 80 63 72 0 0 7 0.00 0.0 M 6.0 12 330 M M 6 1 17 350
12 85 61 73 1 0 8 0.23 0.0 M 5.0 21 340 M M 4 13 29 340
13 83 64 74 2 0 9 0.00 0.0 M 4.9 13 330 M M 4 12 16 300
14 84 63 74 2 0 9 0.69 0.0 M 3.2 10 60 M M 4 1 13 30
15 79 66 73 1 0 8 0.38 0.0 M 2.9 10 60 M M 8 1 16 60
16 81 65 73 1 0 8 0.00 0.0 M 4.0 10 330 M M 6 12 14 280
17 81 63 72 0 0 7 0.00 0.0 M 5.0 12 220 M M 4 1 22 180
18 76 62 69 -3 0 4 0.60 0.0 M 9.3 23 260 M M 8 138 30 260
19 78 57 68 -4 0 3 0.00 0.0 M 7.2 17 320 M M 2 25 320
20 82 55 69 -2 0 4 0.00 0.0 M 4.2 13 230 M M 0 17 240
21 86 63 75 4 0 10 0.00 0.0 M 4.4 14 340 M M 4 8 19 330
22 79 58 69 -2 0 4 0.00 0.0 M 7.2 15 30 M M 2 26 340
23 77 56 67 -4 0 2 0.00 0.0 M 3.6 12 310 M M 5 17 250
24 70 62 66 -5 0 1 0.29 0.0 M 3.0 9 30 M M 10 18 19 170
25 79 66 73 2 0 8 1.35 0.0 M 4.1 12 240 M M 9 13 17 220
26 81 63 72 2 0 7 0.00 0.0 M 4.5 13 330 M M 5 1 18 340
27 78 59 69 -1 0 4 0.00 0.0 M 4.6 10 340 M M 4 16 360
28 76 61 69 -1 0 4 0.08 0.0 M 2.6 9 130 M M 6 1 20 150
29 78 63 71 1 0 6 T 0.0 M 2.3 9 240 M M 7 1 14 260
30 78 63 71 1 0 6 0.78 0.0 M 7.5 21 240 M M 7 13 27 250
31 74 53 64 -5 1 0 0.00 0.0 M 9.2 18 10 M M 2 31 10
================================================================================
SM 2457 1894 1 172 6.42 0.0 152.5 M 151
================================================================================
AV 79.3 61.1 4.9 FASTST M M 5 MAX(MPH)
MISC ----> 24 310 # 31 310
================================================================================
NOTES:
# LAST OF SEVERAL OCCURRENCES
COLUMN 17 PEAK WIND IN M.P.H.
PRELIMINARY LOCAL CLIMATOLOGICAL DATA (WS FORM: F-6) , PAGE 2
STATION: AVOCA PA
MONTH: AUGUST
YEAR: 2023
LATITUDE: 41 19 N
LONGITUDE: 75 44 W
[TEMPERATURE DATA] [PRECIPITATION DATA] SYMBOLS USED IN COLUMN 16
AVERAGE MONTHLY: 70.2 TOTAL FOR MONTH: 6.42 1 = FOG OR MIST
DPTR FM NORMAL: -1.6 DPTR FM NORMAL: 2.57 2 = FOG REDUCING VISIBILITY
HIGHEST: 86 ON 21 GRTST 24HR 1.63 ON 24-25 TO 1/4 MILE OR LESS
LOWEST: 50 ON 2 3 = THUNDER
SNOW, ICE PELLETS, HAIL 4 = ICE PELLETS
TOTAL MONTH: 0.0 INCH 5 = HAIL
GRTST 24HR 0.0 6 = FREEZING RAIN OR DRIZZLE
GRTST DEPTH: M ON M 7 = DUSTSTORM OR SANDSTORM:
VSBY 1/2 MILE OR LESS
8 = SMOKE OR HAZE
[NO. OF DAYS WITH] [WEATHER - DAYS WITH] 9 = BLOWING SNOW
X = TORNADO
MAX 32 OR BELOW: 0 0.01 INCH OR MORE: 13
MAX 90 OR ABOVE: 0 0.10 INCH OR MORE: 11
MIN 32 OR BELOW: 0 0.50 INCH OR MORE: 6
MIN 0 OR BELOW: 0 1.00 INCH OR MORE: 2
[HDD (BASE 65) ]
TOTAL THIS MO. 1 CLEAR (SCALE 0-3) 9
DPTR FM NORMAL -7 PTCLDY (SCALE 4-7) 17
TOTAL FM JUL 1 1 CLOUDY (SCALE 8-10) 5
DPTR FM NORMAL -5
[CDD (BASE 65) ]
TOTAL THIS MO. 172
DPTR FM NORMAL -45 [PRESSURE DATA]
TOTAL FM JAN 1 635 HIGHEST SLP 30.27 ON 2
DPTR FM NORMAL -64 LOWEST SLP 29.61 ON 10
[REMARKS]
#FINAL-08-23#