000
CXUS51 KBGM 060137
CF6AVP
PRELIMINARY LOCAL CLIMATOLOGICAL DATA (WS FORM: F-6)

                                          STATION:   AVOCA PA
                                          MONTH:     JULY
                                          YEAR:      2013
                                          LATITUDE:   41 19 N
                                          LONGITUDE:  75 44 W

  TEMPERATURE IN F:       :PCPN:    SNOW:  WIND      :SUNSHINE: SKY     :PK WND
================================================================================
1   2   3   4   5  6A  6B    7    8   9   10  11  12  13   14  15   16   17  18
                                     12Z  AVG MX 2MIN
DY MAX MIN AVG DEP HDD CDD  WTR  SNW DPTH SPD SPD DIR MIN PSBL S-S WX    SPD DR
================================================================================

 1  79  69  74   3   0   9 0.31  0.0    M  2.9  8 220   M    M   9 1      15 160
 2  81  70  76   5   0  11 0.07  0.0    M  4.7 13 180   M    M   6 1      23 180
 3  81  70  76   5   0  11    T  0.0    M  3.7 14 260   M    M   6        18 270
 4  88  69  79   8   0  14 0.00  0.0    M  6.0 16 240   M    M   4 1      22 210
 5  90  70  80   9   0  15 0.00  0.0    M  5.6 15 230   M    M   2 1      23 240
 6  89  71  80   9   0  15 0.00  0.0    M  4.4 15 220   M    M   2        23 200
 7  91  70  81  10   0  16 0.03  0.0    M  6.5 31 250   M    M   2        40 250
 8  85  68  77   6   0  12 0.00  0.0    M  5.3 16 240   M    M   5 1      21 270
 9  85  65  75   4   0  10 0.06  0.0    M  3.6 14 250   M    M   3 18     22 200
10  84  68  76   4   0  11 0.15  0.0    M  6.4 23 270   M    M   6 18     32 270
11  83  66  75   3   0  10    T  0.0    M  5.4 15 350   M    M   5 1      22 340
12  80  62  71  -1   0   6 0.08  0.0    M  4.6 13  40   M    M   3 1      15  20
13  83  66  75   3   0  10 0.01  0.0    M  4.6 12 100   M    M   6 1      16 100
14  89  69  79   7   0  14 0.00  0.0    M  4.3 15 260   M    M   5        21 270
15  92  68  80   8   0  15 0.00  0.0    M  3.6 13 290   M    M   2        17 300
16  93  67  80   8   0  15 0.00  0.0    M  5.0 16 330   M    M   1 18     21  10
17  94  68  81   9   0  16    T  0.0    M  3.3  9 250   M    M   0 18     13 260
18  96  73  85  13   0  20 0.00  0.0    M  3.6 14 260   M    M   2 18     20 240
19  94  71  83  11   0  18 0.00  0.0    M  7.5 21 260   M    M   1        26 260
20  91  72  82  10   0  17    T  0.0    M  8.3 18 280   M    M   4 8      25 270
21  89  66  78   6   0  13 0.00  0.0    M  2.1  9 280   M    M   2        14 180
22  84  71  78   6   0  13 0.47  0.0    M  3.4 13 350   M    M   6 1      20 180
23  83  70  77   5   0  12 0.01  0.0    M  4.5 15 330   M    M   6 18     20  20
24  76  58  67  -5   0   2 0.00  0.0    M  8.3 20 320   M    M   8        24 330
25  77  50  64  -8   1   0 0.00  0.0    M  3.2  9  30   M    M   5        16 100
26  82  54  68  -4   0   3 0.00  0.0    M  4.9 13 290   M    M   1        22 330
27  85  56  71  -1   0   6 0.50  0.0    M  5.8 14 190   M    M   4 1      22 200
28  77  66  72   1   0   7 0.05  0.0    M  3.4 15 210   M    M   7 18     21 200
29  79  58  69  -2   0   4 0.00  0.0    M  4.5 18 260   M    M   4 1      23 250
30  76  53  65  -6   0   0 0.00  0.0    M  4.6 12 310   M    M   4 8      23 350
31  81  56  69  -2   0   4 0.00  0.0    M  4.2 12 230   M    M   1        21  40
================================================================================
SM 2637 2030         1 329  1.74     0.0 148.2          M      122
================================================================================
AV 85.1 65.5                               4.8 FASTST   M    M   4    MAX(MPH)
                                 MISC ---->  # 31 250               # 40  250
================================================================================
NOTES:
# LAST OF SEVERAL OCCURRENCES

COLUMN 17 PEAK WIND IN M.P.H.

PRELIMINARY LOCAL CLIMATOLOGICAL DATA (WS FORM: F-6) , PAGE 2

                                          STATION:  AVOCA PA
                                          MONTH:    JULY
                                          YEAR:     2013
                                          LATITUDE:   41 19 N
                                          LONGITUDE:  75 44 W

[TEMPERATURE DATA]      [PRECIPITATION DATA]       SYMBOLS USED IN COLUMN 16

AVERAGE MONTHLY: 75.3   TOTAL FOR MONTH:   1.74    1 = FOG OR MIST
DPTR FM NORMAL:   3.9   DPTR FM NORMAL:   -2.05    2 = FOG REDUCING VISIBILITY
HIGHEST:    96 ON 18    GRTST 24HR  0.55 ON 27-28      TO 1/4 MILE OR LESS
LOWEST:     50 ON 25                               3 = THUNDER
                        SNOW, ICE PELLETS, HAIL    4 = ICE PELLETS
                        TOTAL MONTH:   0.0 INCH    5 = HAIL
                        GRTST 24HR     0.0         6 = FREEZING RAIN OR DRIZZLE
                        GRTST DEPTH:  M  ON   M    7 = DUSTSTORM OR SANDSTORM:
                                                       VSBY 1/2 MILE OR LESS
                                                   8 = SMOKE OR HAZE
[NO. OF DAYS WITH]      [WEATHER - DAYS WITH]      9 = BLOWING SNOW
                                                   X = TORNADO
MAX 32 OR BELOW:   0    0.01 INCH OR MORE:  11
MAX 90 OR ABOVE:   8    0.10 INCH OR MORE:   4
MIN 32 OR BELOW:   0    0.50 INCH OR MORE:   1
MIN  0 OR BELOW:   0    1.00 INCH OR MORE:   0

[HDD (BASE 65) ]
TOTAL THIS MO.     1    CLEAR  (SCALE 0-3)  12
DPTR FM NORMAL    -7    PTCLDY (SCALE 4-7)  18
TOTAL FM JUL 1     1    CLOUDY (SCALE 8-10)  1
DPTR FM NORMAL    -7

[CDD (BASE 65) ]
TOTAL THIS MO.   329
DPTR FM NORMAL   123    [PRESSURE DATA]
TOTAL FM JAN 1   529    HIGHEST SLP 30.35 ON 14
DPTR FM NORMAL   169    LOWEST  SLP 29.61 ON 23

[REMARKS]
#FINAL-07-13#
