000
CXUS51 KBGM 030618
CF6AVP
PRELIMINARY LOCAL CLIMATOLOGICAL DATA (WS FORM: F-6)

                                          STATION:   AVOCA PA
                                          MONTH:     OCTOBER
                                          YEAR:      2015
                                          LATITUDE:   41 19 N
                                          LONGITUDE:  75 44 W

  TEMPERATURE IN F:       :PCPN:    SNOW:  WIND      :SUNSHINE: SKY     :PK WND
================================================================================
1   2   3   4   5  6A  6B    7    8   9   10  11  12  13   14  15   16   17  18
                                     12Z  AVG MX 2MIN
DY MAX MIN AVG DEP HDD CDD  WTR  SNW DPTH SPD SPD DIR MIN PSBL S-S WX    SPD DR
================================================================================

 1  63  50  57   1   8   0    T  0.0    M 10.1 16  10   M    M  10        21  10
 2  55  48  52  -4  13   0 0.05  0.0    M 10.0 15  40   M    M   7        22  30
 3  50  45  48  -7  17   0 0.74  0.0    M 10.6 18  70   M    M  10 1      32  70
 4  65  47  56   1   9   0 0.00  0.0    M  6.6 17  50   M    M   4        22  70
 5  68  44  56   1   9   0 0.00  0.0    M  5.3 12  40   M    M   0        16  40
 6  69  46  58   4   7   0 0.00  0.0    M  3.5 15 300   M    M   8        18 310
 7  69  53  61   7   4   0 0.00  0.0    M  5.2 14 350   M    M   7        19 340
 8  71  49  60   7   5   0 0.00  0.0    M  3.5 13 240   M    M   3 18     15 230
 9  75  54  65  12   0   0 0.18  0.0    M  8.1 24 350   M    M   7 18     29 350
10  63  42  53   0  12   0 0.00  0.0    M  7.7 21 350   M    M   2        26 330
11  69  38  54   2  11   0 0.00  0.0    M  5.2 16 250   M    M   0        21 230
12  76  43  60   8   5   0 0.00  0.0    M  4.3 12 190   M    M   0        18 190
13  65  51  58   6   7   0 0.04  0.0    M  5.3 15 230   M    M   5 1      21 230
14  62  47  55   4  10   0    T  0.0    M  6.1 16 330   M    M   9        21 330
15  62  40  51   0  14   0 0.00  0.0    M  4.8 16 240   M    M   4        21 230
16  61  42  52   1  13   0 0.12  0.0    M  6.9 28 310   M    M   8 1      36 310
17  49  32  41  -9  24   0 0.00  0.0    M  7.1 20 310   M    M   7        26 310
18  46  27  37 -13  28   0    T    T    M  5.4 20 330   M    M   3        24 330
19  52  26  39 -11  26   0 0.00  0.0    M  6.4 15 250   M    M   1        20 230
20  71  42  57   7   8   0 0.00  0.0    M  8.6 16 230   M    M   3        24 220
21  76  48  62  13   3   0 0.00  0.0    M  3.7 14 240   M    M   0        17 250
22  72  53  63  14   2   0 0.00  0.0    M  6.0 18 230   M    M   7        24 230
23  57  37  47  -2  18   0 0.00  0.0    M  8.1 21 340   M    M   2        26 340
24  55  35  45  -3  20   0 0.01  0.0    M  5.7 16 160   M    M   3        22 150
25  62  39  51   3  14   0 0.09  0.0    M  6.9 21 330   M    M   7 1      27 340
26  57  36  47  -1  18   0 0.00  0.0    M  4.3 12  30   M    M   1        15  20
27  59  36  48   1  17   0 0.00  0.0    M  4.1  8 100   M    M   0 8      16 150
28  68  49  59  12   6   0 2.02  0.0    M  7.5 18 130   M    M  10 138    32 130
29  68  47  58  11   7   0 0.28  0.0    M 10.5 28 250   M    M   2 1      37 260
30  54  35  45  -2  20   0 0.00  0.0    M  8.1 21 310   M    M   5        27 320
31  54  30  42  -4  23   0 0.00  0.0    M  4.8 12 240   M    M   1        16 270
================================================================================
SM 1943 1311       378   0  3.53    T    200.4          M      136
================================================================================
AV 62.7 42.3                               6.5 FASTST   M    M   4    MAX(MPH)
                                 MISC ---->  # 28 310               # 37  260
================================================================================
NOTES:
# LAST OF SEVERAL OCCURRENCES

COLUMN 17 PEAK WIND IN M.P.H.

PRELIMINARY LOCAL CLIMATOLOGICAL DATA (WS FORM: F-6) , PAGE 2

                                          STATION:  AVOCA PA
                                          MONTH:    OCTOBER
                                          YEAR:     2015
                                          LATITUDE:   41 19 N
                                          LONGITUDE:  75 44 W

[TEMPERATURE DATA]      [PRECIPITATION DATA]       SYMBOLS USED IN COLUMN 16

AVERAGE MONTHLY: 52.5   TOTAL FOR MONTH:   3.53    1 = FOG OR MIST
DPTR FM NORMAL:   1.6   DPTR FM NORMAL:    0.19    2 = FOG REDUCING VISIBILITY
HIGHEST:    76 ON 21,12 GRTST 24HR  2.27 ON 28-29      TO 1/4 MILE OR LESS
LOWEST:     26 ON 19                               3 = THUNDER
                        SNOW, ICE PELLETS, HAIL    4 = ICE PELLETS
                        TOTAL MONTH:    T          5 = HAIL
                        GRTST 24HR    T  ON 18-18  6 = FREEZING RAIN OR DRIZZLE
                        GRTST DEPTH:  M  ON   M    7 = DUSTSTORM OR SANDSTORM:
                                                       VSBY 1/2 MILE OR LESS
                                                   8 = SMOKE OR HAZE
[NO. OF DAYS WITH]      [WEATHER - DAYS WITH]      9 = BLOWING SNOW
                                                   X = TORNADO
MAX 32 OR BELOW:   0    0.01 INCH OR MORE:   9
MAX 90 OR ABOVE:   0    0.10 INCH OR MORE:   5
MIN 32 OR BELOW:   4    0.50 INCH OR MORE:   2
MIN  0 OR BELOW:   0    1.00 INCH OR MORE:   1

[HDD (BASE 65) ]
TOTAL THIS MO.   378    CLEAR  (SCALE 0-3)  13
DPTR FM NORMAL   -63    PTCLDY (SCALE 4-7)  13
TOTAL FM JUL 1   407    CLOUDY (SCALE 8-10)  5
DPTR FM NORMAL  -196

[CDD (BASE 65) ]
TOTAL THIS MO.     0
DPTR FM NORMAL    -4    [PRESSURE DATA]
TOTAL FM JAN 1   927    HIGHEST SLP 30.56 ON 27
DPTR FM NORMAL   347    LOWEST  SLP 29.50 ON 29

[REMARKS]
#FINAL-10-15#
