000
CXUS51 KBGM 030125 CCA
CF6AVP

PRELIMINARY LOCAL CLIMATOLOGICAL DATA (WS FORM: F-6)

                                          STATION:   AVOCA PA
                                          MONTH:     MARCH
                                          YEAR:      2016
                                          LATITUDE:   41 19 N
                                          LONGITUDE:  75 44 W

  TEMPERATURE IN F:       :PCPN:    SNOW:  WIND      :SUNSHINE: SKY     :PK WND
================================================================================
1   2   3   4   5  6A  6B    7    8   9   10  11  12  13   14  15   16   17  18
                                     12Z  AVG MX 2MIN
DY MAX MIN AVG DEP HDD CDD  WTR  SNW DPTH SPD SPD DIR MIN PSBL S-S WX    SPD DR
================================================================================

 1  56  28  42  10  23   0 0.00  0.0    M 10.4 24 160   M    M   5        42 180
 2  53  23  38   6  27   0 0.01    T    M 18.6 31 250   M    M   8        47 180
 3  31  18  25  -7  40   0    T  0.2    M  6.0 20 330   M    M   4        26 300
 4  35  25  30  -3  35   0 0.03  0.5    M  7.8 16 340   M    M   9 18     22 340
 5  35  19  27  -6  38   0    T    T    M  2.9 10 350   M    M   6        13 330
 6  40  27  34   1  31   0    T  0.6    M  3.6  9 340   M    M   6 1      13  10
 7  61  28  45  11  20   0 0.00  0.0    M  7.7 23 230   M    M   1 8      30 230
 8  71  41  56  22   9   0 0.00  0.0    M  3.9 16 230   M    M   5        22 240
 9  76  42  59  25   6   0 0.00  0.0    M  5.2 18 240   M    M   0        26 200
10  66  54  60  25   5   0 0.37  0.0    M  4.3 18 240   M    M   9 1      23 230
11  54  35  45  10  20   0 0.16  0.0    M  7.9 18 340   M    M   6 1      27 320
12  63  28  46  11  19   0 0.00  0.0    M  5.5 18 230   M    M   0        25 250
13  59  43  51  15  14   0    T  0.0    M  2.2  8 120   M    M   4        13 110
14  48  40  44   8  21   0 0.28  0.0    M  8.1 18 120   M    M  10        30 130
15  56  42  49  13  16   0 0.00  0.0    M  4.9 15  60   M    M  10        23  60
16  67  49  58  21   7   0 0.46  0.0    M  3.2 23 310   M    M   9 13     30 310
17  58  38  48  11  17   0 0.03  0.0    M  7.1 35 240   M    M   4 12     45 240
18  51  35  43   6  22   0    T  0.0    M 11.0 29 300   M    M   6        41 290
19  44  28  36  -2  29   0 0.00  0.0    M  7.1 16  10   M    M   2        23  10
20  41  23  32  -6  33   0 0.00  0.0    M  3.0 12  40   M    M   8        14  40
21  43  28  36  -2  29   0    T    T    M 10.6 28 300   M    M   6        37 290
22  54  28  41   2  24   0 0.00  0.0    M 10.2 20 240   M    M   2        27 220
23  69  43  56  17   9   0 0.00  0.0    M  8.1 20 240   M    M   0        26 240
24  67  42  55  15  10   0 0.00  0.0    M  7.9 18 160   M    M   2        28 150
25  66  34  50  10  15   0 0.03  0.0    M 12.8 25 260   M    M   8        33 250
26  58  31  45   5  20   0 0.00  0.0    M  6.3 16  10   M    M   4        22 340
27  55  35  45   4  20   0 0.00  0.0    M  3.4 14 190   M    M   8        21 190
28  57  40  49   8  16   0 0.41  0.0    M 13.1 35 260   M    M  10 1      48 280
29  48  29  39  -3  26   0 0.00  0.0    M 15.5 26 340   M    M   2        36 330
30  61  25  43   1  22   0 0.00  0.0    M  6.7 17 240   M    M   0        31 210
31  67  46  57  15   8   0 0.00  0.0    M 11.9 22 180   M    M   4 8      34 170
================================================================================
SM 1710 1047       631   0  1.78     1.3 236.9          M      158
================================================================================
AV 55.2 33.8                               7.6 FASTST   M    M   5    MAX(MPH)
                                 MISC ---->  # 35 240               # 48  280
================================================================================
NOTES:
# LAST OF SEVERAL OCCURRENCES

COLUMN 17 PEAK WIND IN M.P.H.

PRELIMINARY LOCAL CLIMATOLOGICAL DATA (WS FORM: F-6) , PAGE 2

                                          STATION:  AVOCA PA
                                          MONTH:    MARCH
                                          YEAR:     2016
                                          LATITUDE:   41 19 N
                                          LONGITUDE:  75 44 W

[TEMPERATURE DATA]      [PRECIPITATION DATA]       SYMBOLS USED IN COLUMN 16

AVERAGE MONTHLY: 44.5   TOTAL FOR MONTH:   1.78    1 = FOG OR MIST
DPTR FM NORMAL:   7.6   DPTR FM NORMAL:   -0.77    2 = FOG REDUCING VISIBILITY
HIGHEST:    76 ON  9    GRTST 24HR  0.53 ON 10-11      TO 1/4 MILE OR LESS
LOWEST:     18 ON  3                               3 = THUNDER
                        SNOW, ICE PELLETS, HAIL    4 = ICE PELLETS
                        TOTAL MONTH:   1.3 INCHES  5 = HAIL
                        GRTST 24HR   0.6 ON  6     6 = FREEZING RAIN OR DRIZZLE
                        GRTST DEPTH:   0           7 = DUSTSTORM OR SANDSTORM:
                                                       VSBY 1/2 MILE OR LESS
                                                   8 = SMOKE OR HAZE
[NO. OF DAYS WITH]      [WEATHER - DAYS WITH]      9 = BLOWING SNOW
                                                   X = TORNADO
MAX 32 OR BELOW:   1    0.01 INCH OR MORE:   9
MAX 90 OR ABOVE:   0    0.10 INCH OR MORE:   5
MIN 32 OR BELOW:  15    0.50 INCH OR MORE:   0
MIN  0 OR BELOW:   0    1.00 INCH OR MORE:   0

[HDD (BASE 65) ]
TOTAL THIS MO.   631    CLEAR  (SCALE 0-3)   9
DPTR FM NORMAL  -240    PTCLDY (SCALE 4-7)  14
TOTAL FM JUL 1  4201    CLOUDY (SCALE 8-10)  8
DPTR FM NORMAL -1276

[CDD (BASE 65) ]
TOTAL THIS MO.     0
DPTR FM NORMAL     0    [PRESSURE DATA]
TOTAL FM JAN 1     0    HIGHEST SLP 30.39 ON 12
DPTR FM NORMAL     0    LOWEST  SLP 29.37 ON  2

[REMARKS]
#FINAL-03-16#
6TH WARMEST MARCH
CORRECTED SNOW DEPTH TO MISSING LAST 2 DAYS
ADDED DAY OF GREATEST 24 HOUR SNOWFALL
