000
CXUS51 KBGM 041525
CF6AVP
PRELIMINARY LOCAL CLIMATOLOGICAL DATA (WS FORM: F-6)

                                          STATION:   AVOCA PA
                                          MONTH:     MAY
                                          YEAR:      2013
                                          LATITUDE:   41 19 N
                                          LONGITUDE:  75 44 W

  TEMPERATURE IN F:       :PCPN:    SNOW:  WIND      :SUNSHINE: SKY     :PK WND
================================================================================
1   2   3   4   5  6A  6B    7    8   9   10  11  12  13   14  15   16   17  18
                                     12Z  AVG MX 2MIN
DY MAX MIN AVG DEP HDD CDD  WTR  SNW DPTH SPD SPD DIR MIN PSBL S-S WX    SPD DR
================================================================================

 1  74  41  58   4   7   0 0.00  0.0    M  5.4 14 120   M    M   0        21 110
 2  77  42  60   5   5   0 0.00  0.0    M  4.1 13 130   M    M   0 8      22 170
 3  72  49  61   6   4   0 0.00  0.0    M  4.7 18 200   M    M   2        30 210
 4  74  41  58   3   7   0 0.00  0.0    M  4.0 12  40   M    M   0        16  20
 5  74  42  58   2   7   0 0.00  0.0    M  5.3 14  40   M    M   0        21 150
 6  73  39  56   0   9   0 0.00  0.0    M  4.4 12 200   M    M   2        23 200
 7  76  50  63   7   2   0 0.00  0.0    M  6.1 15 120   M    M   3        23 170
 8  68  53  61   5   4   0 0.39  0.0    M  4.5 12 240   M    M   9 1      20  90
 9  69  53  61   4   4   0 0.13  0.0    M  2.3 14 280   M    M   6 1      17 280
10  75  53  64   7   1   0 0.18  0.0    M  2.6 14 240   M    M   6 128    25 200
11  67  54  61   4   4   0 0.22  0.0    M  6.7 15 230   M    M   8 1      24 190
12  61  41  51  -7  14   0 0.00  0.0    M 10.0 23 250   M    M   6        31 300
13  46  32  39 -19  26   0 0.13    T    M  5.2 17 260   M    M   6 1      23 260
14  59  29  44 -14  21   0 0.01  0.0    M  3.6 15 340   M    M   0        21 330
15  75  44  60   2   5   0 0.02  0.0    M  6.6 21 230   M    M   5        36 190
16  81  50  66   7   0   1 0.00  0.0    M  6.0 18 310   M    M   1        25 320
17  70  49  60   1   5   0 0.00  0.0    0  6.2 16 320   M    M   0        22 320
18  65  50  58  -1   7   0    T  0.0    M  3.4 10 150   M    M  10        17 150
19  63  57  60   0   5   0 0.00  0.0    M  2.7 10 190   M    M  10        15 150
20  82  58  70  10   0   5    T  0.0    M  3.4 13 270   M    M   M        21 180
21  89  60  75  15   0  10 0.00  0.0    M  6.2 16 260   M    M   M 18     26 210
22  90  63  77  17   0  12 0.25  0.0    M  7.5 26 260   M    M   3 18     36 230
23  77  60  69   8   0   4 0.90  0.0    M  3.8 23 280   M    M   3 13     28 280
24  61  42  52  -9  13   0 0.11  0.0    M 12.4 23 340   M    M  10 1      35 330
25  56  42  49 -12  16   0 0.11  0.0    M 12.9 30 340   M    M   9        38 350
26  64  41  53  -9  12   0    T  0.0    M  9.9 26 340   M    M   1        35 340
27  72  36  54  -8  11   0 0.00  0.0    M  3.5 14 260   M    M   0        20 210
28  58  49  54  -8  11   0 0.55  0.0    M  2.4  8  80   M    M   6 1      12 200
29  83  57  70   8   0   5 0.02  0.0    M  6.5 18 230   M    M   4 18     29 210
30  88  61  75  12   0  10 0.00  0.0    M  4.6 13 220   M    M   1 1      22 200
31  90  65  78  15   0  13 0.00  0.0    M  4.7 14 230   M    M   0        28 210
================================================================================
SM 2229 1503       200  60  3.02    T    171.6          M      111
================================================================================
AV 71.9 48.5                               5.5 FASTST   M    M   4    MAX(MPH)
                                 MISC ---->  # 30 340               # 38  350
================================================================================
NOTES:
# LAST OF SEVERAL OCCURRENCES

COLUMN 17 PEAK WIND IN M.P.H.

PRELIMINARY LOCAL CLIMATOLOGICAL DATA (WS FORM: F-6) , PAGE 2

                                          STATION:  AVOCA PA
                                          MONTH:    MAY
                                          YEAR:     2013
                                          LATITUDE:   41 19 N
                                          LONGITUDE:  75 44 W

[TEMPERATURE DATA]      [PRECIPITATION DATA]       SYMBOLS USED IN COLUMN 16

AVERAGE MONTHLY: 60.2   TOTAL FOR MONTH:   3.02    1 = FOG OR MIST
DPTR FM NORMAL:   1.6   DPTR FM NORMAL:   -0.50    2 = FOG REDUCING VISIBILITY
HIGHEST:    90 ON 31,22 GRTST 24HR  0.97 ON 23-24      TO 1/4 MILE OR LESS
LOWEST:     29 ON 14                               3 = THUNDER
                        SNOW, ICE PELLETS, HAIL    4 = ICE PELLETS
                        TOTAL MONTH:    T          5 = HAIL
                        GRTST 24HR    T  ON 13-13  6 = FREEZING RAIN OR DRIZZLE
                        GRTST DEPTH:   0           7 = DUSTSTORM OR SANDSTORM:
                                                       VSBY 1/2 MILE OR LESS
                                                   8 = SMOKE OR HAZE
[NO. OF DAYS WITH]      [WEATHER - DAYS WITH]      9 = BLOWING SNOW
                                                   X = TORNADO
MAX 32 OR BELOW:   0    0.01 INCH OR MORE:  13
MAX 90 OR ABOVE:   2    0.10 INCH OR MORE:  10
MIN 32 OR BELOW:   2    0.50 INCH OR MORE:   2
MIN  0 OR BELOW:   0    1.00 INCH OR MORE:   0

[HDD (BASE 65) ]
TOTAL THIS MO.   200    CLEAR  (SCALE 0-3)  15
DPTR FM NORMAL   -28    PTCLDY (SCALE 4-7)   9
TOTAL FM JUL 1  5809    CLOUDY (SCALE 8-10)  5
DPTR FM NORMAL  -392

[CDD (BASE 65) ]
TOTAL THIS MO.    60
DPTR FM NORMAL    29    [PRESSURE DATA]
TOTAL FM JAN 1    64    HIGHEST SLP 30.45 ON  2
DPTR FM NORMAL    27    LOWEST  SLP 29.63 ON 15

[REMARKS]
#FINAL-05-13#
