000
CXUS51 KBGM 080930 CCA
CF6AVP

PRELIMINARY LOCAL CLIMATOLOGICAL DATA (WS FORM: F-6)

                                          STATION:   AVOCA PA
                                          MONTH:     APRIL
                                          YEAR:      2013
                                          LATITUDE:   41 19 N
                                          LONGITUDE:  75 44 W

  TEMPERATURE IN F:       :PCPN:    SNOW:  WIND      :SUNSHINE: SKY     :PK WND
================================================================================
1   2   3   4   5  6A  6B    7    8   9   10  11  12  13   14  15   16   17  18
                                     12Z  AVG MX 2MIN
DY MAX MIN AVG DEP HDD CDD  WTR  SNW DPTH SPD SPD DIR MIN PSBL S-S WX    SPD DR
================================================================================

 1  52  28  40  -3  25   0    T  0.0    M 11.6 31 250   M    M   7 18     39 240
 2  40  25  33 -10  32   0    T    T    M 11.9 26 280   M    M   6        36 280
 3  42  27  35  -9  30   0    T    T    M 12.1 24 310   M    M   4        36 290
 4  54  23  39  -5  26   0 0.00  0.0    M  6.7 17 190   M    M   0        26 200
 5  55  30  43  -1  22   0 0.00  0.0    M 10.6 25 320   M    M   0        35 320
 6  50  27  39  -6  26   0 0.00  0.0    M  8.2 17 340   M    M   0        24 180
 7  64  40  52   7  13   0    T  0.0    M 12.6 23 190   M    M   3        40 210
 8  75  41  58  12   7   0 0.00  0.0    M  7.3 18 180   M    M   3        33 170
 9  77  61  69  23   0   4 0.00  0.0    M  8.9 26 280   M    M   2        31 290
10  76  53  65  18   0   0 0.50  0.0    M  6.3 37 300   M    M   6 13     51 310
11  54  43  49   2  16   0 0.01  0.0    M  6.0 14 310   M    M   9 1      18  70
12  45  40  43  -4  22   0 0.22  0.0    M  5.9 20 100   M    M  10 1      37  90
13  51  39  45  -3  20   0 0.00  0.0    M  7.2 22 280   M    M   8 1      28 280
14  54  39  47  -1  18   0 0.00  0.0    M  7.5 22 290   M    M   6        29 290
15  66  42  54   5  11   0 0.00  0.0    M  5.8 16 200   M    M   6        26 200
16  65  51  58   9   7   0 0.17  0.0    M  7.7 20 170   M    M   9 1      32 180
17  64  44  54   5  11   0 0.18  0.0    M  6.3 16 330   M    M   2 1      21 330
18  59  47  53   3  12   0 0.00  0.0    M  5.8 17 180   M    M   8        33 180
19  75  48  62  12   3   0 0.48  0.0    M 13.1 37 240   M    M   8 1      49 250
20  53  34  44  -6  21   0 0.04  0.0    M 13.3 25 260   M    M   6 1      32 260
21  51  30  41 -10  24   0 0.00  0.0    M  7.6 20  10   M    M   0        24  10
22  56  34  45  -6  20   0 0.00  0.0    M  5.4 15 150   M    M   0        24 170
23  62  34  48  -4  17   0 0.00  0.0    M  5.4 14 130   M    M   4 8      23 190
24  75  38  57   5   8   0 0.11  0.0    M  7.6 22 240   M    M   4 1      31 240
25  59  40  50  -2  15   0 0.00  0.0    M  7.7 23 290   M    M   4        29 320
26  60  41  51  -2  14   0 0.00  0.0    M  5.5 15 350   M    M   2        20 270
27  69  36  53   0  12   0 0.00  0.0    M  4.1 12 350   M    M   1        17 360
28  70  43  57   4   8   0    T  0.0    M  6.9 20 190   M    M   2        29 210
29  55  50  53  -1  12   0 0.09  0.0    M  3.2 14 140   M    M  10 1      24 160
30  68  47  58   4   7   0    T  0.0    M  4.1 12 140   M    M   7 1      23 150
================================================================================
SM 1796 1175       459   4  1.80       T 232.3          M      137
================================================================================
AV 59.9 39.2                               7.7 FASTST   M    M   5    MAX(MPH)
                                 MISC ---->  # 37 300               # 51  310
================================================================================
NOTES:
# LAST OF SEVERAL OCCURRENCES

COLUMN 17 PEAK WIND IN M.P.H.

PRELIMINARY LOCAL CLIMATOLOGICAL DATA (WS FORM: F-6) , PAGE 2

                                          STATION:  AVOCA PA
                                          MONTH:    APRIL
                                          YEAR:     2013
                                          LATITUDE:   41 19 N
                                          LONGITUDE:  75 44 W

[TEMPERATURE DATA]      [PRECIPITATION DATA]       SYMBOLS USED IN COLUMN 16

AVERAGE MONTHLY: 49.5   TOTAL FOR MONTH:   1.80    1 = FOG OR MIST
DPTR FM NORMAL:   0.9   DPTR FM NORMAL:   -1.53    2 = FOG REDUCING VISIBILITY
HIGHEST:    77 ON  9    GRTST 24HR  0.52 ON 19-20      TO 1/4 MILE OR LESS
LOWEST:     23 ON  4                               3 = THUNDER
                        SNOW, ICE PELLETS, HAIL    4 = ICE PELLETS
                        TOTAL MONTH:     T INCH    5 = HAIL
                        GRTST 24HR    T  ON 2 3    6 = FREEZING RAIN OR DRIZZLE
                        GRTST DEPTH:  M  ON   M    7 = DUSTSTORM OR SANDSTORM:
                                                       VSBY 1/2 MILE OR LESS
                                                   8 = SMOKE OR HAZE
[NO. OF DAYS WITH]      [WEATHER - DAYS WITH]      9 = BLOWING SNOW
                                                   X = TORNADO
MAX 32 OR BELOW:   0    0.01 INCH OR MORE:   9
MAX 90 OR ABOVE:   0    0.10 INCH OR MORE:   6
MIN 32 OR BELOW:   7    0.50 INCH OR MORE:   1
MIN  0 OR BELOW:   0    1.00 INCH OR MORE:   0

[HDD (BASE 65) ]
TOTAL THIS MO.   459    CLEAR  (SCALE 0-3)  12
DPTR FM NORMAL   -37    PTCLDY (SCALE 4-7)  14
TOTAL FM JUL 1  5609    CLOUDY (SCALE 8-10)  4
DPTR FM NORMAL  -364

[CDD (BASE 65) ]
TOTAL THIS MO.     4
DPTR FM NORMAL    -2    [PRESSURE DATA]
TOTAL FM JAN 1     4    HIGHEST SLP 30.61 ON 22
DPTR FM NORMAL    -2    LOWEST  SLP 29.50 ON 19

[REMARKS]
#FINAL-04-13#
CORRECTED TO ADD FLURRIES SEEN BY OBSERVERS AND NOT ASOS ON 2ND AND 3RD.
