000
CXUS51 KBGM 010645
CF6AVP
PRELIMINARY LOCAL CLIMATOLOGICAL DATA (WS FORM: F-6)

                                          STATION:   AVOCA PA
                                          MONTH:     JUNE
                                          YEAR:      2013
                                          LATITUDE:   41 19 N
                                          LONGITUDE:  75 44 W

  TEMPERATURE IN F:       :PCPN:    SNOW:  WIND      :SUNSHINE: SKY     :PK WND
================================================================================
1   2   3   4   5  6A  6B    7    8   9   10  11  12  13   14  15   16   17  18
                                     12Z  AVG MX 2MIN
DY MAX MIN AVG DEP HDD CDD  WTR  SNW DPTH SPD SPD DIR MIN PSBL S-S WX    SPD DR
================================================================================

 1  89  63  76  13   0  11 0.00  0.0    M  6.1 17 250   M    M   1        28 200
 2  82  69  76  12   0  11 0.00  0.0    M  9.2 22 240   M    M   2        32 220
 3  77  55  66   2   0   1    T  0.0    M  5.7 13 340   M    M   7        17 350
 4  72  48  60  -4   5   0 0.00  0.0    M  7.2 20 340   M    M   0        24 280
 5  77  44  61  -3   4   0 0.00  0.0    M  5.1 13 160   M    M   0        21 160
 6  70  57  64  -1   1   0 0.21  0.0    M  2.9 15 170   M    M   7 1      25 180
 7  64  59  62  -3   3   0 0.36  0.0    M  5.6 10  60   M    M   9 1      16  60
 8  72  59  66   1   0   1 0.02  0.0    M  3.0  9 340   M    M   9 1      13 320
 9  79  53  66   0   0   1 0.00  0.0    M  3.4 12 300   M    M   1 1      20  60
10  67  62  65  -1   0   0 1.06  0.0    M  5.3 13 100   M    M  10 1      22 130
11  73  61  67   1   0   2 0.22  0.0    M  8.8 18 270   M    M  10 18     26 220
12  76  59  68   2   0   3 0.00  0.0    M  7.7 17 310   M    M   5        25 330
13  67  55  61  -6   4   0 1.17  0.0    M  5.6 13  40   M    M  10 138    21  60
14  74  52  63  -4   2   0 0.01  0.0    M  6.6 21 330   M    M   6 1      28 330
15  78  52  65  -2   0   0 0.00  0.0    M  4.2 16 330   M    M   1 1      23 340
16  77  55  66  -1   0   1    T  0.0    M  5.8 20 240   M    M   5        26 210
17  84  60  72   4   0   7 0.00  0.0    M  6.9 16 270   M    M   3 18     24 240
18  79  60  70   2   0   5 0.00  0.0    M  6.5 14  20   M    M   3        18  20
19  74  52  63  -5   2   0 0.00  0.0    M  5.6 14 350   M    M   1        20 330
20  80  49  65  -3   0   0 0.00  0.0    M  5.4 14 260   M    M   0        21 250
21  82  57  70   1   0   5 0.00  0.0    M  4.3 15 270   M    M   2        18 280
22  84  59  72   3   0   7 0.00  0.0    M  5.2 16 260   M    M   0        22 240
23  89  66  78   9   0  13 0.00  0.0    M  4.9 13 220   M    M   1        23 190
24  90  65  78   9   0  13 0.07  0.0    M  5.8 24 330   M    M   0        31 320
25  88  63  76   6   0  11    T  0.0    M  7.1 18 240   M    M   2 18     30 210
26  82  67  75   5   0  10 0.00  0.0    M  6.7 16 240   M    M   2        23 230
27  86  64  75   5   0  10 1.55  0.0    M  3.9 10  40   M    M   4 138    18 200
28  81  63  72   2   0   7 0.44  0.0    M  5.4 18 300   M    M   6 1      23 300
29  81  64  73   3   0   8 0.02  0.0    M  5.1 16 230   M    M   6 18     22 230
30  84  63  74   4   0   9 0.28  0.0    0  2.5 10 140   M    M   5 1      16 150
================================================================================
SM 2358 1755        21 136  5.41     0.0 167.5          M      118
================================================================================
AV 78.6 58.5                               5.6 FASTST   M    M   4    MAX(MPH)
                                 MISC ---->  # 24 330               # 32  220
================================================================================
NOTES:
# LAST OF SEVERAL OCCURRENCES

COLUMN 17 PEAK WIND IN M.P.H.

PRELIMINARY LOCAL CLIMATOLOGICAL DATA (WS FORM: F-6) , PAGE 2

                                          STATION:  AVOCA PA
                                          MONTH:    JUNE
                                          YEAR:     2013
                                          LATITUDE:   41 19 N
                                          LONGITUDE:  75 44 W

[TEMPERATURE DATA]      [PRECIPITATION DATA]       SYMBOLS USED IN COLUMN 16

AVERAGE MONTHLY: 68.6   TOTAL FOR MONTH:   5.41    1 = FOG OR MIST
DPTR FM NORMAL:   1.5   DPTR FM NORMAL:    1.38    2 = FOG REDUCING VISIBILITY
HIGHEST:    90 ON 24    GRTST 24HR  1.96 ON 27-28      TO 1/4 MILE OR LESS
LOWEST:     44 ON  5                               3 = THUNDER
                        SNOW, ICE PELLETS, HAIL    4 = ICE PELLETS
                        TOTAL MONTH:   0.0 INCH    5 = HAIL
                        GRTST 24HR     0.0         6 = FREEZING RAIN OR DRIZZLE
                        GRTST DEPTH:   0           7 = DUSTSTORM OR SANDSTORM:
                                                       VSBY 1/2 MILE OR LESS
                                                   8 = SMOKE OR HAZE
[NO. OF DAYS WITH]      [WEATHER - DAYS WITH]      9 = BLOWING SNOW
                                                   X = TORNADO
MAX 32 OR BELOW:   0    0.01 INCH OR MORE:  12
MAX 90 OR ABOVE:   1    0.10 INCH OR MORE:   8
MIN 32 OR BELOW:   0    0.50 INCH OR MORE:   3
MIN  0 OR BELOW:   0    1.00 INCH OR MORE:   3

[HDD (BASE 65) ]
TOTAL THIS MO.    21    CLEAR  (SCALE 0-3)  16
DPTR FM NORMAL   -33    PTCLDY (SCALE 4-7)   9
TOTAL FM JUL 1  5830    CLOUDY (SCALE 8-10)  5
DPTR FM NORMAL  -425

[CDD (BASE 65) ]
TOTAL THIS MO.   136
DPTR FM NORMAL    19    [PRESSURE DATA]
TOTAL FM JAN 1   200    HIGHEST SLP 30.29 ON 21
DPTR FM NORMAL    46    LOWEST  SLP 29.46 ON M

[REMARKS]
#FINAL-06-13#
