000
CXUS51 KBGM 020831
CF6AVP
PRELIMINARY LOCAL CLIMATOLOGICAL DATA (WS FORM: F-6)

                                          STATION:   AVOCA PA
                                          MONTH:     MARCH
                                          YEAR:      2013
                                          LATITUDE:   41 19 N
                                          LONGITUDE:  75 44 W

  TEMPERATURE IN F:       :PCPN:    SNOW:  WIND      :SUNSHINE: SKY     :PK WND
================================================================================
1   2   3   4   5  6A  6B    7    8   9   10  11  12  13   14  15   16   17  18
                                     12Z  AVG MX 2MIN
DY MAX MIN AVG DEP HDD CDD  WTR  SNW DPTH SPD SPD DIR MIN PSBL S-S WX    SPD DR
================================================================================

 1  37  28  33   1  32   0    T    T    M 10.9 21 310   M    M  10 1      28 320
 2  30  25  28  -4  37   0    T    T    M  9.7 18 350   M    M  10 8      24 320
 3  29  23  26  -6  39   0    T  0.6    M 13.0 21 300   M    M   9 8      29 310
 4  35  23  29  -4  36   0    T    T    M 15.8 25 310   M    M  10        32 300
 5  41  28  35   2  30   0 0.00  0.0    M  7.8 21 290   M    M   6        28 300
 6  42  31  37   4  28   0    T    T    M 10.3 23  40   M    M  10        33  40
 7  42  29  36   2  29   0    T    T    M 11.5 23 320   M    M  10        30 330
 8  37  27  32  -2  33   0 0.11  1.6    M 11.0 23 320   M    M   7 1      29 320
 9  54  22  38   4  27   0 0.00  0.0    M  6.7 14 300   M    M   0        20 300
10  56  29  43   8  22   0 0.00  0.0    M  7.5 18 190   M    M   1        28 200
11  54  37  46  11  19   0 0.00  0.0    M  9.7 26 160   M    M   3        41 180
12  55  38  47  12  18   0 0.84  0.0    M  9.7 24 160   M    M  10 1      40 180
13  44  29  37   1  28   0    T    T    M  8.5 22 300   M    M   7 18     29 270
14  38  24  31  -5  34   0    T  0.1    M 15.1 32 280   M    M   6        43 280
15  41  22  32  -4  33   0    T    T    M  9.1 21 280   M    M   6        30 280
16  34  27  31  -6  34   0 0.10  0.8    M  5.4 12 340   M    M   7 12     18 310
17  33  22  28  -9  37   0    T    T    M  8.3 15 320   M    M   5        22 330
18  32  19  26 -11  39   0 0.26  2.5    M  6.6 14 130   M    M   5 12     24 120
19  45  30  38   0  27   0 0.10  0.6    M  9.9 26 280   M    M   8 16     35 280
20  40  27  34  -4  31   0    T    T    M 11.9 21 280   M    M   7 8      30 270
21  33  19  26 -12  39   0    T    T    M  7.8 20 320   M    M   5        30 310
22  36  23  30  -9  35   0    T    T    M 11.8 21 290   M    M   8        30 280
23  42  29  36  -3  29   0 0.00  0.0    M 14.7 28 290   M    M   9        36 280
24  42  27  35  -5  30   0 0.00  0.0    M  8.3 17 300   M    M   1        23 330
25  39  31  35  -5  30   0 0.09  0.3    M  6.6 15  60   M    M   9 1      21  70
26  48  29  39  -1  26   0 0.03    T    M  7.9 22 300   M    M   8        29 290
27  47  27  37  -4  28   0    T    T    M  7.8 23 300   M    M   6        30 300
28  44  34  39  -2  26   0    T    T    M  9.2 18 290   M    M  10 8      25 300
29  48  33  41  -1  24   0 0.00  0.0    M  6.1 20 280   M    M  10        26 290
30  56  27  42   0  23   0 0.00  0.0    M  3.9 17 320   M    M   1        26 280
31  53  30  42   0  23   0 0.09  0.0    M  4.7 24 190   M    M   5 1      38 190
================================================================================
SM 1307  849       926   0  1.62     6.5 287.2          M      209
================================================================================
AV 42.2 27.4                               9.3 FASTST   M    M   7    MAX(MPH)
                                 MISC ---->  # 32 280               # 43  280
================================================================================
NOTES:
# LAST OF SEVERAL OCCURRENCES

COLUMN 17 PEAK WIND IN M.P.H.

PRELIMINARY LOCAL CLIMATOLOGICAL DATA (WS FORM: F-6) , PAGE 2

                                          STATION:  AVOCA PA
                                          MONTH:    MARCH
                                          YEAR:     2013
                                          LATITUDE:   41 19 N
                                          LONGITUDE:  75 44 W

[TEMPERATURE DATA]      [PRECIPITATION DATA]       SYMBOLS USED IN COLUMN 16

AVERAGE MONTHLY: 34.8   TOTAL FOR MONTH:   1.62    1 = FOG OR MIST
DPTR FM NORMAL:  -2.1   DPTR FM NORMAL:   -0.93    2 = FOG REDUCING VISIBILITY
HIGHEST:    56 ON 30,10 GRTST 24HR  0.84 ON 12-12      TO 1/4 MILE OR LESS
LOWEST:     19 ON 21,18                            3 = THUNDER
                        SNOW, ICE PELLETS, HAIL    4 = ICE PELLETS
                        TOTAL MONTH:   6.5 INCHES  5 = HAIL
                        GRTST 24HR   2.5 ON 18-18  6 = FREEZING RAIN OR DRIZZLE
                        GRTST DEPTH:  M  ON   M    7 = DUSTSTORM OR SANDSTORM:
                                                       VSBY 1/2 MILE OR LESS
                                                   8 = SMOKE OR HAZE
[NO. OF DAYS WITH]      [WEATHER - DAYS WITH]      9 = BLOWING SNOW
                                                   X = TORNADO
MAX 32 OR BELOW:   3    0.01 INCH OR MORE:   8
MAX 90 OR ABOVE:   0    0.10 INCH OR MORE:   5
MIN 32 OR BELOW:  27    0.50 INCH OR MORE:   1
MIN  0 OR BELOW:   0    1.00 INCH OR MORE:   0

[HDD (BASE 65) ]
TOTAL THIS MO.   926    CLEAR  (SCALE 0-3)   4
DPTR FM NORMAL    55    PTCLDY (SCALE 4-7)  16
TOTAL FM JUL 1  5150    CLOUDY (SCALE 8-10) 11
DPTR FM NORMAL  -327

[CDD (BASE 65) ]
TOTAL THIS MO.     0
DPTR FM NORMAL     0    [PRESSURE DATA]
TOTAL FM JAN 1     0    HIGHEST SLP 30.37 ON  9
DPTR FM NORMAL     0    LOWEST  SLP 29.50 ON 25

[REMARKS]
#FINAL-03-13#
