000
CXUS51 KBGM 010621
CF6AVP
PRELIMINARY LOCAL CLIMATOLOGICAL DATA (WS FORM: F-6)

                                          STATION:   AVOCA PA
                                          MONTH:     FEBRUARY
                                          YEAR:      2013
                                          LATITUDE:   41 19 N
                                          LONGITUDE:  75 44 W

  TEMPERATURE IN F:       :PCPN:    SNOW:  WIND      :SUNSHINE: SKY     :PK WND
================================================================================
1   2   3   4   5  6A  6B    7    8   9   10  11  12  13   14  15   16   17  18
                                     12Z  AVG MX 2MIN
DY MAX MIN AVG DEP HDD CDD  WTR  SNW DPTH SPD SPD DIR MIN PSBL S-S WX    SPD DR
================================================================================

 1  27  17  22  -4  43   0    T  0.2    M 11.9 24 280   M    M   6 8      37 310
 2  20  12  16 -11  49   0 0.01  0.2    M  6.5 16 230   M    M   6 18     24 210
 3  29  16  23  -4  42   0    T  0.1    M  4.0 18 280   M    M   9 18     25 270
 4  28  16  22  -5  43   0    T    T    M  9.6 17 240   M    M   7        25 210
 5  31  22  27   0  38   0 0.03  1.1    M  1.5  7 230   M    M  10 18      9 220
 6  35  21  28   1  37   0    T    T    M  7.7 21 330   M    M   6 18     25 310
 7  33  14  24  -3  41   0 0.00  0.0    M  3.5 10 130   M    M   6        20 190
 8  36  28  32   5  33   0 0.32  4.5    M  6.0 14  50   M    M  10 18     25 150
 9  29  15  22  -6  43   0 0.02  1.0    M 14.2 26 320   M    M   7 1      37 320
10  38   9  24  -4  41   0 0.00  0.0    M  3.3 13 330   M    M   4        22 200
11  42  32  37   9  28   0 0.03  0.0    M  4.8 17 240   M    M   9 1      26 240
12  38  31  35   7  30   0 0.00  0.0    M 10.3 20 280   M    M  10        26 240
13  42  22  32   4  33   0 0.08  0.5    M  1.7 10 320   M    M   4 12     13 320
14  40  24  32   4  33   0 0.00  0.0    M  3.6 13 240   M    M   5 128    16 240
15  46  32  39  10  26   0 0.10  0.3    M  7.0 20 240   M    M   6 18     26 240
16  32  24  28  -1  37   0 0.01  0.1    M  8.1 17  30   M    M   5 1      22  30
17  24  14  19 -10  46   0    T    T    M 14.5 30 330   M    M   7        41 310
18  32  11  22  -7  43   0    T    T    M  7.8 21 320   M    M   4        28 330
19  39  30  35   5  30   0 0.08  0.7    M  8.0 23 260   M    M   5 1      30 270
20  31  21  26  -4  39   0    T    T    M 14.4 25 270   M    M   8 1      31 270
21  27  20  24  -6  41   0    T    T    M 11.8 22 330   M    M  10        31 350
22  37  17  27  -3  38   0    T    T    M  6.4 14 180   M    M   6        22 190
23  45  32  39   9  26   0 0.00  0.0    M  3.2  8 210   M    M  10        14 210
24  38  29  34   3  31   0    T    T    M  8.6 21 310   M    M   9 18     25 310
25  40  30  35   4  30   0 0.00  0.0    M  6.4 13 350   M    M   9        22 290
26  41  27  34   3  31   0 0.21  0.1    M  7.1 18  70   M    M   4 14     30  40
27  42  32  37   6  28   0 0.35  0.0    M  8.7 20  70   M    M  10 168    32 120
28  42  33  38   6  27   0 0.07    T    M  7.2 14 240   M    M   9 1      24 210
================================================================================
SM  984  631      1007   0  1.31     8.8 207.8          M      201
================================================================================
AV 35.1 22.5                               7.4 FASTST   M    M   7    MAX(MPH)
                                 MISC ---->  # 30 330               # 41  310
================================================================================
NOTES:
# LAST OF SEVERAL OCCURRENCES

COLUMN 17 PEAK WIND IN M.P.H.

PRELIMINARY LOCAL CLIMATOLOGICAL DATA (WS FORM: F-6) , PAGE 2

                                          STATION:  AVOCA PA
                                          MONTH:    FEBRUARY
                                          YEAR:     2013
                                          LATITUDE:   41 19 N
                                          LONGITUDE:  75 44 W

[TEMPERATURE DATA]      [PRECIPITATION DATA]       SYMBOLS USED IN COLUMN 16

AVERAGE MONTHLY: 28.8   TOTAL FOR MONTH:   1.31    1 = FOG OR MIST
DPTR FM NORMAL:   0.0   DPTR FM NORMAL:   -0.72    2 = FOG REDUCING VISIBILITY
HIGHEST:    46 ON 15    GRTST 24HR  0.56 ON 26-27      TO 1/4 MILE OR LESS
LOWEST:      9 ON 10                               3 = THUNDER
                        SNOW, ICE PELLETS, HAIL    4 = ICE PELLETS
                        TOTAL MONTH:   8.8 INCHES  5 = HAIL
                        GRTST 24HR   4.5 ON  8- 8  6 = FREEZING RAIN OR DRIZZLE
                        GRTST DEPTH:  M  ON   M    7 = DUSTSTORM OR SANDSTORM:
                                                       VSBY 1/2 MILE OR LESS
                                                   8 = SMOKE OR HAZE
[NO. OF DAYS WITH]      [WEATHER - DAYS WITH]      9 = BLOWING SNOW
                                                   X = TORNADO
MAX 32 OR BELOW:  11    0.01 INCH OR MORE:  12
MAX 90 OR ABOVE:   0    0.10 INCH OR MORE:   4
MIN 32 OR BELOW:  27    0.50 INCH OR MORE:   0
MIN  0 OR BELOW:   0    1.00 INCH OR MORE:   0

[HDD (BASE 65) ]
TOTAL THIS MO.  1007    CLEAR  (SCALE 0-3)   0
DPTR FM NORMAL    -8    PTCLDY (SCALE 4-7)  16
TOTAL FM JUL 1  4224    CLOUDY (SCALE 8-10) 12
DPTR FM NORMAL  -382

[CDD (BASE 65) ]
TOTAL THIS MO.     0
DPTR FM NORMAL     0    [PRESSURE DATA]
TOTAL FM JAN 1     0    HIGHEST SLP 30.48 ON 10
DPTR FM NORMAL     0    LOWEST  SLP 29.52 ON 27

[REMARKS]
#FINAL-02-13#
