000
CXUS51 KBGM 311752
CF6AVP
PRELIMINARY LOCAL CLIMATOLOGICAL DATA (WS FORM: F-6)

                                          STATION:   AVOCA PA
                                          MONTH:     DECEMBER
                                          YEAR:      2012
                                          LATITUDE:   41 19 N
                                          LONGITUDE:  75 44 W

  TEMPERATURE IN F:       :PCPN:    SNOW:  WIND      :SUNSHINE: SKY     :PK WND
================================================================================
1   2   3   4   5  6A  6B    7    8   9   10  11  12  13   14  15   16   17  18
                                     12Z  AVG MX 2MIN
DY MAX MIN AVG DEP HDD CDD  WTR  SNW DPTH SPD SPD DIR MIN PSBL S-S WX    SPD DR
================================================================================

 1  41  35  38   2  27   0    T  0.0    M  3.2  9 120   M    M  10        15  90
 2  51  39  45  10  20   0 0.04  0.0    M  3.7 13 180   M    M   6 18     20 220
 3  56  46  51  16  14   0 0.00  0.0    M  3.2  8 250   M    M   8 128    12 240
 4  63  48  56  21   9   0 0.02  0.0    M  4.4 13 230   M    M   5 18     26 180
 5  60  30  45  11  20   0 0.25    T    M 10.1 26 320   M    M   9 1      38 310
 6  40  25  33  -1  32   0 0.00  0.0    M  4.3 17 360   M    M   2        23 360
 7  37  27  32  -1  33   0 0.17  0.0    M  2.5 10 230   M    M   8 18     14 210
 8  48  37  43  10  22   0 0.16  0.0    M  2.3  9 230   M    M  10 12     12 210
 9  47  38  43  10  22   0 0.04  0.0    M  5.2 18 340   M    M  10 1      22 340
10  52  40  46  14  19   0 0.26  0.0    M  4.8 18 350   M    M  10 1      28 340
11  40  29  35   3  30   0 0.04  0.0    M  4.2 14 350   M    M   9 1      16 360
12  40  24  32   0  33   0 0.00  0.0    M  1.6  8 240   M    M   1        13 270
13  42  21  32   1  33   0 0.00  0.0    M  2.3  7 270   M    M   0         8 240
14  44  21  33   2  32   0 0.00  0.0    M  2.5 13 240   M    M   0 18     15 240
15  44  24  34   3  31   0 0.00  0.0    M  1.4  8 100   M    M   2 18     14 150
16  46  40  43  13  22   0 0.01  0.0    M  4.5 12 120   M    M  10        20 120
17  45  39  42  12  23   0 0.40  0.0    M  5.2 13 340   M    M  10 1      17 120
18  48  38  43  13  22   0 0.10  0.0    M  7.5 21 300   M    M  10 1      29 300
19  44  34  39  10  26   0 0.00  0.0    M 10.6 26 330   M    M   8        32 340
20  41  27  34   5  31   0 0.21    T    M  5.2 18 140   M    M   3 1      30 150
21  50  32  41  12  24   0 1.32  0.5    M 13.2 30 130   M    M  10 1      47 140
22  34  30  32   3  33   0 0.03  1.0    M 16.4 29 290   M    M  10 1      40 290
23  36  28  32   4  33   0 0.00  0.0    M  9.6 20 240   M    M   5        25 280
24  36  24  30   2  35   0 0.02  0.0    0  3.5  9  30   M    M   6 18     13 250
25  34  24  29   1  36   0    T  0.3    0  6.7 20 330   M    M  10 1      23 320
26  31  21  26  -2  39   0 0.42  2.5    0  8.8 21  60   M    M   8 12     32  60
27  34  25  30   2  35   0 0.08  0.5    0 11.7 29 330   M    M  10 18     38 330
28  31  25  28   1  37   0 0.00  0.0    0  8.3 22 330   M    M  10        28 330
29  28  25  27   0  38   0 0.35  5.3    5  5.1 21 320   M    M  10 12     29 340
30  29  21  25  -2  40   0    T  0.1    0 11.7 28 320   M    M   9 8      39 300
================================================================================
SM 1272  917       851   0  3.92    10.2 183.7          M      219
================================================================================
AV 42.4 30.6                               6.1 FASTST   M    M   7    MAX(MPH)
                                 MISC ---->  # 30 130               # 47  140
================================================================================
NOTES:
# LAST OF SEVERAL OCCURRENCES

COLUMN 17 PEAK WIND IN M.P.H.

PRELIMINARY LOCAL CLIMATOLOGICAL DATA (WS FORM: F-6) , PAGE 2

                                          STATION:  AVOCA PA
                                          MONTH:    DECEMBER
                                          YEAR:     2012
                                          LATITUDE:   41 19 N
                                          LONGITUDE:  75 44 W

[TEMPERATURE DATA]      [PRECIPITATION DATA]       SYMBOLS USED IN COLUMN 16

AVERAGE MONTHLY: 36.5   TOTAL FOR MONTH:   3.92    1 = FOG OR MIST
DPTR FM NORMAL:   5.7   DPTR FM NORMAL:    1.31    2 = FOG REDUCING VISIBILITY
HIGHEST:    63 ON  4    GRTST 24HR  1.53 ON 20-21      TO 1/4 MILE OR LESS
LOWEST:     21 ON 30,26                            3 = THUNDER
                        SNOW, ICE PELLETS, HAIL    4 = ICE PELLETS
                        TOTAL MONTH:  10.2 INCHES  5 = HAIL
                        GRTST 24HR   5.3 ON   M    6 = FREEZING RAIN OR DRIZZLE
                        GRTST DEPTH:   5 ON 29     7 = DUSTSTORM OR SANDSTORM:
                                                       VSBY 1/2 MILE OR LESS
                                                   8 = SMOKE OR HAZE
[NO. OF DAYS WITH]      [WEATHER - DAYS WITH]      9 = BLOWING SNOW
                                                   X = TORNADO
MAX 32 OR BELOW:   4    0.01 INCH OR MORE:  18
MAX 90 OR ABOVE:   0    0.10 INCH OR MORE:  10
MIN 32 OR BELOW:  19    0.50 INCH OR MORE:   1
MIN  0 OR BELOW:   0    1.00 INCH OR MORE:   1

[HDD (BASE 65) ]
TOTAL THIS MO.   851    CLEAR  (SCALE 0-3)   6
DPTR FM NORMAL  -176    PTCLDY (SCALE 4-7)   6
TOTAL FM JUL 1  2078    CLOUDY (SCALE 8-10) 18
DPTR FM NORMAL  -262

[CDD (BASE 65) ]
TOTAL THIS MO.     0
DPTR FM NORMAL     0    [PRESSURE DATA]
TOTAL FM JAN 1   864    HIGHEST SLP M ON M
DPTR FM NORMAL   284    LOWEST  SLP 29.12 ON 21

[REMARKS]
