000
CXUS51 KBGM 022059 CCA
CF6AVP

PRELIMINARY LOCAL CLIMATOLOGICAL DATA (WS FORM: F-6)

                                          STATION:   AVOCA PA
                                          MONTH:     DECEMBER
                                          YEAR:      2017
                                          LATITUDE:   41 19 N
                                          LONGITUDE:  75 44 W

  TEMPERATURE IN F:       :PCPN:    SNOW:  WIND      :SUNSHINE: SKY     :PK WND
================================================================================
1   2   3   4   5  6A  6B    7    8   9   10  11  12  13   14  15   16   17  18
                                     12Z  AVG MX 2MIN
DY MAX MIN AVG DEP HDD CDD  WTR  SNW DPTH SPD SPD DIR MIN PSBL S-S WX    SPD DR
================================================================================

 1  47  30  39   3  26   0 0.00  0.0    M  6.7 14 340   M    M   6 1      20 340
 2  47  27  37   2  28   0 0.00  0.0    M  3.2  9 170   M    M   1        16 200
 3  47  31  39   4  26   0 0.00  0.0    M  3.4  8 100   M    M   4 18     10  90
 4  50  26  38   3  27   0 0.00  0.0    M  3.3 13 210   M    M   1 18     21 170
 5  54  47  51  17  14   0 0.32  0.0    M  7.5 26 270   M    M   9 1      32 270
 6  51  30  41   7  24   0 0.05  0.0    M  9.4 23 240   M    M   3 1      31 240
 7  40  30  35   2  30   0    T    T    M 10.9 26 250   M    M   3        33 250
 8  31  25  28  -5  37   0 0.00  0.0    M  6.7 15 250   M    M   0        18 240
 9  30  23  27  -6  38   0 0.17  2.3    M  1.7  7 250   M    M   8 18      9 220
10  34  21  28  -4  37   0 0.00  0.0    M  8.4 18 250   M    M   7 18     25 260
11  35  28  32   0  33   0    T    T    M  5.6 15 230   M    M   8        20 300
12  40  18  29  -3  36   0    T    T    M  9.8 24 320   M    M  10 8      32 320
13  27  15  21 -10  44   0 0.07  1.0    M 11.8 26 280   M    M   7 18     36 300
14  25  11  18 -13  47   0 0.09  1.3    M  7.0 21 330   M    M   6 1      26 330
15  22   8  15 -16  50   0 0.04  0.3    M  2.4 13 240   M    M   6 18     17 240
16  32  15  24  -6  41   0 0.01  0.2    M  6.4 15 230   M    M   8 18     20 220
17  32  26  29  -1  36   0 0.00  0.0    M  1.4  6  40   M    M   6 8       7  40
18  42  31  37   7  28   0    T  0.0    M  4.6 16 230   M    M  10 18     23 230
19  52  40  46  17  19   0    T  0.0    M 10.5 23 240   M    M   7 1      29 240
20  47  30  39  10  26   0    T  0.0    M 10.3 22 330   M    M   5        29 340
21  36  29  33   4  32   0 0.00  0.0    M  5.2 17 360   M    M   7        23 360
22  41  31  36   7  29   0    T  0.0    M  3.6 13 220   M    M  10        18 220
23  45  34  40  12  25   0 0.78    T    M  5.0 24 330   M    M  10 128    33 320
24  39  31  35   7  30   0 0.02    T    M  6.5 18  10   M    M   6 18     25  10
25  34  21  28   0  37   0 0.03  0.5    M 14.9 31 270   M    M   8 18     45 260
26  23  13  18 -10  47   0 0.00  0.0    M 11.3 25 260   M    M   3        33 260
27  20   6  13 -15  52   0 0.00  0.0    M  7.5 20 320   M    M   2        27 330
28  15   6  11 -16  54   0 0.00  0.0    M 10.8 22 330   M    M   2        27 330
29  18   7  13 -14  52   0 0.01    T    M  3.2 13 340   M    M   4 18     16 340
30  21   9  15 -12  50   0 0.09  1.5    M  4.9 14 290   M    M   9 18     18 250
31  14   3   9 -18  56   0    T    T    M 10.0 17 330   M    M   4 8      24 310
================================================================================
SM 1091  702      1111   0  1.68     7.1 213.9          M      180
================================================================================
AV 35.2 22.6                               6.9 FASTST   M    M   6    MAX(MPH)
                                 MISC ---->  # 31 270               # 45  260
================================================================================
NOTES:
# LAST OF SEVERAL OCCURRENCES

COLUMN 17 PEAK WIND IN M.P.H.

PRELIMINARY LOCAL CLIMATOLOGICAL DATA (WS FORM: F-6) , PAGE 2

                                          STATION:  AVOCA PA
                                          MONTH:    DECEMBER
                                          YEAR:     2017
                                          LATITUDE:   41 19 N
                                          LONGITUDE:  75 44 W

[TEMPERATURE DATA]      [PRECIPITATION DATA]       SYMBOLS USED IN COLUMN 16

AVERAGE MONTHLY: 28.9   TOTAL FOR MONTH:   1.68    1 = FOG OR MIST
DPTR FM NORMAL:  -1.7   DPTR FM NORMAL:   -1.00    2 = FOG REDUCING VISIBILITY
HIGHEST:    54 ON  5    GRTST 24HR  0.78 ON 23-23      TO 1/4 MILE OR LESS
LOWEST:      3 ON 31                               3 = THUNDER
                        SNOW, ICE PELLETS, HAIL    4 = ICE PELLETS
                        TOTAL MONTH:   7.1 INCHES  5 = HAIL
                        GRTST 24HR   2.3 ON  9- 9  6 = FREEZING RAIN OR DRIZZLE
                        GRTST DEPTH:   M           7 = DUSTSTORM OR SANDSTORM:
                                                       VSBY 1/2 MILE OR LESS
                                                   8 = SMOKE OR HAZE
[NO. OF DAYS WITH]      [WEATHER - DAYS WITH]      9 = BLOWING SNOW
                                                   X = TORNADO
MAX 32 OR BELOW:  13    0.01 INCH OR MORE:  12
MAX 90 OR ABOVE:   0    0.10 INCH OR MORE:   3
MIN 32 OR BELOW:  28    0.50 INCH OR MORE:   1
MIN  0 OR BELOW:   0    1.00 INCH OR MORE:   0

[HDD (BASE 65) ]
TOTAL THIS MO.  1111    CLEAR  (SCALE 0-3)   8
DPTR FM NORMAL    46    PTCLDY (SCALE 4-7)  16
TOTAL FM JUL 1  2151    CLOUDY (SCALE 8-10)  7
DPTR FM NORMAL  -227

[CDD (BASE 65) ]
TOTAL THIS MO.     0
DPTR FM NORMAL     0    [PRESSURE DATA]
TOTAL FM JAN 1   804    HIGHEST SLP 30.60 ON 28
DPTR FM NORMAL   224    LOWEST  SLP 29.44 ON 12

[REMARKS]
#FINAL-12-17#
CORRECTED SNOWFALL TOTAL AND SNOWFALL ON DAY 29
CORRECTED SNOW DEPTH FOR DAY 31 AND GREATEST
