000
CXUS51 KBGM 011408
CF6AVP
PRELIMINARY LOCAL CLIMATOLOGICAL DATA (WS FORM: F-6)

                                          STATION:   AVOCA PA
                                          MONTH:     SEPTEMBER
                                          YEAR:      2014
                                          LATITUDE:   41 19 N
                                          LONGITUDE:  75 44 W

  TEMPERATURE IN F:       :PCPN:    SNOW:  WIND      :SUNSHINE: SKY     :PK WND
================================================================================
1   2   3   4   5  6A  6B    7    8   9   10  11  12  13   14  15   16   17  18
                                     12Z  AVG MX 2MIN
DY MAX MIN AVG DEP HDD CDD  WTR  SNW DPTH SPD SPD DIR MIN PSBL S-S WX    SPD DR
================================================================================

 1  87  68  78  11   0  13 0.00  0.0    M  2.8 14 250   M    M   7 1      18 260
 2  89  69  79  12   0  14 0.03  0.0    M  7.2 16 270   M    M   3 1      23 260
 3  82  63  73   6   0   8 0.00  0.0    M  4.4 12 300   M    M   2        14 310
 4  85  59  72   6   0   7    T  0.0    M  4.4 13 230   M    M   1        18 200
 5  88  69  79  13   0  14 0.00  0.0    M  4.0 13 250   M    M   3 18     18 210
 6  88  61  75   9   0  10 0.15  0.0    M  6.3 18 350   M    M   5 18     25 350
 7  75  56  66   1   0   1 0.00  0.0    M  5.9 14 320   M    M   4        23 320
 8  75  52  64  -1   1   0 0.00  0.0    M  4.4 12 120   M    M   1        22 120
 9  72  62  67   2   0   2 0.00  0.0    M  5.4 12 130   M    M   8        17 130
10  74  60  67   3   0   2 0.00  0.0    M  4.8 15 170   M    M   8        26 150
11  80  61  71   7   0   6 0.07  0.0    M  9.1 17 340   M    M   7 18     25 260
12  65  48  57  -7   8   0 0.00  0.0    M  9.6 17 340   M    M   7        23 340
13  60  47  54  -9  11   0 0.21  0.0    M  4.4 12 230   M    M   5 1      17 120
14  65  45  55  -8  10   0 0.00  0.0    M  6.6 16  30   M    M   4        21  30
15  69  44  57  -6   8   0 0.00  0.0    M  3.9 15 240   M    M   2        19 240
16  68  48  58  -4   7   0 0.02  0.0    M  5.0 17 330   M    M   6 1      21 330
17  69  43  56  -6   9   0 0.00  0.0    M  5.2 13 240   M    M   3 12     17 250
18  73  45  59  -2   6   0 0.00  0.0    M  5.5 16 350   M    M   4        23 310
19  68  44  56  -5   9   0 0.00  0.0    M  4.5 13 140   M    M   3        24 140
20  74  57  66   5   0   1 0.00  0.0    M  5.9 15 210   M    M   7        25 210
21  83  56  70  10   0   5 0.20  0.0    M  4.7 22 310   M    M   3 18     29 300
22  62  46  54  -6  11   0 0.00  0.0    M  8.9 21 320   M    M   7        28 330
23  70  41  56  -3   9   0 0.00  0.0    M  3.5  9 100   M    M   0        12 320
24  72  50  61   2   4   0 0.00  0.0    M  4.5 10 130   M    M   1        16 130
25  67  51  59   0   6   0    T  0.0    M  5.7 14  30   M    M   4        17  70
26  78  46  62   4   3   0 0.00  0.0    M  4.5 15  10   M    M   0 1      20 330
27  84  48  66   8   0   1 0.00  0.0    M  4.4 12  10   M    M   0        15  40
28  83  52  68  11   0   3 0.00  0.0    M  3.2 10 280   M    M   0        14 260
29  74  58  66   9   0   1 0.00  0.0    M  3.6  9 250   M    M   0        11 250
30  74  57  66  10   0   1 0.01  0.0    M  3.8  8 180   M    M   5 18     14 190
================================================================================
SM 2253 1606       102  89  0.69     0.0 156.1          M      110
================================================================================
AV 75.1 53.5                               5.2 FASTST   M    M   4    MAX(MPH)
                                 MISC ---->  # 22 310               # 29  300
================================================================================
NOTES:
# LAST OF SEVERAL OCCURRENCES

COLUMN 17 PEAK WIND IN M.P.H.

PRELIMINARY LOCAL CLIMATOLOGICAL DATA (WS FORM: F-6) , PAGE 2

                                          STATION:  AVOCA PA
                                          MONTH:    SEPTEMBER
                                          YEAR:     2014
                                          LATITUDE:   41 19 N
                                          LONGITUDE:  75 44 W

[TEMPERATURE DATA]      [PRECIPITATION DATA]       SYMBOLS USED IN COLUMN 16

AVERAGE MONTHLY: 64.3   TOTAL FOR MONTH:   0.69    1 = FOG OR MIST
DPTR FM NORMAL:   2.1   DPTR FM NORMAL:   -3.38    2 = FOG REDUCING VISIBILITY
HIGHEST:    89 ON  2    GRTST 24HR  0.22 ON 31- 1      TO 1/4 MILE OR LESS
LOWEST:     41 ON 23                               3 = THUNDER
                        SNOW, ICE PELLETS, HAIL    4 = ICE PELLETS
                        TOTAL MONTH:   0.0 INCH    5 = HAIL
                        GRTST 24HR     0.0         6 = FREEZING RAIN OR DRIZZLE
                        GRTST DEPTH:  M  ON   M    7 = DUSTSTORM OR SANDSTORM:
                                                       VSBY 1/2 MILE OR LESS
                                                   8 = SMOKE OR HAZE
[NO. OF DAYS WITH]      [WEATHER - DAYS WITH]      9 = BLOWING SNOW
                                                   X = TORNADO
MAX 32 OR BELOW:   0    0.01 INCH OR MORE:   7
MAX 90 OR ABOVE:   0    0.10 INCH OR MORE:   3
MIN 32 OR BELOW:   0    0.50 INCH OR MORE:   0
MIN  0 OR BELOW:   0    1.00 INCH OR MORE:   0

[HDD (BASE 65) ]
TOTAL THIS MO.   102    CLEAR  (SCALE 0-3)  14
DPTR FM NORMAL   -34    PTCLDY (SCALE 4-7)  16
TOTAL FM JUL 1   113    CLOUDY (SCALE 8-10)  0
DPTR FM NORMAL   -49

[CDD (BASE 65) ]
TOTAL THIS MO.    89
DPTR FM NORMAL    37    [PRESSURE DATA]
TOTAL FM JAN 1   675    HIGHEST SLP 30.55 ON 24
DPTR FM NORMAL    99    LOWEST  SLP 29.58 ON 21

[REMARKS]
#FINAL-09-14#
