000
CXUS51 KBGM 010800
CF6AVP
PRELIMINARY LOCAL CLIMATOLOGICAL DATA (WS FORM: F-6)

                                          STATION:   AVOCA PA
                                          MONTH:     APRIL
                                          YEAR:      2016
                                          LATITUDE:   41 19 N
                                          LONGITUDE:  75 44 W

  TEMPERATURE IN F:       :PCPN:    SNOW:  WIND      :SUNSHINE: SKY     :PK WND
================================================================================
1   2   3   4   5  6A  6B    7    8   9   10  11  12  13   14  15   16   17  18
                                     12Z  AVG MX 2MIN
DY MAX MIN AVG DEP HDD CDD  WTR  SNW DPTH SPD SPD DIR MIN PSBL S-S WX    SPD DR
================================================================================

 1  73  50  62  19   3   0    T  0.0    M 10.2 25 240   M    M   7        35 240
 2  58  33  46   3  19   0 0.29    T    M 10.1 26 260   M    M   8 12     34 260
 3  36  25  31 -13  34   0 0.06  2.2    M 15.1 37 310   M    M   6 128    48 320
 4  44  25  35  -9  30   0 0.08    T    M  8.9 21 330   M    M  10 1      26  20
 5  36  20  28 -16  37   0 0.00  0.0    M 10.8 22 330   M    M   2        29 340
 6  48  21  35 -10  30   0 0.00  0.0    M  8.9 22 180   M    M   2        32 170
 7  52  40  46   1  19   0 1.34  0.0    M  9.3 26 260   M    M   8 1      34 260
 8  42  31  37  -9  28   0    T    T    M 10.6 23 250   M    M   6 8      31 240
 9  36  27  32 -14  33   0 0.07    T    M  8.7 22 330   M    M   7 128    30 330
10  43  23  33 -14  32   0 0.00  0.0    M  7.5 17 260   M    M   4        25 230
11  58  39  49   2  16   0 0.04  0.0    M  7.9 16 210   M    M   9        25 220
12  57  33  45  -2  20   0 0.25    M    M  9.5 24 310   M    M   6 1      29 350
13  54  31  43  -5  22   0 0.00  0.0    M  6.3 15  10   M    M   2        21  30
14  61  34  48   0  17   0 0.00  0.0    M  4.2 13 360   M    M   1        17  10
15  68  40  54   5  11   0 0.00  0.0    M  5.7 10  20   M    M   0 8      15 320
16  72  42  57   8   8   0 0.00  0.0    M  7.3 12  20   M    M   0        16  40
17  77  41  59  10   6   0 0.00  0.0    M  5.5 15 300   M    M   0        17 280
18  78  42  60  10   5   0 0.00  0.0    M  5.0 17 340   M    M   0        21 350
19  63  42  53   3  12   0 0.00  0.0    M 11.1 23 330   M    M   2        31 340
20  69  35  52   2  13   0 0.00  0.0    M  4.5 14 350   M    M   0        21 350
21  75  38  57   6   8   0    T  0.0    M  6.7 20 250   M    M   2        23 250
22  75  57  66  15   0   1    T  0.0    M  5.6 17 260   M    M   5 8      22 260
23  62  41  52   0  13   0 0.10  0.0    M 11.9 22 340   M    M   6 1      29 330
24  64  32  48  -4  17   0 0.00  0.0    M  5.9 18 330   M    M   0        24 340
25  69  47  58   6   7   0 0.02  0.0    M  4.0 16 340   M    M   4        18 350
26  71  42  57   4   8   0 0.28  0.0    M  8.2 22  10   M    M   8 1238   31  10
27  63  40  52  -1  13   0 0.00  0.0    M  4.5 13 350   M    M   4        15 350
28  56  39  48  -5  17   0 0.09  0.0    M  4.4 13  10   M    M   5 1      17 350
29  55  42  49  -5  16   0 0.07  0.0    M  2.1 12 120   M    M  10 18     18 180
30  56  41  49  -5  16   0    T  0.0    0  2.6 13 160   M    M  10        19 170
================================================================================
SM 1771 1093       510   1  2.69     2.2 223.0          M      134
================================================================================
AV 59.0 36.4                               7.4 FASTST   M    M   4    MAX(MPH)
                                 MISC ---->  # 37 310               # 48  320
================================================================================
NOTES:
# LAST OF SEVERAL OCCURRENCES

COLUMN 17 PEAK WIND IN M.P.H.

PRELIMINARY LOCAL CLIMATOLOGICAL DATA (WS FORM: F-6) , PAGE 2

                                          STATION:  AVOCA PA
                                          MONTH:    APRIL
                                          YEAR:     2016
                                          LATITUDE:   41 19 N
                                          LONGITUDE:  75 44 W

[TEMPERATURE DATA]      [PRECIPITATION DATA]       SYMBOLS USED IN COLUMN 16

AVERAGE MONTHLY: 47.7   TOTAL FOR MONTH:   2.69    1 = FOG OR MIST
DPTR FM NORMAL:  -0.9   DPTR FM NORMAL:   -0.64    2 = FOG REDUCING VISIBILITY
HIGHEST:    78 ON 18    GRTST 24HR  1.34 ON  7- 7      TO 1/4 MILE OR LESS
LOWEST:     20 ON  5                               3 = THUNDER
                        SNOW, ICE PELLETS, HAIL    4 = ICE PELLETS
                        TOTAL MONTH:   2.2 INCHES  5 = HAIL
                        GRTST 24HR   2.2 ON   M    6 = FREEZING RAIN OR DRIZZLE
                        GRTST DEPTH:   0           7 = DUSTSTORM OR SANDSTORM:
                                                       VSBY 1/2 MILE OR LESS
                                                   8 = SMOKE OR HAZE
[NO. OF DAYS WITH]      [WEATHER - DAYS WITH]      9 = BLOWING SNOW
                                                   X = TORNADO
MAX 32 OR BELOW:   0    0.01 INCH OR MORE:  12
MAX 90 OR ABOVE:   0    0.10 INCH OR MORE:   5
MIN 32 OR BELOW:   9    0.50 INCH OR MORE:   1
MIN  0 OR BELOW:   0    1.00 INCH OR MORE:   1

[HDD (BASE 65) ]
TOTAL THIS MO.   510    CLEAR  (SCALE 0-3)  12
DPTR FM NORMAL    14    PTCLDY (SCALE 4-7)  12
TOTAL FM JUL 1  4711    CLOUDY (SCALE 8-10)  6
DPTR FM NORMAL -1262

[CDD (BASE 65) ]
TOTAL THIS MO.     1
DPTR FM NORMAL    -5    [PRESSURE DATA]
TOTAL FM JAN 1     1    HIGHEST SLP 30.45 ON 16
DPTR FM NORMAL    -5    LOWEST  SLP 29.29 ON  3

[REMARKS]
#FINAL-04-16#
