000
CXUS51 KBGM 030258
CF6AVP
PRELIMINARY LOCAL CLIMATOLOGICAL DATA (WS FORM: F-6)

                                          STATION:   AVOCA PA
                                          MONTH:     NOVEMBER
                                          YEAR:      2016
                                          LATITUDE:   41 19 N
                                          LONGITUDE:  75 44 W

  TEMPERATURE IN F:       :PCPN:    SNOW:  WIND      :SUNSHINE: SKY     :PK WND
================================================================================
1   2   3   4   5  6A  6B    7    8   9   10  11  12  13   14  15   16   17  18
                                     12Z  AVG MX 2MIN
DY MAX MIN AVG DEP HDD CDD  WTR  SNW DPTH SPD SPD DIR MIN PSBL S-S WX    SPD DR
================================================================================

 1  53  29  41  -5  24   0 0.00  0.0    M  4.5 13 200   M    M   5 8      19 200
 2  71  43  57  11   8   0 0.00  0.0    M  3.1 12 230   M    M   1 1      16 230
 3  67  50  59  13   6   0    T  0.0    M  5.0 21 340   M    M   5 18     26 330
 4  55  32  44  -1  21   0 0.00  0.0    M  8.5 20 350   M    M   5        25 330
 5  61  33  47   2  18   0 0.00  0.0    M  5.3 12 230   M    M   5        16 230
 6  54  32  43  -2  22   0 0.00  0.0    M  7.7 20 330   M    M   2        26  10
 7  57  28  43  -1  22   0 0.00  0.0    M  2.7  8 110   M    M   0        11 100
 8  65  30  48   4  17   0 0.00  0.0    M  3.3 10 240   M    M   0        14 250
 9  51  42  47   3  18   0 0.31  0.0    M  5.8 20 340   M    M  10 1      26 340
10  54  38  46   3  19   0 0.00  0.0    M  6.9 15 230   M    M   3        21 220
11  56  38  47   4  18   0    T  0.0    M 13.5 25 340   M    M   5        35 340
12  49  33  41  -2  24   0 0.00  0.0    M  6.4 16 350   M    M   1        23 360
13  55  37  46   4  19   0 0.00  0.0    M  8.7 16 230   M    M   0        25 230
14  60  31  46   4  19   0 0.00  0.0    M  3.8 12 230   M    M   0        15 230
15  55  40  48   6  17   0 0.00  0.0    M  3.1 13  20   M    M   9        16  30
16  56  38  47   6  18   0    T  0.0    M  5.6 15 230   M    M   6 18     20 230
17  56  36  46   5  19   0 0.00  0.0    M  5.7 15 310   M    M   7        18 310
18  63  31  47   6  18   0 0.00  0.0    M  2.6  8 100   M    M   0 18     11 100
19  70  33  52  12  13   0 0.35  3.2    M  7.5 25 230   M    M   3 1      37 230
20  35  32  34  -6  31   0 0.20  2.5    M 14.1 32 290   M    M  10 18     47 290
21  36  30  33  -7  32   0 0.01    T    M 17.8 29 290   M    M   9 8      39 270
22  34  31  33  -6  32   0    T    T    M 11.6 25 330   M    M  10        37 290
23  40  29  35  -4  30   0    T  0.0    M  5.8 24 320   M    M   4        30 310
24  41  36  39   1  26   0 0.13  0.0    M  2.1  8  40   M    M   9 1      12 110
25  46  37  42   4  23   0 0.00  0.0    M  1.3  6 220   M    M   9 18      7 230
26  43  37  40   2  25   0 0.08  0.0    M  2.6  9 300   M    M  10 1      13 290
27  45  31  38   1  27   0 0.00  0.0    M  4.8 17 340   M    M   8        22 330
28  51  28  40   3  25   0 0.00  0.0    M  4.1 12 180   M    M   1        18 190
29  56  45  51  15  14   0 0.41  0.0    M  4.6 20 150   M    M   9 12     37 160
30  54  50  52  16  13   0 0.59  0.0    M  6.6 22 110   M    M   9 1      33 120
================================================================================
SM 1589 1060       618   0  2.08     5.7 185.1          M      155
================================================================================
AV 53.0 35.3                               6.2 FASTST   M    M   5    MAX(MPH)
                                 MISC ---->  # 32 290               # 47  290
================================================================================
NOTES:
# LAST OF SEVERAL OCCURRENCES

COLUMN 17 PEAK WIND IN M.P.H.

PRELIMINARY LOCAL CLIMATOLOGICAL DATA (WS FORM: F-6) , PAGE 2

                                          STATION:  AVOCA PA
                                          MONTH:    NOVEMBER
                                          YEAR:     2016
                                          LATITUDE:   41 19 N
                                          LONGITUDE:  75 44 W

[TEMPERATURE DATA]      [PRECIPITATION DATA]       SYMBOLS USED IN COLUMN 16

AVERAGE MONTHLY: 44.2   TOTAL FOR MONTH:   2.08    1 = FOG OR MIST
DPTR FM NORMAL:   2.8   DPTR FM NORMAL:   -1.06    2 = FOG REDUCING VISIBILITY
HIGHEST:    71 ON  2    GRTST 24HR  0.59 ON 30-30      TO 1/4 MILE OR LESS
LOWEST:     28 ON 28, 7                            3 = THUNDER
                        SNOW, ICE PELLETS, HAIL    4 = ICE PELLETS
                        TOTAL MONTH:   5.7 INCHES  5 = HAIL
                        GRTST 24HR   3.2 ON   M    6 = FREEZING RAIN OR DRIZZLE
                        GRTST DEPTH:  M  ON   M    7 = DUSTSTORM OR SANDSTORM:
                                                       VSBY 1/2 MILE OR LESS
                                                   8 = SMOKE OR HAZE
[NO. OF DAYS WITH]      [WEATHER - DAYS WITH]      9 = BLOWING SNOW
                                                   X = TORNADO
MAX 32 OR BELOW:   0    0.01 INCH OR MORE:   8
MAX 90 OR ABOVE:   0    0.10 INCH OR MORE:   6
MIN 32 OR BELOW:  13    0.50 INCH OR MORE:   1
MIN  0 OR BELOW:   0    1.00 INCH OR MORE:   0

[HDD (BASE 65) ]
TOTAL THIS MO.   618    CLEAR  (SCALE 0-3)  11
DPTR FM NORMAL   -92    PTCLDY (SCALE 4-7)   9
TOTAL FM JUL 1  1018    CLOUDY (SCALE 8-10) 10
DPTR FM NORMAL  -295

[CDD (BASE 65) ]
TOTAL THIS MO.     0
DPTR FM NORMAL     0    [PRESSURE DATA]
TOTAL FM JAN 1   998    HIGHEST SLP 30.51 ON  7
DPTR FM NORMAL   418    LOWEST  SLP 29.41 ON 30

[REMARKS]
#FINAL-11-16#
