000
CXUS51 KBGM 010547
CF6AVP
PRELIMINARY LOCAL CLIMATOLOGICAL DATA (WS FORM: F-6)

                                          STATION:   AVOCA PA
                                          MONTH:     AUGUST
                                          YEAR:      2014
                                          LATITUDE:   41 19 N
                                          LONGITUDE:  75 44 W

  TEMPERATURE IN F:       :PCPN:    SNOW:  WIND      :SUNSHINE: SKY     :PK WND
================================================================================
1   2   3   4   5  6A  6B    7    8   9   10  11  12  13   14  15   16   17  18
                                     12Z  AVG MX 2MIN
DY MAX MIN AVG DEP HDD CDD  WTR  SNW DPTH SPD SPD DIR MIN PSBL S-S WX    SPD DR
================================================================================

 1  83  62  73   2   0   8 0.25  0.0    M  2.6 12 180   M    M   2 8      20 180
 2  79  65  72   1   0   7 0.05  0.0    M  1.8  8 130   M    M   9 18     13 100
 3  78  65  72   1   0   7 0.00  0.0    M  2.2 10 230   M    M   8        14 240
 4  83  64  74   3   0   9    T  0.0    M  4.2 10 360   M    M   6        14 360
 5  87  61  74   3   0   9 0.02  0.0    M  3.5 17 340   M    M   3        25 340
 6  83  59  71   0   0   6    T  0.0    M  5.5 16 310   M    M   6 1      23 310
 7  81  53  67  -4   0   2 0.00  0.0    M  5.7 20 330   M    M   1        26 360
 8  81  51  66  -5   0   1 0.00  0.0    M  4.8 13 350   M    M   1        18 350
 9  85  54  70  -1   0   5 0.00  0.0    M  4.8 12 330   M    M   1        17 310
10  88  57  73   3   0   8 0.00  0.0    M  3.3 10 270   M    M   4        14 190
11  85  63  74   4   0   9 0.00  0.0    M  5.7 17 200   M    M   3        24 200
12  74  66  70   0   0   5 0.51  0.0    M  3.8 15 140   M    M  10 1      26 130
13  77  61  69  -1   0   4 1.42  0.0    M  4.3 20 310   M    M   8 128    25 320
14  77  53  65  -5   0   0    T  0.0    M  6.1 21 240   M    M   5        28 250
15  69  51  60 -10   5   0 0.00  0.0    M  5.1 16 330   M    M   5        21 330
16  75  50  63  -7   2   0    T  0.0    M  4.4 15 250   M    M   1        20 260
17  78  57  68  -2   0   3 0.06  0.0    M  5.5 17 350   M    M   6 1      23 320
18  78  53  66  -4   0   1 0.00  0.0    M  4.6 13 320   M    M   2        20 330
19  83  55  69  -1   0   4 0.00  0.0    M  3.7  9 310   M    M   4        13 220
20  83  64  74   5   0   9    T  0.0    M  4.2 12 230   M    M   5        18 200
21  86  68  77   8   0  12    T  0.0    M  5.4 16 220   M    M   6 13     25 210
22  74  66  70   1   0   5 0.82  0.0    M  4.2 12 120   M    M   8 13     21 110
23  69  62  66  -3   0   1 0.34  0.0    M  1.5  7  70   M    M  10 18     10  30
24  81  61  71   2   0   6 0.00  0.0    M  3.2  9 100   M    M   5 1      13 110
25  85  56  71   2   0   6 0.00  0.0    M  3.5  9 310   M    M   1        13 300
26  85  59  72   4   0   7 0.00  0.0    M  4.5 15 270   M    M   0        18 270
27  88  60  74   6   0   9 0.33  0.0    M  3.9 14  20   M    M   4 18     17  10
28  75  54  65  -3   0   0 0.00  0.0    M  8.1 18 320   M    M   4        28 340
29  76  50  63  -5   2   0 0.00  0.0    M  2.0 10 160   M    M   1        18 160
30  75  60  68   0   0   3 0.00  0.0    M  5.5 12 200   M    M   8        21 190
31  82  69  76   9   0  11 0.22  0.0    0  4.8 17 280   M    M   7 18     22 290
================================================================================
SM 2483 1829         9 157  4.02     0.0 132.4          M      144
================================================================================
AV 80.1 59.0                               4.3 FASTST   M    M   5    MAX(MPH)
                                 MISC ---->  # 21 240               # 28  250
================================================================================
NOTES:
# LAST OF SEVERAL OCCURRENCES

COLUMN 17 PEAK WIND IN M.P.H.

PRELIMINARY LOCAL CLIMATOLOGICAL DATA (WS FORM: F-6) , PAGE 2

                                          STATION:  AVOCA PA
                                          MONTH:    AUGUST
                                          YEAR:     2014
                                          LATITUDE:   41 19 N
                                          LONGITUDE:  75 44 W

[TEMPERATURE DATA]      [PRECIPITATION DATA]       SYMBOLS USED IN COLUMN 16

AVERAGE MONTHLY: 69.5   TOTAL FOR MONTH:   4.02    1 = FOG OR MIST
DPTR FM NORMAL:  -0.2   DPTR FM NORMAL:    0.61    2 = FOG REDUCING VISIBILITY
HIGHEST:    88 ON 27,10 GRTST 24HR  1.44 ON 12-13      TO 1/4 MILE OR LESS
LOWEST:     50 ON 29,16                            3 = THUNDER
                        SNOW, ICE PELLETS, HAIL    4 = ICE PELLETS
                        TOTAL MONTH:   0.0 INCH    5 = HAIL
                        GRTST 24HR     0.0         6 = FREEZING RAIN OR DRIZZLE
                        GRTST DEPTH:   0           7 = DUSTSTORM OR SANDSTORM:
                                                       VSBY 1/2 MILE OR LESS
                                                   8 = SMOKE OR HAZE
[NO. OF DAYS WITH]      [WEATHER - DAYS WITH]      9 = BLOWING SNOW
                                                   X = TORNADO
MAX 32 OR BELOW:   0    0.01 INCH OR MORE:  10
MAX 90 OR ABOVE:   0    0.10 INCH OR MORE:   7
MIN 32 OR BELOW:   0    0.50 INCH OR MORE:   3
MIN  0 OR BELOW:   0    1.00 INCH OR MORE:   1

[HDD (BASE 65) ]
TOTAL THIS MO.     9    CLEAR  (SCALE 0-3)  10
DPTR FM NORMAL    -9    PTCLDY (SCALE 4-7)  17
TOTAL FM JUL 1    11    CLOUDY (SCALE 8-10)  4
DPTR FM NORMAL   -15

[CDD (BASE 65) ]
TOTAL THIS MO.   157
DPTR FM NORMAL    -7    [PRESSURE DATA]
TOTAL FM JAN 1   592    HIGHEST SLP 30.24 ON 30
DPTR FM NORMAL    68    LOWEST  SLP 29.70 ON 13

[REMARKS]
#FINAL-08-14#
