000
CXUS51 KBGM 050930 CCA
CF6AVP

PRELIMINARY LOCAL CLIMATOLOGICAL DATA (WS FORM: F-6)

                                          STATION:   AVOCA PA
                                          MONTH:     SEPTEMBER
                                          YEAR:      2017
                                          LATITUDE:   41 19 N
                                          LONGITUDE:  75 44 W

  TEMPERATURE IN F:       :PCPN:    SNOW:  WIND      :SUNSHINE: SKY     :PK WND
================================================================================
1   2   3   4   5  6A  6B    7    8   9   10  11  12  13   14  15   16   17  18
                                     12Z  AVG MX 2MIN
DY MAX MIN AVG DEP HDD CDD  WTR  SNW DPTH SPD SPD DIR MIN PSBL S-S WX    SPD DR
================================================================================

 1  67  45  56 -11   9   0 0.00  0.0    M  7.3 16 320   M    M   0        22 320
 2  65  43  54 -13  11   0 0.16  0.0    M  4.6 10  70   M    M   4 1      16  70
 3  67  54  61  -6   4   0 0.42  0.0    M  6.1 16 230   M    M   9 1      23 230
 4  79  56  68   2   0   3 0.00  0.0    M  8.6 20 230   M    M   1 1      28 250
 5  80  64  72   6   0   7 0.24  0.0    M  5.6 21 250   M    M   5 138    29 240
 6  64  57  61  -5   4   0 0.81  0.0    M  1.7 10 270   M    M  10 1      12 270
 7  69  55  62  -3   3   0 0.00  0.0    M  9.2 26 270   M    M   7 1      33 260
 8  66  48  57  -8   8   0 0.02  0.0    M  5.1 18 320   M    M   5        23 230
 9  61  47  54 -11  11   0 0.00  0.0    M  5.2 16 340   M    M   8 1      20 350
10  70  47  59  -5   6   0 0.00  0.0    M  4.9 16 330   M    M   3        21 340
11  74  44  59  -5   6   0 0.00  0.0    M  2.3  8 100   M    M   0        10 280
12  77  50  64   0   1   0 0.00  0.0    M  3.5  8 100   M    M   0        10 240
13  75  53  64   1   1   0    T  0.0    M  3.9 12 250   M    M   6 1      14 270
14  76  62  69   6   0   4    T  0.0    M  4.6 15 240   M    M   7        22 250
15  81  65  73  10   0   8 0.00  0.0    M  3.9 12 350   M    M   6        15  20
16  82  61  72  10   0   7    T  0.0    M  2.3 17  20   M    M   4 1      19  20
17  84  64  74  12   0   9    T  0.0    M  3.9  8 130   M    M   4        14 130
18  82  61  72  11   0   7 0.00  0.0    M  4.1 10  80   M    M   1 1      15 100
19  84  62  73  12   0   8 0.00  0.0    M  4.9 12  50   M    M   5        17  40
20  85  58  72  11   0   7 0.00  0.0    M  5.2 15 350   M    M   0        21  10
21  83  60  72  12   0   7 0.00  0.0    M  3.5 13 310   M    M   1 1      15 300
22  84  57  71  11   0   6 0.00  0.0    M  4.8 15 360   M    M   0 1      21 320
23  87  52  70  11   0   5 0.00  0.0    M  4.1 12  10   M    M   0 1      16 350
24  91  60  76  17   0  11 0.00  0.0    M  3.6 12 340   M    M   0 1      16 360
25  92  64  78  19   0  13 0.00  0.0    M  3.5 10  60   M    M   0 1      14  50
26  91  66  79  21   0  14 0.00  0.0    M  3.9  8 100   M    M   0        12  40
27  91  63  77  19   0  12 0.00  0.0    M  3.2  8 340   M    M   1 18     14  80
28  75  51  63   6   2   0 0.00  0.0    M 12.3 24 340   M    M   5        31 330
29  67  43  55  -2  10   0 0.07  0.0    M  2.5 10 320   M    M   4 1      13 290
30  55  43  49  -7  16   0    T  0.0    M  8.3 23 320   M    M   9 1      29 330
================================================================================
SM 2304 1655        92 128  1.72     0.0 146.6          M      105
================================================================================
AV 76.8 55.2                               4.9 FASTST   M    M   4    MAX(MPH)
                                 MISC ---->  # 26 270               # 33  260
================================================================================
NOTES:
# LAST OF SEVERAL OCCURRENCES

COLUMN 17 PEAK WIND IN M.P.H.

PRELIMINARY LOCAL CLIMATOLOGICAL DATA (WS FORM: F-6) , PAGE 2

                                          STATION:  AVOCA PA
                                          MONTH:    SEPTEMBER
                                          YEAR:     2017
                                          LATITUDE:   41 19 N
                                          LONGITUDE:  75 44 W

[TEMPERATURE DATA]      [PRECIPITATION DATA]       SYMBOLS USED IN COLUMN 16

AVERAGE MONTHLY: 66.0   TOTAL FOR MONTH:   1.72    1 = FOG OR MIST
DPTR FM NORMAL:   3.8   DPTR FM NORMAL:   -2.35    2 = FOG REDUCING VISIBILITY
HIGHEST:    92 ON 25    GRTST 24HR  0.89 ON  5- 6      TO 1/4 MILE OR LESS
LOWEST:     43 ON 30,29                            3 = THUNDER
                        SNOW, ICE PELLETS, HAIL    4 = ICE PELLETS
                        TOTAL MONTH:   0.0 INCH    5 = HAIL
                        GRTST 24HR     0.0         6 = FREEZING RAIN OR DRIZZLE
                        GRTST DEPTH:  M  ON   M    7 = DUSTSTORM OR SANDSTORM:
                                                       VSBY 1/2 MILE OR LESS
                                                   8 = SMOKE OR HAZE
[NO. OF DAYS WITH]      [WEATHER - DAYS WITH]      9 = BLOWING SNOW
                                                   X = TORNADO
MAX 32 OR BELOW:   0    0.01 INCH OR MORE:   6
MAX 90 OR ABOVE:   4    0.10 INCH OR MORE:   4
MIN 32 OR BELOW:   0    0.50 INCH OR MORE:   1
MIN  0 OR BELOW:   0    1.00 INCH OR MORE:   0

[HDD (BASE 65) ]
TOTAL THIS MO.    92    CLEAR  (SCALE 0-3)  14
DPTR FM NORMAL   -44    PTCLDY (SCALE 4-7)  13
TOTAL FM JUL 1   109    CLOUDY (SCALE 8-10)  3
DPTR FM NORMAL   -53

[CDD (BASE 65) ]
TOTAL THIS MO.   128
DPTR FM NORMAL    76    [PRESSURE DATA]
TOTAL FM JAN 1   767    HIGHEST SLP 30.45 ON 10
DPTR FM NORMAL   191    LOWEST  SLP 29.71 ON  5

[REMARKS]
#FINAL-09-17#
CORRECTED GREATEST 24 HOUR PRECIPITATION
12TH WARMEST SETPEMBER
