000
CXUS51 KBGM 011613
CF6AVP
PRELIMINARY LOCAL CLIMATOLOGICAL DATA (WS FORM: F-6)

                                          STATION:   AVOCA PA
                                          MONTH:     JANUARY
                                          YEAR:      2016
                                          LATITUDE:   41 19 N
                                          LONGITUDE:  75 44 W

  TEMPERATURE IN F:       :PCPN:    SNOW:  WIND      :SUNSHINE: SKY     :PK WND
================================================================================
1   2   3   4   5  6A  6B    7    8   9   10  11  12  13   14  15   16   17  18
                                     12Z  AVG MX 2MIN
DY MAX MIN AVG DEP HDD CDD  WTR  SNW DPTH SPD SPD DIR MIN PSBL S-S WX    SPD DR
================================================================================

 1  36  30  33   6  32   0    T    T    M 11.2 22 250   M    M  10 8      28 260
 2  33  29  31   5  34   0    T    T    M 10.2 18 240   M    M   8        26 240
 3  38  25  32   6  33   0    T    T    M  8.5 20 350   M    M   6        25 350
 4  30   6  18  -8  47   0    T    T    M 15.9 24 360   M    M   7        31  10
 5  26   5  16 -10  49   0 0.00  0.0    M  5.7 20 360   M    M   1 8      27 360
 6  37   9  23  -3  42   0 0.00  0.0    M  4.6 14 250   M    M   0 8      17 260
 7  43  14  29   3  36   0 0.00  0.0    M  3.5  8 110   M    M   0 8      10 100
 8  41  18  30   4  35   0 0.00  0.0    M  3.3 12 130   M    M   5 8      16 150
 9  45  38  42  16  23   0 0.01  0.0    M  3.4 10 120   M    M  10 1      14  40
10  59  33  46  20  19   0 1.25    T    M 11.6 21 120   M    M  10 138    34 140
11  33  16  25  -1  40   0    T    T    M 11.4 21 240   M    M   5        27 250
12  31  16  24  -2  41   0 0.10  1.4    M  6.3 29 270   M    M   5 128    36 240
13  21  14  18  -8  47   0    T    T    M 11.7 18 240   M    M   3        25 240
14  30  15  23  -3  42   0 0.02  0.6    M  6.4 17 240   M    M  10 18     24 240
15  44  22  33   7  32   0 0.01  0.0    M  1.3  8 190   M    M   2 18     13 180
16  43  34  39  13  26   0 0.20  0.0    M  6.9 18 330   M    M  10 128    22 260
17  34  28  31   5  34   0    T    T    M  4.1 18 330   M    M   9        22 330
18  29  13  21  -5  44   0    T  0.2    M 14.7 25 260   M    M   6 8      34 260
19  26  10  18  -8  47   0    T    T    M 13.1 24 290   M    M   7        34 310
20  31  23  27   1  38   0    T    T    M  7.6 14 330   M    M   8        19 290
21  30  18  24  -2  41   0    T  0.1    M  8.1 20 340   M    M   9 8      24 350
22  25  10  18  -8  47   0 0.00  0.0    M  6.8 14  40   M    M   3        17  30
23  28  18  23  -3  42   0 0.19  1.8    M 12.3 21 350   M    M   8 12     28  10
24  30  14  22  -4  43   0    T    T    M  6.3 15 340   M    M   6        20 340
25  39  12  26   0  39   0 0.00  0.0    M  2.6  9 240   M    M   2 8      14 140
26  44  27  36  10  29   0    T  0.0    M  4.1 17 250   M    M   3        24 250
27  41  29  35   9  30   0    T    T    M  7.8 20 310   M    M   8        27 310
28  39  19  29   3  36   0 0.00  0.0    M  4.3 20 230   M    M   1 8      27 230
29  36  25  31   5  34   0 0.01  0.4    M  7.6 23 330   M    M   8 18     30 330
30  44  22  33   7  32   0 0.00  0.0    M  7.4 15 210   M    M   4        22 240
31  56  32  44  18  21   0 0.00  0.0    M  4.3 14 230   M    M   1        22 240
================================================================================
SM 1122  624      1135   0  1.79     4.5 233.0          M      175
================================================================================
AV 36.2 20.1                               7.5 FASTST   M    M   6    MAX(MPH)
                                 MISC ---->  # 29 270               # 36  240
================================================================================
NOTES:
# LAST OF SEVERAL OCCURRENCES

COLUMN 17 PEAK WIND IN M.P.H.

PRELIMINARY LOCAL CLIMATOLOGICAL DATA (WS FORM: F-6) , PAGE 2

                                          STATION:  AVOCA PA
                                          MONTH:    JANUARY
                                          YEAR:     2016
                                          LATITUDE:   41 19 N
                                          LONGITUDE:  75 44 W

[TEMPERATURE DATA]      [PRECIPITATION DATA]       SYMBOLS USED IN COLUMN 16

AVERAGE MONTHLY: 28.2   TOTAL FOR MONTH:   1.79    1 = FOG OR MIST
DPTR FM NORMAL:   2.4   DPTR FM NORMAL:   -0.58    2 = FOG REDUCING VISIBILITY
HIGHEST:    59 ON 10    GRTST 24HR  1.25 ON 10-10      TO 1/4 MILE OR LESS
LOWEST:      5 ON  5                               3 = THUNDER
                        SNOW, ICE PELLETS, HAIL    4 = ICE PELLETS
                        TOTAL MONTH:   4.5 INCHES  5 = HAIL
                        GRTST 24HR   1.8 ON   M    6 = FREEZING RAIN OR DRIZZLE
                        GRTST DEPTH:  M  ON   M    7 = DUSTSTORM OR SANDSTORM:
                                                       VSBY 1/2 MILE OR LESS
                                                   8 = SMOKE OR HAZE
[NO. OF DAYS WITH]      [WEATHER - DAYS WITH]      9 = BLOWING SNOW
                                                   X = TORNADO
MAX 32 OR BELOW:  12    0.01 INCH OR MORE:   8
MAX 90 OR ABOVE:   0    0.10 INCH OR MORE:   4
MIN 32 OR BELOW:  28    0.50 INCH OR MORE:   1
MIN  0 OR BELOW:   0    1.00 INCH OR MORE:   1

[HDD (BASE 65) ]
TOTAL THIS MO.  1135    CLEAR  (SCALE 0-3)   8
DPTR FM NORMAL   -78    PTCLDY (SCALE 4-7)  12
TOTAL FM JUL 1  2671    CLOUDY (SCALE 8-10) 11
DPTR FM NORMAL  -920

[CDD (BASE 65) ]
TOTAL THIS MO.     0
DPTR FM NORMAL     0    [PRESSURE DATA]
TOTAL FM JAN 1     0    HIGHEST SLP 30.68 ON  5
DPTR FM NORMAL     0    LOWEST  SLP 29.24 ON 10

[REMARKS]
#FINAL-01-16#
