000
CXUS51 KBGM 011456
CF6AVP
PRELIMINARY LOCAL CLIMATOLOGICAL DATA (WS FORM: F-6)

                                          STATION:   AVOCA PA
                                          MONTH:     JUNE
                                          YEAR:      2016
                                          LATITUDE:   41 19 N
                                          LONGITUDE:  75 44 W

  TEMPERATURE IN F:       :PCPN:    SNOW:  WIND      :SUNSHINE: SKY     :PK WND
================================================================================
1   2   3   4   5  6A  6B    7    8   9   10  11  12  13   14  15   16   17  18
                                     12Z  AVG MX 2MIN
DY MAX MIN AVG DEP HDD CDD  WTR  SNW DPTH SPD SPD DIR MIN PSBL S-S WX    SPD DR
================================================================================

 1  86  59  73  10   0   8    T  0.0    M  5.0 13 130   M    M   3        22 160
 2  84  62  73   9   0   8    T  0.0    M  4.6 15 210   M    M   4        21 190
 3  76  64  70   6   0   5 0.06  0.0    M  2.8  9 240   M    M   8 1      12 260
 4  83  64  74  10   0   9 0.08  0.0    M  3.8 15 230   M    M   7 18     19 220
 5  74  65  70   6   0   5 0.50  0.0    M  5.1 20 270   M    M   8 13     26 260
 6  82  62  72   7   0   7 0.10  0.0    M 10.3 23 250   M    M   2 1      30 240
 7  79  53  66   1   0   1 0.21  0.0    M  8.7 25 330   M    M   6 138    34 330
 8  63  50  57  -8   8   0 0.23  0.0    M  9.4 28 320   M    M   7 1      35 310
 9  69  46  58  -8   7   0 0.00  0.0    M 12.1 25 300   M    M   1 8      33 310
10  74  48  61  -5   4   0 0.00  0.0    M  8.1 18 280   M    M   0        24 310
11  89  49  69   3   0   4 0.00  0.0    M  7.2 22 260   M    M   4        29 230
12  76  57  67   1   0   2 0.00  0.0    M 15.0 28 340   M    M   4        35 340
13  69  52  61  -6   4   0 0.00  0.0    M  9.3 23 330   M    M   8        34 330
14  77  53  65  -2   0   0 0.00  0.0    M  6.9 14 340   M    M   0        21 320
15  83  50  67   0   0   2    T  0.0    M  4.3 14 270   M    M   1        18 270
16  69  59  64  -3   1   0 0.08  0.0    M  4.6 12  30   M    M   8 1      14  20
17  84  56  70   2   0   5 0.00  0.0    M  4.8 15 340   M    M   2        19 360
18  88  55  72   4   0   7 0.00  0.0    M  3.8 14 320   M    M   1        17 320
19  89  57  73   5   0   8 0.00  0.0    M  3.5 14 310   M    M   1        19 300
20  89  61  75   7   0  10 0.00  0.0    M  7.1 17 240   M    M   2        24 260
21  82  59  71   2   0   6 0.26  0.0    M  7.1 15 330   M    M   3 13     20 340
22  82  54  68  -1   0   3 0.00  0.0    M  7.2 21 330   M    M   2        29 310
23  82  58  70   1   0   5    T  0.0    M  3.2  8 210   M    M   5        10 200
24  83  55  69   0   0   4 0.00  0.0    M  4.9 10  40   M    M   4        14  40
25  88  59  74   4   0   9 0.00  0.0    M  3.8 10 190   M    M   1        15 220
26  87  61  74   4   0   9 0.00  0.0    M  6.8 16 230   M    M   1        23 220
27  80  64  72   2   0   7    T  0.0    M  5.5 16 230   M    M   6 1      23 180
28  86  66  76   6   0  11 0.07  0.0    M  3.9 16 250   M    M   8 138    22 270
29  78  57  68  -2   0   3 0.00  0.0    M  4.9 13 320   M    M   6 1      16 300
30  84  55  70   0   0   5 0.00  0.0    M  3.7 13 290   M    M   3        17 280
================================================================================
SM 2415 1710        24 143  1.59     0.0 187.4          M      116
================================================================================
AV 80.5 57.0                               6.2 FASTST   M    M   4    MAX(MPH)
                                 MISC ---->  # 28 320               # 35  310
================================================================================
NOTES:
# LAST OF SEVERAL OCCURRENCES

COLUMN 17 PEAK WIND IN M.P.H.

PRELIMINARY LOCAL CLIMATOLOGICAL DATA (WS FORM: F-6) , PAGE 2

                                          STATION:  AVOCA PA
                                          MONTH:    JUNE
                                          YEAR:     2016
                                          LATITUDE:   41 19 N
                                          LONGITUDE:  75 44 W

[TEMPERATURE DATA]      [PRECIPITATION DATA]       SYMBOLS USED IN COLUMN 16

AVERAGE MONTHLY: 68.8   TOTAL FOR MONTH:   1.59    1 = FOG OR MIST
DPTR FM NORMAL:   1.7   DPTR FM NORMAL:   -2.44    2 = FOG REDUCING VISIBILITY
HIGHEST:    89 ON 20,19 GRTST 24HR  0.58 ON  4- 5      TO 1/4 MILE OR LESS
LOWEST:     46 ON  9                               3 = THUNDER
                        SNOW, ICE PELLETS, HAIL    4 = ICE PELLETS
                        TOTAL MONTH:   0.0 INCH    5 = HAIL
                        GRTST 24HR     0.0         6 = FREEZING RAIN OR DRIZZLE
                        GRTST DEPTH:  M  ON   M    7 = DUSTSTORM OR SANDSTORM:
                                                       VSBY 1/2 MILE OR LESS
                                                   8 = SMOKE OR HAZE
[NO. OF DAYS WITH]      [WEATHER - DAYS WITH]      9 = BLOWING SNOW
                                                   X = TORNADO
MAX 32 OR BELOW:   0    0.01 INCH OR MORE:   9
MAX 90 OR ABOVE:   0    0.10 INCH OR MORE:   5
MIN 32 OR BELOW:   0    0.50 INCH OR MORE:   1
MIN  0 OR BELOW:   0    1.00 INCH OR MORE:   0

[HDD (BASE 65) ]
TOTAL THIS MO.    24    CLEAR  (SCALE 0-3)  15
DPTR FM NORMAL   -30    PTCLDY (SCALE 4-7)  14
TOTAL FM JUL 1  4966    CLOUDY (SCALE 8-10)  1
DPTR FM NORMAL -1289

[CDD (BASE 65) ]
TOTAL THIS MO.   143
DPTR FM NORMAL    26    [PRESSURE DATA]
TOTAL FM JAN 1   215    HIGHEST SLP 30.33 ON 19
DPTR FM NORMAL    61    LOWEST  SLP 29.47 ON  7

[REMARKS]
#FINAL-06-16#
