000
CXUS51 KBGM 010724
CF6AVP
PRELIMINARY LOCAL CLIMATOLOGICAL DATA (WS FORM: F-6)

                                          STATION:   AVOCA PA
                                          MONTH:     JUNE
                                          YEAR:      2014
                                          LATITUDE:   41 19 N
                                          LONGITUDE:  75 44 W

  TEMPERATURE IN F:       :PCPN:    SNOW:  WIND      :SUNSHINE: SKY     :PK WND
================================================================================
1   2   3   4   5  6A  6B    7    8   9   10  11  12  13   14  15   16   17  18
                                     12Z  AVG MX 2MIN
DY MAX MIN AVG DEP HDD CDD  WTR  SNW DPTH SPD SPD DIR MIN PSBL S-S WX    SPD DR
================================================================================

 1  79  50  65   2   0   0 0.00  0.0    M  6.0 14 190   M    M   1        23 200
 2  85  54  70   6   0   5 0.00  0.0    M  8.1 16 260   M    M   0        25 270
 3  84  62  73   9   0   8 0.00  0.0    M  8.2 20 280   M    M   2        28 270
 4  78  60  69   5   0   4 0.02  0.0    M  5.2 18 300   M    M   3        24 310
 5  74  57  66   2   0   1 0.25  0.0    M  7.2 18 320   M    M   9 1      29 280
 6  72  53  63  -2   2   0 0.00  0.0    M  6.2 16  10   M    M   7        25 290
 7  82  50  66   1   0   1 0.00  0.0    M  5.7 16 290   M    M   1        22 300
 8  83  54  69   4   0   4 0.01  0.0    M  6.8 16 200   M    M   1        26 210
 9  72  64  68   2   0   3 0.03  0.0    M  3.3  9 210   M    M   9 18     15 130
10  78  64  71   5   0   6 0.00  0.0    M  3.8 10  20   M    M   7 1      13  40
11  70  63  67   1   0   2 0.07  0.0    M  4.6 15 120   M    M  10 1      25 150
12  71  63  67   1   0   2 0.25  0.0    M  3.1 14 190   M    M   9 1      25 200
13  82  63  73   6   0   8 0.55  0.0    M  3.9 21 340   M    M   7 1      28 340
14  66  52  59  -8   6   0 0.00  0.0    M  6.8 17 300   M    M   9 1      22 290
15  77  51  64  -3   1   0 0.00  0.0    M  4.6 13 350   M    M   4 1      29 300
16  86  53  70   3   0   5 0.00  0.0    M  5.4 14 260   M    M   1        22 280
17  90  65  78  10   0  13 0.00  0.0    M  6.9 17 220   M    M   2 18     29 200
18  87  69  78  10   0  13 0.00  0.0    M  8.6 21 240   M    M   2        30 240
19  80  57  69   1   0   4 0.35  0.0    M  4.6 15 360   M    M   5 1      21  10
20  77  48  63  -5   2   0 0.00  0.0    M  5.7 15 330   M    M   0        21 340
21  79  50  65  -4   0   0 0.00  0.0    M  5.7 13 310   M    M   1        20 280
22  82  54  68  -1   0   3 0.00  0.0    M  3.4  9 310   M    M   1        14 330
23  80  59  70   1   0   5 0.00  0.0    M  5.6 15 190   M    M   2        24 190
24  84  65  75   6   0  10 0.04  0.0    M  7.2 17 210   M    M   5        26 200
25  87  69  78   8   0  13 0.41  0.0    M  5.8 22 230   M    M   6 18     31 230
26  83  64  74   4   0   9 0.01  0.0    M  5.3 13 320   M    M   7 1      17  30
27  86  61  74   4   0   9 0.00  0.0    M  2.9 12  40   M    M   2        17 280
28  86  65  76   6   0  11 0.00  0.0    M  2.8 10 240   M    M   4        20 220
29  84  63  74   4   0   9 0.00  0.0    M  5.1 15 230   M    M   2        26 200
30  85  66  76   6   0  11 0.17  0.0    M  4.0 12 220   M    M   6 1      23 190
================================================================================
SM 2409 1768        11 159  2.16     0.0 162.5          M      125
================================================================================
AV 80.3 58.9                               5.4 FASTST   M    M   4    MAX(MPH)
                                 MISC ---->  # 22 230               # 31  230
================================================================================
NOTES:
# LAST OF SEVERAL OCCURRENCES

COLUMN 17 PEAK WIND IN M.P.H.

PRELIMINARY LOCAL CLIMATOLOGICAL DATA (WS FORM: F-6) , PAGE 2

                                          STATION:  AVOCA PA
                                          MONTH:    JUNE
                                          YEAR:     2014
                                          LATITUDE:   41 19 N
                                          LONGITUDE:  75 44 W

[TEMPERATURE DATA]      [PRECIPITATION DATA]       SYMBOLS USED IN COLUMN 16

AVERAGE MONTHLY: 69.6   TOTAL FOR MONTH:   2.16    1 = FOG OR MIST
DPTR FM NORMAL:   2.5   DPTR FM NORMAL:   -1.87    2 = FOG REDUCING VISIBILITY
HIGHEST:    90 ON 17    GRTST 24HR  0.58 ON 12-13      TO 1/4 MILE OR LESS
LOWEST:     48 ON 20                               3 = THUNDER
                        SNOW, ICE PELLETS, HAIL    4 = ICE PELLETS
                        TOTAL MONTH:   0.0 INCH    5 = HAIL
                        GRTST 24HR     0.0         6 = FREEZING RAIN OR DRIZZLE
                        GRTST DEPTH:  M  ON   M    7 = DUSTSTORM OR SANDSTORM:
                                                       VSBY 1/2 MILE OR LESS
                                                   8 = SMOKE OR HAZE
[NO. OF DAYS WITH]      [WEATHER - DAYS WITH]      9 = BLOWING SNOW
                                                   X = TORNADO
MAX 32 OR BELOW:   0    0.01 INCH OR MORE:  12
MAX 90 OR ABOVE:   1    0.10 INCH OR MORE:   6
MIN 32 OR BELOW:   0    0.50 INCH OR MORE:   1
MIN  0 OR BELOW:   0    1.00 INCH OR MORE:   0

[HDD (BASE 65) ]
TOTAL THIS MO.    11    CLEAR  (SCALE 0-3)  14
DPTR FM NORMAL   -43    PTCLDY (SCALE 4-7)  11
TOTAL FM JUL 1  6522    CLOUDY (SCALE 8-10)  5
DPTR FM NORMAL   267

[CDD (BASE 65) ]
TOTAL THIS MO.   159
DPTR FM NORMAL    42    [PRESSURE DATA]
TOTAL FM JAN 1   200    HIGHEST SLP 30.35 ON  1
DPTR FM NORMAL    46    LOWEST  SLP 29.69 ON  5

[REMARKS]
#FINAL-06-14#
