000
CXUS51 KBGM 020003
CF6AVP
PRELIMINARY LOCAL CLIMATOLOGICAL DATA (WS FORM: F-6)

                                          STATION:   AVOCA PA
                                          MONTH:     SEPTEMBER
                                          YEAR:      2012
                                          LATITUDE:   41 19 N
                                          LONGITUDE:  75 44 W

  TEMPERATURE IN F:       :PCPN:    SNOW:  WIND      :SUNSHINE: SKY     :PK WND
================================================================================
1   2   3   4   5  6A  6B    7    8   9   10  11  12  13   14  15   16   17  18
                                     12Z  AVG MX 2MIN
DY MAX MIN AVG DEP HDD CDD  WTR  SNW DPTH SPD SPD DIR MIN PSBL S-S WX    SPD DR
================================================================================

 1  88  65  77  10   0  12 0.00  0.0    M  4.5 15 350   M    M   1        18 340
 2  83  60  72   5   0   7 0.00  0.0    M  3.2 12 260   M    M   6        14 260
 3  73  67  70   3   0   5 0.04  0.0    M  3.5 10 140   M    M  10 18     18 120
 4  81  69  75   9   0  10 0.07  0.0    M  4.1 13 170   M    M   9 1      25 150
 5  78  63  71   5   0   6 0.75  0.0    M  5.6 13 350   M    M   8 1      17  20
 6  84  61  73   7   0   8 0.35  0.0    M  3.2 30 310   M    M   0 138    45 310
 7  85  63  74   9   0   9 0.00  0.0    M  3.2 12 240   M    M   0 1      16 270
 8  83  60  72   7   0   7 0.70  0.0    M  5.5 25 300   M    M   5 1      35 310
 9  73  54  64  -1   1   0 0.06  0.0    M  3.1 12  20   M    M   5        14  20
10  68  48  58  -6   7   0 0.00  0.0    M  5.8 21 340   M    M   3        26 340
11  73  43  58  -6   7   0 0.00  0.0    M  3.3 10 340   M    M   0 8      16 350
12  80  49  65   1   0   0 0.00  0.0    M  4.5 10 230   M    M   0        14 180
13  81  52  67   4   0   2 0.00  0.0    M  3.6 12 270   M    M   0        16 290
14  79  54  67   4   0   2 0.29  0.0    M  5.3 18 330   M    M   1 1      24 340
15  69  49  59  -4   6   0 0.06  0.0    M  6.5 18 310   M    M   4 1      26  10
16  70  45  58  -4   7   0 0.00  0.0    M  5.4 14 340   M    M   1        20 320
17  75  48  62   0   3   0 0.00  0.0    M  3.4 13 200   M    M   1        18 180
18  71  58  65   4   0   0 2.04  0.0    M  7.8 23 180   M    M  10 12     39 200
19  65  47  56  -5   9   0    T  0.0    M  6.4 18 340   M    M   1        26 350
20  69  45  57  -4   8   0 0.00  0.0    M  4.6 12 200   M    M   1        18 140
21  72  52  62   2   3   0 0.00  0.0    M  3.9 14 200   M    M   1 1      21 190
22  77  57  67   7   0   2 0.12  0.0    M  6.3 22 320   M    M   7 1      28 190
23  62  44  53  -6  12   0 0.04  0.0    M  3.6 17 270   M    M   5 1      23 310
24  62  40  51  -8  14   0 0.00  0.0    M  3.4 14 250   M    M   3 12     18 240
25  70  39  55  -4  10   0    T  0.0    M  3.7 16 260   M    M   3        22 240
26  67  59  63   5   2   0 0.12  0.0    M  2.9 12 210   M    M   9 1      17 210
27  70  58  64   6   1   0 0.10  0.0    M  2.7 14 330   M    M   6 12     15 330
28  66  54  60   3   5   0 0.28  0.0    M  4.8 13 340   M    M  10 1      18 100
29  62  48  55  -2  10   0 0.00  0.0    M  3.8 13 350   M    M  10        15 340
30  62  47  55  -1  10   0 0.01  0.0    M  2.3 13 310   M    M   5 1      17 320
================================================================================
SM 2198 1598       115  70  5.03     0.0 129.9          M      125
================================================================================
AV 73.3 53.3                               4.3 FASTST   M    M   4    MAX(MPH)
                                 MISC ---->  # 30 310               # 45  310
================================================================================
NOTES:
# LAST OF SEVERAL OCCURRENCES

COLUMN 17 PEAK WIND IN M.P.H.

PRELIMINARY LOCAL CLIMATOLOGICAL DATA (WS FORM: F-6) , PAGE 2

                                          STATION:  AVOCA PA
                                          MONTH:    SEPTEMBER
                                          YEAR:     2012
                                          LATITUDE:   41 19 N
                                          LONGITUDE:  75 44 W

[TEMPERATURE DATA]      [PRECIPITATION DATA]       SYMBOLS USED IN COLUMN 16

AVERAGE MONTHLY: 63.3   TOTAL FOR MONTH:   5.03    1 = FOG OR MIST
DPTR FM NORMAL:   1.1   DPTR FM NORMAL:    0.96    2 = FOG REDUCING VISIBILITY
HIGHEST:    88 ON  1    GRTST 24HR  2.04 ON 18-18      TO 1/4 MILE OR LESS
LOWEST:     39 ON 25                               3 = THUNDER
                        SNOW, ICE PELLETS, HAIL    4 = ICE PELLETS
                        TOTAL MONTH:   0.0 INCH    5 = HAIL
                        GRTST 24HR     0.0         6 = FREEZING RAIN OR DRIZZLE
                        GRTST DEPTH:  M  ON   M    7 = DUSTSTORM OR SANDSTORM:
                                                       VSBY 1/2 MILE OR LESS
                                                   8 = SMOKE OR HAZE
[NO. OF DAYS WITH]      [WEATHER - DAYS WITH]      9 = BLOWING SNOW
                                                   X = TORNADO
MAX 32 OR BELOW:   0    0.01 INCH OR MORE:  15
MAX 90 OR ABOVE:   0    0.10 INCH OR MORE:   9
MIN 32 OR BELOW:   0    0.50 INCH OR MORE:   3
MIN  0 OR BELOW:   0    1.00 INCH OR MORE:   1

[HDD (BASE 65) ]
TOTAL THIS MO.   115    CLEAR  (SCALE 0-3)  14
DPTR FM NORMAL   -21    PTCLDY (SCALE 4-7)  10
TOTAL FM JUL 1   117    CLOUDY (SCALE 8-10)  6
DPTR FM NORMAL   -45

[CDD (BASE 65) ]
TOTAL THIS MO.    70
DPTR FM NORMAL    18    [PRESSURE DATA]
TOTAL FM JAN 1   861    HIGHEST SLP 30.37 ON 13
DPTR FM NORMAL   285    LOWEST  SLP 29.52 ON 18

[REMARKS]
#FINAL-09-12#
