000
CXUS51 KBGM 020151 AAA
CF6AVP

PRELIMINARY LOCAL CLIMATOLOGICAL DATA (WS FORM: F-6)

                                          STATION:   AVOCA PA
                                          MONTH:     JANUARY
                                          YEAR:      2013
                                          LATITUDE:   41 19 N
                                          LONGITUDE:  75 44 W

  TEMPERATURE IN F:       :PCPN:    SNOW:  WIND      :SUNSHINE: SKY     :PK WND
================================================================================
1   2   3   4   5  6A  6B    7    8   9   10  11  12  13   14  15   16   17  18
                                     12Z  AVG MX 2MIN
DY MAX MIN AVG DEP HDD CDD  WTR  SNW DPTH SPD SPD DIR MIN PSBL S-S WX    SPD DR
================================================================================

 1  34  16  25  -2  40   0 0.02    T    M  9.5 20 330   M    M   8 8      25 340
 2  28  14  21  -5  44   0    T    T    M  4.2 14 320   M    M   7 18     17 280
 3  29  14  22  -4  43   0 0.01    T    M  5.8 15 230   M    M   5        22 210
 4  32  26  29   3  36   0    T    T    M 12.7 22 250   M    M   6        28 230
 5  37  26  32   6  33   0 0.00  0.0    M  6.3 20 340   M    M   5        24 210
 6  38  26  32   6  33   0    T    T    M  5.5 15 240   M    M   9 8      21 220
 7  38  29  34   8  31   0    T    T    M  5.8 20 330   M    M   6        25 330
 8  42  22  32   6  33   0 0.00  0.0    M  2.5 13 240   M    M   0 18     18 230
 9  40  24  32   6  33   0    T  0.0    M  4.4 12 220   M    M   2 18     17 220
10  42  30  36  10  29   0 0.00  0.0    M  6.3 18 310   M    M   2        24 300
11  41  31  36  10  29   0 0.18  0.0    M  2.0 10 200   M    M   7 1      13 190
12  44  37  41  15  24   0 0.00  0.0    M  0.6  6 240   M    M  10 12      8 250
13  55  35  45  19  20   0 0.00  0.0    M  3.0 12 190   M    M   7 12     23 190
14  56  34  45  19  20   0 0.06  0.0    M  7.6 20 340   M    M   6 1      25 340
15  35  27  31   5  34   0 0.02    T    M  3.5 13 350   M    M   5 1      15 350
16  33  29  31   5  34   0 0.34  3.3    M  5.0 14 230   M    M  10 16     20 210
17  36  26  31   5  34   0 0.00  0.0    M  7.0 14 340   M    M   8 1      17 340
18  26  18  22  -4  43   0 0.00  0.0    M  8.2 16 320   M    M   4        23 320
19  48  24  36  10  29   0 0.00  0.0    M 10.2 23 220   M    M   3        37 200
20  48  24  36  10  29   0 0.00  0.0    M 12.9 33 250   M    M   2        44 240
21  26  16  21  -5  44   0 0.06  1.5    M  6.9 14 260   M    M   9 18     18 240
22  17   6  12 -14  53   0    T  0.4    M 11.8 25 270   M    M   5 8      35 270
23  15   2   9 -17  56   0 0.01    T    M  5.7 15 240   M    M   3 8      20 250
24  18   0   9 -17  56   0    T    T    M  7.6 22 340   M    M   5 18     29 300
25  17   6  12 -14  53   0 0.04  0.4    M  1.9 16 320   M    M   5 18     20 310
26  23   7  15 -11  50   0    T    T    M  3.5 16 330   M    M   6 18     21 340
27  33   5  19  -7  46   0    T    T    M  3.6 12 320   M    M   1        14 310
28  34  23  29   3  36   0 0.28  0.3    M  4.6 12 220   M    M   9 168    22 200
29  48  34  41  15  24   0 0.24  0.0    M  1.3 13 230   M    M  10 18     18 240
30  63  48  56  30   9   0 0.31  0.0    M  8.1 21 210   M    M   9 18     30 210
31  56  24  40  14  25   0 0.45    T    M 18.7 35 260   M    M   9 1      46 250
================================================================================
SM 1132  683      1103   0  2.02     5.9 196.7          M      183
================================================================================
AV 36.5 22.0                               6.3 FASTST   M    M   6    MAX(MPH)
                                 MISC ---->  # 35 260               # 46  250
================================================================================
NOTES:
# LAST OF SEVERAL OCCURRENCES

COLUMN 17 PEAK WIND IN M.P.H.

PRELIMINARY LOCAL CLIMATOLOGICAL DATA (WS FORM: F-6) , PAGE 2

                                          STATION:  AVOCA PA
                                          MONTH:    JANUARY
                                          YEAR:     2013
                                          LATITUDE:   41 19 N
                                          LONGITUDE:  75 44 W

[TEMPERATURE DATA]      [PRECIPITATION DATA]       SYMBOLS USED IN COLUMN 16

AVERAGE MONTHLY: 29.3   TOTAL FOR MONTH:   2.02    1 = FOG OR MIST
DPTR FM NORMAL:   3.5   DPTR FM NORMAL:   -0.35    2 = FOG REDUCING VISIBILITY
HIGHEST:    63 ON 30    GRTST 24HR  0.75 ON 30-31      TO 1/4 MILE OR LESS
LOWEST:      0 ON 24                               3 = THUNDER
                        SNOW, ICE PELLETS, HAIL    4 = ICE PELLETS
                        TOTAL MONTH:   5.9 INCHES  5 = HAIL
                        GRTST 24HR   3.3 ON  16    6 = FREEZING RAIN OR DRIZZLE
                        GRTST DEPTH:  M  ON   M    7 = DUSTSTORM OR SANDSTORM:
                                                       VSBY 1/2 MILE OR LESS
                                                   8 = SMOKE OR HAZE
[NO. OF DAYS WITH]      [WEATHER - DAYS WITH]      9 = BLOWING SNOW
                                                   X = TORNADO
MAX 32 OR BELOW:  10    0.01 INCH OR MORE:  13
MAX 90 OR ABOVE:   0    0.10 INCH OR MORE:   6
MIN 32 OR BELOW:  26    0.50 INCH OR MORE:   0
MIN  0 OR BELOW:   1    1.00 INCH OR MORE:   0

[HDD (BASE 65) ]
TOTAL THIS MO.  1103    CLEAR  (SCALE 0-3)   6
DPTR FM NORMAL  -110    PTCLDY (SCALE 4-7)  16
TOTAL FM JUL 1  3217    CLOUDY (SCALE 8-10)  9
DPTR FM NORMAL  -374

[CDD (BASE 65) ]
TOTAL THIS MO.     0
DPTR FM NORMAL     0    [PRESSURE DATA]
TOTAL FM JAN 1     0    HIGHEST SLP 30.56 ON 27
DPTR FM NORMAL     0    LOWEST  SLP 29.02 ON 31

[REMARKS]
ASOS TEMPERATURES FROM THE 28TH TO THE 30TH TOO WARM.
TEMPERATURES THIS PERIOD AUGMENTED FROM WNEP WHICH IS
WHO SUPPLIES THE DAILY SNOWFALL AMOUNTS.

#FINAL-01-13#
