000
CXUS51 KBGM 060601 CCA
CF6AVP

PRELIMINARY LOCAL CLIMATOLOGICAL DATA (WS FORM: F-6)

                                          STATION:   AVOCA PA
                                          MONTH:     AUGUST
                                          YEAR:      2012
                                          LATITUDE:   41 19 N
                                          LONGITUDE:  75 44 W

  TEMPERATURE IN F:       :PCPN:    SNOW:  WIND      :SUNSHINE: SKY     :PK WND
================================================================================
1   2   3   4   5  6A  6B    7    8   9   10  11  12  13   14  15   16   17  18
                                     12Z  AVG MX 2MIN
DY MAX MIN AVG DEP HDD CDD  WTR  SNW DPTH SPD SPD DIR MIN PSBL S-S WX    SPD DR
================================================================================

 1  82  64  73   2   0   8 0.03  0.0    M  3.8 13 250   M    M   4 18     15 240
 2  88  66  77   6   0  12 0.57  0.0    M  3.2 15 250   M    M   2 1238   18 270
 3  91  66  79   8   0  14 0.00  0.0    M  2.8 13 270   M    M   0 18     15 260
 4  89  70  80   9   0  15 0.00  0.0    M  5.9 15 170   M    M   1 18     25 170
 5  87  73  80   9   0  15 0.37  0.0    M  5.8 14 290   M    M   5 138    23 260
 6  81  61  71   0   0   6 0.00  0.0    M  6.9 15 360   M    M   3 1      18 350
 7  85  57  71   0   0   6 0.00  0.0    M  4.9 16 290   M    M   0        25 230
 8  88  63  76   5   0  11 0.00  0.0    M  4.3 13 280   M    M   0 1      18 270
 9  89  66  78   7   0  13 0.97  0.0    M  4.3 26 260   M    M   3 138    36 260
10  79  67  73   3   0   8 0.41  0.0    M  2.5 13 290   M    M   7 1      17 150
11  83  65  74   4   0   9    T  0.0    M  4.2 14 240   M    M   4 1      22 200
12  79  62  71   1   0   6    T  0.0    M  5.3 16 270   M    M   4        21 230
13  82  63  73   3   0   8 0.00  0.0    M  4.9  9 260   M    M   2        17 240
14  79  63  71   1   0   6 0.17  0.0    M  3.5 14 180   M    M   4 1      18 180
15  76  63  70   0   0   5 0.00  0.0    M  2.9 12 330   M    M   6 1      18  20
16  82  58  70   0   0   5 0.00  0.0    M  3.6 14 340   M    M   1 128    17 330
17  81  62  72   2   0   7 0.09  0.0    M  3.2 14 270   M    M   4 1      18 240
18  76  55  66  -4   0   1    T  0.0    M  4.9 15 330   M    M   6 1      18 340
19  75  51  63  -7   2   0 0.00  0.0    M  2.2  9 270   M    M   2        12 280
20  75  58  67  -2   0   2 0.23  0.0    M  2.5 13 250   M    M   8 1      16 250
21  78  59  69   0   0   4 0.00  0.0    M  2.7  8 100   M    M   5 1      12 110
22  82  55  69   0   0   4 0.00  0.0    M  3.4 14 310   M    M   1        20 320
23  84  59  72   3   0   7 0.00  0.0    M  3.3 10 300   M    M   1 18     14 300
24  87  59  73   4   0   8 0.00  0.0    M  2.8  8 110   M    M   2        12 100
25  83  64  74   5   0   9    T  0.0    M  3.7 10  90   M    M   2 8      18 110
26  85  62  74   6   0   9 0.00  0.0    M  4.6 10 180   M    M   3        18 180
27  85  65  75   7   0  10 0.22  0.0    M  4.0 15 250   M    M   5 18     21 260
28  83  61  72   4   0   7 0.15  0.0    M  6.7 18 300   M    M   5 1      25 310
29  77  55  66  -2   0   1 0.00  0.0    M  6.6 14 350   M    M   1        21 340
30  81  50  66  -2   0   1 0.00  0.0    M  3.4 13 260   M    M   0        17 250
31  88  54  71   4   0   6 0.00  0.0    M  6.9 20 250   M    M   0 1      26 240
================================================================================
SM 2560 1896         2 223  3.21     0.0 129.7          M       91
================================================================================
AV 82.6 61.2                               4.2 FASTST   M    M   3    MAX(MPH)
                                 MISC ---->  # 26 260               # 36  260
================================================================================
NOTES:
# LAST OF SEVERAL OCCURRENCES

COLUMN 17 PEAK WIND IN M.P.H.

PRELIMINARY LOCAL CLIMATOLOGICAL DATA (WS FORM: F-6) , PAGE 2

                                          STATION:  AVOCA PA
                                          MONTH:    AUGUST
                                          YEAR:     2012
                                          LATITUDE:   41 19 N
                                          LONGITUDE:  75 44 W

[TEMPERATURE DATA]      [PRECIPITATION DATA]       SYMBOLS USED IN COLUMN 16

AVERAGE MONTHLY: 71.9   TOTAL FOR MONTH:   3.21    1 = FOG OR MIST
DPTR FM NORMAL:   2.2   DPTR FM NORMAL:   -0.20    2 = FOG REDUCING VISIBILITY
HIGHEST:    91 ON  3    GRTST 24HR  1.38 ON  9-10      TO 1/4 MILE OR LESS
LOWEST:     50 ON 30                               3 = THUNDER
                        SNOW, ICE PELLETS, HAIL    4 = ICE PELLETS
                        TOTAL MONTH:   0.0 INCH    5 = HAIL
                        GRTST 24HR     0.0         6 = FREEZING RAIN OR DRIZZLE
                        GRTST DEPTH:  M  ON   M    7 = DUSTSTORM OR SANDSTORM:
                                                       VSBY 1/2 MILE OR LESS
                                                   8 = SMOKE OR HAZE
[NO. OF DAYS WITH]      [WEATHER - DAYS WITH]      9 = BLOWING SNOW
                                                   X = TORNADO
MAX 32 OR BELOW:   0    0.01 INCH OR MORE:  10
MAX 90 OR ABOVE:   1    0.10 INCH OR MORE:   8
MIN 32 OR BELOW:   0    0.50 INCH OR MORE:   2
MIN  0 OR BELOW:   0    1.00 INCH OR MORE:   0

[HDD (BASE 65) ]
TOTAL THIS MO.     2    CLEAR  (SCALE 0-3)  18
DPTR FM NORMAL   -16    PTCLDY (SCALE 4-7)  13
TOTAL FM JUL 1     2    CLOUDY (SCALE 8-10)  0
DPTR FM NORMAL   -24

[CDD (BASE 65) ]
TOTAL THIS MO.   223
DPTR FM NORMAL    59    [PRESSURE DATA]
TOTAL FM JAN 1   791    HIGHEST SLP 30.29 ON 26
DPTR FM NORMAL   267    LOWEST  SLP 29.71 ON 10

[REMARKS]
#FINAL-08-12#
CORRECTED PRECIPITATION ON AUGUST 28TH
