000
CXUS51 KBGM 031611
CF6AVP
PRELIMINARY LOCAL CLIMATOLOGICAL DATA (WS FORM: F-6)

                                          STATION:   AVOCA PA
                                          MONTH:     NOVEMBER
                                          YEAR:      2012
                                          LATITUDE:   41 19 N
                                          LONGITUDE:  75 44 W

  TEMPERATURE IN F:       :PCPN:    SNOW:  WIND      :SUNSHINE: SKY     :PK WND
================================================================================
1   2   3   4   5  6A  6B    7    8   9   10  11  12  13   14  15   16   17  18
                                     12Z  AVG MX 2MIN
DY MAX MIN AVG DEP HDD CDD  WTR  SNW DPTH SPD SPD DIR MIN PSBL S-S WX    SPD DR
================================================================================

 1  45  41  43  -3  22   0    T  0.0    M  9.4 15 230   M    M  10        21 220
 2  47  38  43  -3  22   0 0.04    T    M  8.6 18 310   M    M   9 1      24 310
 3  44  37  41  -5  24   0    T    T    M 11.6 21 330   M    M  10        31 310
 4  40  34  37  -8  28   0    T    T    M  8.7 16 330   M    M  10        20 350
 5  38  32  35 -10  30   0    T    T    M 10.0 16 350   M    M  10        21 350
 6  44  24  34 -11  31   0 0.00  0.0    M  3.4 10 240   M    M   1        14  20
 7  38  27  33 -11  32   0 0.00  0.0    M  7.3 16  20   M    M   3        20  20
 8  46  30  38  -6  27   0 0.00  0.0    M 10.6 22 330   M    M   3        29 320
 9  49  31  40  -4  25   0    T    T    M  7.7 18 330   M    M   2        23 320
10  50  31  41  -2  24   0    T  0.0    M  1.0  6  50   M    M   7 8       8  30
11  72  42  57  14   8   0 0.00  0.0    M  2.1 12 170   M    M   2        18 180
12  66  51  59  16   6   0 0.04  0.0    M  8.5 22 170   M    M   2 1      37 170
13  60  35  48   6  17   0 0.75    T    M  7.9 24 290   M    M   9 1      35 280
14  46  29  38  -4  27   0 0.00  0.0    M  5.7 15  20   M    M   3        18  30
15  43  27  35  -7  30   0 0.00  0.0    M  3.5  9  50   M    M   0        12  50
16  46  26  36  -5  29   0 0.00  0.0    M  2.4 12 350   M    M   0        16 320
17  51  26  39  -2  26   0 0.00  0.0    M  2.4  7 100   M    M   0         9 110
18  52  26  39  -2  26   0 0.00  0.0    M  3.0  8 130   M    M   0 1      13 120
19  52  27  40   0  25   0 0.00  0.0    M  2.9  8 100   M    M   0 1      10 100
20  48  29  39  -1  26   0 0.00  0.0    M  2.0  7 100   M    M   0        10 110
21  53  30  42   2  23   0 0.00  0.0    M  3.4  8 100   M    M   0        10 100
22  55  26  41   2  24   0 0.00  0.0    M  2.6  7 100   M    M   0        10 120
23  61  29  45   6  20   0    T  0.0    M  4.8 23 260   M    M   3 1      32 260
24  42  32  37  -1  28   0    T    T    M 12.6 23 310   M    M   9        32 290
25  36  31  34  -4  31   0 0.00  0.0    M 10.8 20 310   M    M  10        26 320
26  44  30  37  -1  28   0 0.00  0.0    M  7.6 15 270   M    M   5        22 270
27  34  29  32  -5  33   0 0.26  2.0    M  0.8  7 320   M    M  10 12     10 320
28  35  22  29  -8  36   0    T    T    M  3.2 12 240   M    M   4 1      17 280
29  40  30  35  -1  30   0 0.00  0.0    M  6.2 15 230   M    M   3        22 230
30  41  27  34  -2  31   0 0.00  0.0    M  1.6  7  40   M    M   6 8       9  50
================================================================================
SM 1418  929       769   0  1.09     2.0 172.3          M      131
================================================================================
AV 47.3 31.0                               5.7 FASTST   M    M   4    MAX(MPH)
                                 MISC ---->  # 24 290               # 37  170
================================================================================
NOTES:
# LAST OF SEVERAL OCCURRENCES

COLUMN 17 PEAK WIND IN M.P.H.

PRELIMINARY LOCAL CLIMATOLOGICAL DATA (WS FORM: F-6) , PAGE 2

                                          STATION:  AVOCA PA
                                          MONTH:    NOVEMBER
                                          YEAR:     2012
                                          LATITUDE:   41 19 N
                                          LONGITUDE:  75 44 W

[TEMPERATURE DATA]      [PRECIPITATION DATA]       SYMBOLS USED IN COLUMN 16

AVERAGE MONTHLY: 39.1   TOTAL FOR MONTH:   1.09    1 = FOG OR MIST
DPTR FM NORMAL:  -2.3   DPTR FM NORMAL:   -2.05    2 = FOG REDUCING VISIBILITY
HIGHEST:    72 ON 11    GRTST 24HR  0.79 ON 12-13      TO 1/4 MILE OR LESS
LOWEST:     22 ON 28                               3 = THUNDER
                        SNOW, ICE PELLETS, HAIL    4 = ICE PELLETS
                        TOTAL MONTH:   2.0 INCHES  5 = HAIL
                        GRTST 24HR   2.0 ON 27-27  6 = FREEZING RAIN OR DRIZZLE
                        GRTST DEPTH:  M  ON   M    7 = DUSTSTORM OR SANDSTORM:
                                                       VSBY 1/2 MILE OR LESS
                                                   8 = SMOKE OR HAZE
[NO. OF DAYS WITH]      [WEATHER - DAYS WITH]      9 = BLOWING SNOW
                                                   X = TORNADO
MAX 32 OR BELOW:   0    0.01 INCH OR MORE:   4
MAX 90 OR ABOVE:   0    0.10 INCH OR MORE:   2
MIN 32 OR BELOW:  23    0.50 INCH OR MORE:   1
MIN  0 OR BELOW:   0    1.00 INCH OR MORE:   0

[HDD (BASE 65) ]
TOTAL THIS MO.   769    CLEAR  (SCALE 0-3)  15
DPTR FM NORMAL    59    PTCLDY (SCALE 4-7)   6
TOTAL FM JUL 1  1227    CLOUDY (SCALE 8-10)  9
DPTR FM NORMAL   -86

[CDD (BASE 65) ]
TOTAL THIS MO.     0
DPTR FM NORMAL     0    [PRESSURE DATA]
TOTAL FM JAN 1   864    HIGHEST SLP 30.67 ON 18
DPTR FM NORMAL   284    LOWEST  SLP 29.54 ON  1

[REMARKS]
#FINAL-11-12#
