000
CXUS51 KBGM 011747
CF6AVP
PRELIMINARY LOCAL CLIMATOLOGICAL DATA (WS FORM: F-6)

                                          STATION:   AVOCA PA
                                          MONTH:     OCTOBER
                                          YEAR:      2012
                                          LATITUDE:   41 19 N
                                          LONGITUDE:  75 44 W

  TEMPERATURE IN F:       :PCPN:    SNOW:  WIND      :SUNSHINE: SKY     :PK WND
================================================================================
1   2   3   4   5  6A  6B    7    8   9   10  11  12  13   14  15   16   17  18
                                     12Z  AVG MX 2MIN
DY MAX MIN AVG DEP HDD CDD  WTR  SNW DPTH SPD SPD DIR MIN PSBL S-S WX    SPD DR
================================================================================

 1  68  47  58   2   7   0 0.00  0.0    M  5.3 13 230   M    M   4        17 210
 2  63  56  60   4   5   0 0.68  0.0    M  2.3  8  70   M    M  10 1      12  80
 3  74  62  68  13   0   3 0.02  0.0    M  2.9 10 230   M    M   8 18     14 230
 4  70  56  63   8   2   0 0.22  0.0    M  1.2 10 270   M    M   7 12     13 270
 5  76  51  64   9   1   0 0.00  0.0    M  3.5 14 240   M    M   0 18     17 210
 6  66  41  54   0  11   0 0.05  0.0    M  3.8 16 340   M    M   4 1      21 340
 7  52  41  47  -7  18   0 0.05  0.0    M  1.6 15 290   M    M   7 1      21 270
 8  53  38  46  -7  19   0 0.00  0.0    M  1.3  7 290   M    M   5 1       M  M
 9  56  46  51  -2  14   0    T  0.0    M  1.8  7  20   M    M  10 1       9  70
10  61  45  53   0  12   0 0.04  0.0    M  7.0 18 330   M    M   9 1      24 290
11  56  39  48  -4  17   0    T  0.0    M  6.6 15 320   M    M   1        22 280
12  54  30  42 -10  23   0    T  0.0    M  9.0 24 350   M    M   4        33 360
13  55  27  41 -11  24   0 0.00  0.0    M  4.6 10 200   M    M   1        16 230
14  70  47  59   8   6   0 0.00  0.0    M  6.6 16 200   M    M   5        29 190
15  67  50  59   8   6   0 0.07  0.0    M  6.1 15 310   M    M   5 1      20 300
16  55  38  47  -4  18   0    T  0.0    M  8.2 20 340   M    M   6        26 330
17  64  34  49  -1  16   0 0.00  0.0    M  3.4 10 180   M    M   0        17 160
18  65  44  55   5  10   0 0.16  0.0    M  6.7 18 140   M    M   4 1      33 130
19  72  54  63  13   2   0 1.83  0.0    M  3.1 14 210   M    M   8 13     23 220
20  58  44  51   1  14   0 0.00  0.0    M  5.8 16 250   M    M   4 12     21 250
21  63  42  53   4  12   0 0.00  0.0    M  5.8 15 300   M    M   2        20 270
22  66  39  53   4  12   0 0.00  0.0    M  4.8 15 340   M    M   0        21 340
23  59  43  51   2  14   0 0.29  0.0    M  1.6  8 100   M    M   8 1      10  50
24  73  55  64  16   1   0    T  0.0    M  2.2 10  30   M    M   9 128    14  70
25  65  54  60  12   5   0 0.00  0.0    M  2.8  8 160   M    M   9 1      14 150
26  62  58  60  12   5   0 0.00  0.0    M  3.1  8 180   M    M  10 8      13 180
27  63  56  60  13   5   0 0.00  0.0    M  1.3  9  70   M    M   9 18     14  60
28  57  52  55   8  10   0 0.03  0.0    M  8.4 18  40   M    M   9 1      24  40
29  59  50  55   8  10   0 1.69  0.0    M 15.9 29  20   M    M  10 1      44  60
30  52  40  46  -1  19   0 0.59  0.0    M  7.2 25 130   M    M  10 1      43 130
31  43  40  42  -4  23   0 0.01  0.0    M  6.0 14 230   M    M  10        18 220
================================================================================
SM 1917 1419       341   3  5.73     0.0 149.9          M      188
================================================================================
AV 61.8 45.8                               4.8 FASTST   M    M   6    MAX(MPH)
                                 MISC ---->  # 29  20               # 44   60
================================================================================
NOTES:
# LAST OF SEVERAL OCCURRENCES

COLUMN 17 PEAK WIND IN M.P.H.

PRELIMINARY LOCAL CLIMATOLOGICAL DATA (WS FORM: F-6) , PAGE 2

                                          STATION:  AVOCA PA
                                          MONTH:    OCTOBER
                                          YEAR:     2012
                                          LATITUDE:   41 19 N
                                          LONGITUDE:  75 44 W

[TEMPERATURE DATA]      [PRECIPITATION DATA]       SYMBOLS USED IN COLUMN 16

AVERAGE MONTHLY: 53.8   TOTAL FOR MONTH:   5.73    1 = FOG OR MIST
DPTR FM NORMAL:   2.9   DPTR FM NORMAL:    2.39    2 = FOG REDUCING VISIBILITY
HIGHEST:    76 ON  5    GRTST 24HR  2.17 ON 29-30      TO 1/4 MILE OR LESS
LOWEST:     27 ON 13                               3 = THUNDER
                        SNOW, ICE PELLETS, HAIL    4 = ICE PELLETS
                        TOTAL MONTH:   0.0 INCH    5 = HAIL
                        GRTST 24HR     0.0         6 = FREEZING RAIN OR DRIZZLE
                        GRTST DEPTH:  M  ON   M    7 = DUSTSTORM OR SANDSTORM:
                                                       VSBY 1/2 MILE OR LESS
                                                   8 = SMOKE OR HAZE
[NO. OF DAYS WITH]      [WEATHER - DAYS WITH]      9 = BLOWING SNOW
                                                   X = TORNADO
MAX 32 OR BELOW:   0    0.01 INCH OR MORE:  14
MAX 90 OR ABOVE:   0    0.10 INCH OR MORE:   7
MIN 32 OR BELOW:   2    0.50 INCH OR MORE:   4
MIN  0 OR BELOW:   0    1.00 INCH OR MORE:   2

[HDD (BASE 65) ]
TOTAL THIS MO.   341    CLEAR  (SCALE 0-3)   6
DPTR FM NORMAL  -100    PTCLDY (SCALE 4-7)  14
TOTAL FM JUL 1   458    CLOUDY (SCALE 8-10) 11
DPTR FM NORMAL  -145

[CDD (BASE 65) ]
TOTAL THIS MO.     3
DPTR FM NORMAL    -1    [PRESSURE DATA]
TOTAL FM JAN 1   864    HIGHEST SLP 30.52 ON 13
DPTR FM NORMAL   284    LOWEST  SLP 28.68 ON 29

[REMARKS]
#FINAL-10-12#
