000
CXUS51 KBGM 102132 CCA
CF6AVP

PRELIMINARY LOCAL CLIMATOLOGICAL DATA (WS FORM: F-6)

                                          STATION:   AVOCA PA
                                          MONTH:     JULY
                                          YEAR:      2012
                                          LATITUDE:   41 19 N
                                          LONGITUDE:  75 44 W

  TEMPERATURE IN F:       :PCPN:    SNOW:  WIND      :SUNSHINE: SKY     :PK WND
================================================================================
1   2   3   4   5  6A  6B    7    8   9   10  11  12  13   14  15   16   17  18
                                     12Z  AVG MX 2MIN
DY MAX MIN AVG DEP HDD CDD  WTR  SNW DPTH SPD SPD DIR MIN PSBL S-S WX    SPD DR
================================================================================

 1  92  64  78   7   0  13 0.00  0.0    M  6.1 21 350   M    M   1 8      26 310
 2  86  59  73   2   0   8 0.00  0.0    M  6.3 17 350   M    M   1 8      23 310
 3  89  60  75   4   0  10 0.00  0.0    M  4.3 15 260   M    M   1        18 250
 4  91  68  80   9   0  15 0.13  0.0    M  6.6 18 250   M    M   5 18     25 250
 5  91  65  78   7   0  13 0.04  0.0    M  7.2 18 350   M    M   1 18     24 360
 6  93  56  75   4   0  10 0.00  0.0    M  4.3 10 250   M    M   0        14 260
 7  92  68  80   9   0  15 0.02  0.0    M  3.9 35 350   M    M   1 13     44 350
 8  91  67  79   8   0  14 0.00  0.0    M  6.0 15 340   M    M   3 1      21 360
 9  86  61  74   3   0   9 0.00  0.0    M  6.1 15 330   M    M   4        22 320
10  87  57  72   0   0   7 0.02  0.0    M  4.3 26 320   M    M   3 1      35 330
11  87  61  74   2   0   9 0.00  0.0    M  2.3 12 160   M    M   4        20 170
12  91  63  77   5   0  12 0.00  0.0    M  4.6 13 270   M    M   1 8      22 170
13  88  67  78   6   0  13    T  0.0    M  3.8 13 240   M    M   2        17 240
14  83  69  76   4   0  11    T  0.0    M  4.7 14 250   M    M   7        17 230
15  90  70  80   8   0  15 0.08  0.0    M  5.3 17 250   M    M   9 18     23 250
16  92  69  81   9   0  16 0.00  0.0    M  6.1 15 330   M    M   1 18     25 300
17  97  65  81   9   0  16 0.00  0.0    M  6.9 21 270   M    M   0        26 260
18  97  72  85  13   0  20 0.69  0.0    M  2.9 20 340   M    M   2 138    25 360
19  83  68  76   4   0  11 0.02  0.0    M  2.0  7 110   M    M   7 18     13 210
20  69  62  66  -6   0   1 0.89  0.0    M  4.7 12  40   M    M   9 18     16  50
21  78  61  70  -2   0   5 0.03  0.0    M  2.2  7 200   M    M   8 1      10 150
22  82  60  71  -1   0   6 0.00  0.0    M  3.8 13 240   M    M   2 8      15 270
23  82  66  74   2   0   9 0.00  0.0    M  4.9 14 110   M    M   7        17 240
24  90  77  84  12   0  19 0.00  0.0    M 12.2 18 360   M    M   1        24 360
25  84  59  72   0   0   7 0.00  0.0    M  4.0 16 350   M    M   0        21 350
26  91  64  78   6   0  13 0.34  0.0    M  6.6 36 310   M    M   3 1      46 320
27  84  69  77   5   0  12 0.13  0.0    M  4.6 10 330   M    M   6 1      14 320
28  86  66  76   5   0  11 0.02  0.0    M  2.8 14  40   M    M   8 12     17  40
29  85  66  76   5   0  11 0.24  0.0    M  2.3 14  40   M    M   6 1      17  30
30  82  65  74   3   0   9    T  0.0    M  3.5 12 150   M    M   6        17 150
31  82  65  74   3   0   9 0.00  0.0    M  4.6 10 220   M    M   5        16 150
================================================================================
SM 2701 2009         0 349  2.65     0.0 149.9          M      114
================================================================================
AV 87.1 64.8                               4.8 FASTST   M    M   4    MAX(MPH)
                                 MISC ---->  # 36 310               # 46  320
================================================================================
NOTES:
# LAST OF SEVERAL OCCURRENCES

COLUMN 17 PEAK WIND IN M.P.H.

PRELIMINARY LOCAL CLIMATOLOGICAL DATA (WS FORM: F-6) , PAGE 2

                                          STATION:  AVOCA PA
                                          MONTH:    JULY
                                          YEAR:     2012
                                          LATITUDE:   41 19 N
                                          LONGITUDE:  75 44 W

[TEMPERATURE DATA]      [PRECIPITATION DATA]       SYMBOLS USED IN COLUMN 16

AVERAGE MONTHLY: 76.0   TOTAL FOR MONTH:   2.65    1 = FOG OR MIST
DPTR FM NORMAL:   4.6   DPTR FM NORMAL:   -1.14    2 = FOG REDUCING VISIBILITY
HIGHEST:    97 ON 18,17 GRTST 24HR  0.91 ON 20-21      TO 1/4 MILE OR LESS
LOWEST:     56 ON  6                               3 = THUNDER
                        SNOW, ICE PELLETS, HAIL    4 = ICE PELLETS
                        TOTAL MONTH:   0.0 INCH    5 = HAIL
                        GRTST 24HR     0.0         6 = FREEZING RAIN OR DRIZZLE
                        GRTST DEPTH:  M  ON   M    7 = DUSTSTORM OR SANDSTORM:
                                                       VSBY 1/2 MILE OR LESS
                                                   8 = SMOKE OR HAZE
[NO. OF DAYS WITH]      [WEATHER - DAYS WITH]      9 = BLOWING SNOW
                                                   X = TORNADO
MAX 32 OR BELOW:   0    0.01 INCH OR MORE:  13
MAX 90 OR ABOVE:  13    0.10 INCH OR MORE:   6
MIN 32 OR BELOW:   0    0.50 INCH OR MORE:   2
MIN  0 OR BELOW:   0    1.00 INCH OR MORE:   0

[HDD (BASE 65) ]
TOTAL THIS MO.     0    CLEAR  (SCALE 0-3)  16
DPTR FM NORMAL    -8    PTCLDY (SCALE 4-7)  12
TOTAL FM JUL 1     0    CLOUDY (SCALE 8-10)  3
DPTR FM NORMAL    -8

[CDD (BASE 65) ]
TOTAL THIS MO.   349
DPTR FM NORMAL   143    [PRESSURE DATA]
TOTAL FM JAN 1   568    HIGHEST SLP 30.21 ON 14
DPTR FM NORMAL   208    LOWEST  SLP 29.58 ON 26

[REMARKS]
#FINAL-07-12#
DATA INCOMPLETE ON THE 23RD AND 24TH.  PROBLEMS WITH ASOS THOSE DAYS.
