000
CXUS51 KBGM 011527
CF6AVP
PRELIMINARY LOCAL CLIMATOLOGICAL DATA (WS FORM: F-6)

                                          STATION:   AVOCA PA
                                          MONTH:     MAY
                                          YEAR:      2012
                                          LATITUDE:   41 19 N
                                          LONGITUDE:  75 44 W

  TEMPERATURE IN F:       :PCPN:    SNOW:  WIND      :SUNSHINE: SKY     :PK WND
================================================================================
1   2   3   4   5  6A  6B    7    8   9   10  11  12  13   14  15   16   17  18
                                     12Z  AVG MX 2MIN
DY MAX MIN AVG DEP HDD CDD  WTR  SNW DPTH SPD SPD DIR MIN PSBL S-S WX    SPD DR
================================================================================

 1  72  50  61   7   4   0 0.15  0.0    M  3.4 13 170   M    M   9 18     20 180
 2  61  51  56   1   9   0 0.28  0.0    M  3.9 10 180   M    M   9 18     17 170
 3  80  51  66  11   0   1 0.17  0.0    M  2.0  8 160   M    M   5 18     17 160
 4  80  60  70  15   0   5 0.01  0.0    M  5.2 14 220   M    M   6 18     20 230
 5  72  56  64   8   1   0 0.00  0.0    M  5.2 14 350   M    M   5 1      17 320
 6  74  50  62   6   3   0 0.00  0.0    M  3.7 12 220   M    M   5        16 220
 7  63  55  59   3   6   0 0.17  0.0    M  3.7 12 260   M    M  10 18     17 260
 8  61  53  57   1   8   0 0.76  0.0    M  3.5 13 220   M    M  10 1      22 210
 9  70  55  63   6   2   0 0.04  0.0    M  4.1 17 320   M    M   8 1      24 320
10  58  44  51  -6  14   0    T  0.0    M  9.1 25 310   M    M   7        35 290
11  68  36  52  -5  13   0 0.00  0.0    M  7.7 23 340   M    M   1        31 320
12  77  40  59   1   6   0 0.00  0.0    M  3.1 14 220   M    M   0        20 230
13  78  52  65   7   0   0    T  0.0    M  4.9 14 280   M    M   4        17 290
14  67  56  62   4   3   0 0.63  0.0    M  2.3 13 210   M    M   9 1      21 210
15  73  59  66   8   0   1 2.29  0.0    M  2.4 12 350   M    M   9 128    15 330
16  79  56  68   9   0   3    T  0.0    M  6.9 26 260   M    M   5 12     36 260
17  68  46  57  -2   8   0 0.00  0.0    M  8.3 18  10   M    M   1        30  40
18  75  42  59   0   6   0 0.00  0.0    M  4.3  9 360   M    M   0        14 330
19  83  48  66   6   0   1 0.00  0.0    M  4.0 13 340   M    M   0        18 360
20  84  54  69   9   0   4 0.00  0.0    M  5.0 13  40   M    M   0        20 140
21  69  58  64   4   1   0 0.02  0.0    M  4.7 13  40   M    M   8 18     17  40
22  77  61  69   9   0   4    T  0.0    M  2.4  7 300   M    M   9 1      12  30
23  78  62  70   9   0   5 0.16  0.0    M  2.3  9  40   M    M   9 1      13  10
24  78  63  71  10   0   6 0.02  0.0    M  4.6 16 180   M    M   8 1      30 150
25  79  65  72  11   0   7 0.00  0.0    M  3.9 15 200   M    M   6        20 170
26  86  64  75  13   0  10 0.00  0.0    M  3.3 13 340   M    M   1 18     15 340
27  84  64  74  12   0   9 0.01  0.0    M  4.3 12 190   M    M   6 18     18 200
28  90  65  78  16   0  13 0.00  0.0    M  3.4 15 260   M    M   4 18     21 260
29  90  66  78  16   0  13 0.86  0.0    M  4.5 23 260   M    M   3 123    30 260
30  82  62  72   9   0   7    T  0.0    M  6.2 18 240   M    M   5 1      25 240
31  74  53  64   1   1   0 0.00  0.0    M  5.2 18 350   M    M   2        24 360
================================================================================
SM 2330 1697        85  89  5.57     0.0 137.5          M      164
================================================================================
AV 75.2 54.7                               4.4 FASTST   M    M   5    MAX(MPH)
                                 MISC ---->  # 26 260               # 36  260
================================================================================
NOTES:
# LAST OF SEVERAL OCCURRENCES

COLUMN 17 PEAK WIND IN M.P.H.

PRELIMINARY LOCAL CLIMATOLOGICAL DATA (WS FORM: F-6) , PAGE 2

                                          STATION:  AVOCA PA
                                          MONTH:    MAY
                                          YEAR:     2012
                                          LATITUDE:   41 19 N
                                          LONGITUDE:  75 44 W

[TEMPERATURE DATA]      [PRECIPITATION DATA]       SYMBOLS USED IN COLUMN 16

AVERAGE MONTHLY: 65.0   TOTAL FOR MONTH:   5.57    1 = FOG OR MIST
DPTR FM NORMAL:   6.4   DPTR FM NORMAL:    2.05    2 = FOG REDUCING VISIBILITY
HIGHEST:    90 ON 29,28 GRTST 24HR  2.56 ON 14-15      TO 1/4 MILE OR LESS
LOWEST:     36 ON 11                               3 = THUNDER
                        SNOW, ICE PELLETS, HAIL    4 = ICE PELLETS
                        TOTAL MONTH:   0.0 INCH    5 = HAIL
                        GRTST 24HR     0.0         6 = FREEZING RAIN OR DRIZZLE
                        GRTST DEPTH:  M  ON   M    7 = DUSTSTORM OR SANDSTORM:
                                                       VSBY 1/2 MILE OR LESS
                                                   8 = SMOKE OR HAZE
[NO. OF DAYS WITH]      [WEATHER - DAYS WITH]      9 = BLOWING SNOW
                                                   X = TORNADO
MAX 32 OR BELOW:   0    0.01 INCH OR MORE:  14
MAX 90 OR ABOVE:   2    0.10 INCH OR MORE:   9
MIN 32 OR BELOW:   0    0.50 INCH OR MORE:   4
MIN  0 OR BELOW:   0    1.00 INCH OR MORE:   1

[HDD (BASE 65) ]
TOTAL THIS MO.    85    CLEAR  (SCALE 0-3)   9
DPTR FM NORMAL  -143    PTCLDY (SCALE 4-7)  12
TOTAL FM JUL 1  4919    CLOUDY (SCALE 8-10) 10
DPTR FM NORMAL -1282

[CDD (BASE 65) ]
TOTAL THIS MO.    89
DPTR FM NORMAL    58    [PRESSURE DATA]
TOTAL FM JAN 1    94    HIGHEST SLP 30.24 ON 12
DPTR FM NORMAL    57    LOWEST  SLP 29.54 ON 10

[REMARKS]
#FINAL-05-12#
