000
CXUS51 KBGM 012346 CCA
CF6AVP
PRELIMINARY LOCAL CLIMATOLOGICAL DATA (WS FORM: F-6)
STATION: AVOCA PA
MONTH: MARCH
YEAR: 2022
LATITUDE: 41 19 N
LONGITUDE: 75 44 W
TEMPERATURE IN F: :PCPN: SNOW: WIND :SUNSHINE: SKY :PK WND
================================================================================
1 2 3 4 5 6A 6B 7 8 9 10 11 12 13 14 15 16 17 18
12Z AVG MX 2MIN
DY MAX MIN AVG DEP HDD CDD WTR SNW DPTH SPD SPD DIR MIN PSBL S-S WX SPD DR
================================================================================
1 43 28 36 2 29 0 0.21 0.0 M 8.5 17 210 M M 9 1 26 210
2 47 33 40 6 25 0 T 0.0 M 5.6 20 240 M M 5 8 26 230
3 45 19 32 -2 33 0 0.02 T M 13.1 22 330 M M 4 1 28 330
4 35 22 29 -5 36 0 0.00 0.0 M 6.6 16 240 M M 0 8 21 250
5 M M M M M M M 0.0 M M M M M M M M M
6 M M M M M M M 0.0 M M M M M M M M M
7 64 42 53 18 12 0 0.19 0.0 M 9.4 31 270 M M 7 18 45 260
8 43 32 38 2 27 0 T 0.0 M 11.3 24 320 M M 5 33 320
9 38 32 35 -1 30 0 0.46 2.2 M 3.4 8 40 M M 8 12 13 140
10 47 30 39 3 26 0 0.00 0.0 M 2.5 8 100 M M 5 128 10 100
11 55 28 42 6 23 0 0.00 0.0 M 4.1 15 200 M M 2 18 25 230
12 46 18 32 -5 33 0 0.45 7.0 M 14.2 29 330 M M 9 128 42 330
13 29 17 23 -14 42 0 T T M 10.7 24 300 M M 7 32 320
14 54 25 40 3 25 0 0.00 0.0 M 6.6 14 250 M M 2 20 230
15 65 37 51 13 14 0 T 0.0 M 6.2 21 260 M M 3 28 240
16 69 37 53 15 12 0 0.00 0.0 M 5.1 15 180 M M 0 18 26 170
17 61 47 54 16 11 0 0.04 0.0 M 3.6 9 30 M M 6 18 16 10
18 73 42 58 19 7 0 0.02 0.0 M 4.2 16 270 M M 5 128 20 220
19 73 53 63 24 2 0 0.19 0.0 M 7.6 24 270 M M 5 13 29 270
20 53 40 47 8 18 0 T 0.0 M 10.6 18 300 M M 8 24 330
21 60 34 47 7 18 0 0.00 0.0 M 9.1 24 340 M M 2 8 29 330
22 54 35 45 5 20 0 0.00 0.0 M 8.8 17 330 M M 2 27 340
23 50 34 42 2 23 0 0.12 0.0 M 5.9 16 40 M M 5 25 140
24 53 37 45 4 20 0 0.09 0.0 M 7.9 17 40 M M 9 1 24 70
25 51 38 45 4 20 0 0.01 0.0 M 8.1 21 270 M M 9 12 26 240
26 47 36 42 0 23 0 0.04 T M 8.7 23 250 M M 9 8 29 250
27 39 21 30 -12 35 0 0.01 T M 14.4 25 300 M M 9 8 35 310
28 27 19 23 -19 42 0 T T M 15.4 31 320 M M 7 8 38 330
29 36 21 29 -14 36 0 T T M 11.0 23 310 M M 5 34 350
30 47 20 34 -9 31 0 T 0.0 M 4.0 14 170 M M 2 20 200
31 69 42 56 12 9 0 1.00 0.0 M 10.6 25 270 M M 8 138 38 200
================================================================================
SM 1473 919 682 0 2.85 9.2 237.2 M 157
================================================================================
AV 50.8 31.7 8.2 FASTST M M 5 MAX(MPH)
MISC ----> # 31 270 45 260
================================================================================
NOTES:
# LAST OF SEVERAL OCCURRENCES
COLUMN 17 PEAK WIND IN M.P.H.
PRELIMINARY LOCAL CLIMATOLOGICAL DATA (WS FORM: F-6) , PAGE 2
STATION: AVOCA PA
MONTH: MARCH
YEAR: 2022
LATITUDE: 41 19 N
LONGITUDE: 75 44 W
[TEMPERATURE DATA] [PRECIPITATION DATA] SYMBOLS USED IN COLUMN 16
AVERAGE MONTHLY: 41.2 TOTAL FOR MONTH: 2.85 1 = FOG OR MIST
DPTR FM NORMAL: 2.9 DPTR FM NORMAL: 0.08 2 = FOG REDUCING VISIBILITY
HIGHEST: 73 ON 18,19 GRTST 24HR 1.00 ON 31-31 TO 1/4 MILE OR LESS
LOWEST: 17 ON 13 3 = THUNDER
SNOW, ICE PELLETS, HAIL 4 = ICE PELLETS
TOTAL MONTH: 9.2 INCHES 5 = HAIL
GRTST 24HR 7.0 ON 12-12 6 = FREEZING RAIN OR DRIZZLE
GRTST DEPTH: M ON M 7 = DUSTSTORM OR SANDSTORM:
VSBY 1/2 MILE OR LESS
8 = SMOKE OR HAZE
[NO. OF DAYS WITH] [WEATHER - DAYS WITH] 9 = BLOWING SNOW
X = TORNADO
MAX 32 OR BELOW: 2 0.01 INCH OR MORE: 14
MAX 90 OR ABOVE: 0 0.10 INCH OR MORE: 7
MIN 32 OR BELOW: 14 0.50 INCH OR MORE: 1
MIN 0 OR BELOW: 0 1.00 INCH OR MORE: 1
[HDD (BASE 65) ]
TOTAL THIS MO. 682 CLEAR (SCALE 0-3) 7
DPTR FM NORMAL -148 PTCLDY (SCALE 4-7) 14
TOTAL FM JUL 1 4586 CLOUDY (SCALE 8-10) 10
DPTR FM NORMAL -494
[CDD (BASE 65) ]
TOTAL THIS MO. 0
DPTR FM NORMAL 0 [PRESSURE DATA]
TOTAL FM JAN 1 0 HIGHEST SLP 30.46 ON 5
DPTR FM NORMAL 0 LOWEST SLP 29.38 ON 31
[REMARKS]
#FINAL-03-22#
CORRECTED SNOWFALL ON DAYS 06 AND 29
ASOS NOT WORKING FROM LATE ON DAY 04 TO LATE ON DAY 06
(AUTOMATED SURFACE OBSERVING SYSTEM = ASOS)