000
CXUS51 KBGM 130105
CF6AVP
PRELIMINARY LOCAL CLIMATOLOGICAL DATA (WS FORM: F-6)

                                          STATION:   AVOCA PA
                                          MONTH:     JUNE
                                          YEAR:      2012
                                          LATITUDE:   41 19 N
                                          LONGITUDE:  75 44 W

  TEMPERATURE IN F:       :PCPN:    SNOW:  WIND      :SUNSHINE: SKY     :PK WND
================================================================================
1   2   3   4   5  6A  6B    7    8   9   10  11  12  13   14  15   16   17  18
                                     12Z  AVG MX 2MIN
DY MAX MIN AVG DEP HDD CDD  WTR  SNW DPTH SPD SPD DIR MIN PSBL S-S WX    SPD DR
================================================================================

 1  70  53  62  -1   3   0 0.75  0.0    M  9.2 23 130   M    M   6 1      43 140
 2  67  53  60  -4   5   0 0.09  0.0    M  6.1 17 240   M    M   6 1      23 240
 3  68  48  58  -6   7   0 0.27  0.0    M  6.8 24 280   M    M   4 13     37 280
 4  62  50  56  -8   9   0 0.45  0.0    M  4.5 14 340   M    M   9 1      22  40
 5  63  46  55  -9  10   0 0.01  0.0    M  3.5 13 360   M    M   9 1      17  10
 6  73  47  60  -5   5   0 0.03  0.0    M  2.8 12 290   M    M   4 12     15 290
 7  72  50  61  -4   4   0 0.04  0.0    M  2.5 12 240   M    M   4 128    15 250
 8  80  50  65   0   0   0 0.00  0.0    M  4.6 15 320   M    M   1 12     20 330
 9  74  55  65  -1   0   0 0.01  0.0    M  3.4 16 260   M    M   6        22 250
10  87  62  75   9   0  10 0.01  0.0    M  2.8  9 120   M    M   4 1      21 280
11  82  65  74   8   0   9 0.00  0.0    M  6.3 14 130   M    M   2        25 150
12  70  65  68   2   0   3 0.33  0.0    M  3.5 14 130   M    M   9 1      23 150
13  73  53  63  -4   2   0 0.01  0.0    M  9.9 22  20   M    M   4 1      28  30
14  79  51  65  -2   0   0 0.00  0.0    M  3.1 13  20   M    M   2        20  90
15  81  56  69   2   0   4 0.00  0.0    M  2.8  8  30   M    M   4 1      12 170
16  80  56  68   1   0   3 0.00  0.0    M  3.0 12 180   M    M   3        31 210
17  77  55  66  -2   0   1 0.00  0.0    M  4.6 13 190   M    M   1        21 240
18  67  58  63  -5   2   0    T  0.0    M  4.4 12 200   M    M   9        17 200
19  82  62  72   4   0   7 0.09  0.0    M  5.7 15 240   M    M   7 18     21 260
20  93  67  80  12   0  15 0.00  0.0    M  4.0 12 220   M    M   1 18     16 220
21  93  68  81  12   0  16 0.00  0.0    M  4.9 18 250   M    M   0 18     24 250
22  87  63  75   6   0  10 0.20  0.0    M  3.2 24 250   M    M   2 18     32 250
23  82  58  70   1   0   5 0.00  0.0    M  5.3 17 340   M    M   1        23 360
24  82  56  69   0   0   4 0.00  0.0    M  3.1 12 260   M    M   0        16 210
25  75  56  66  -4   0   1 0.65  0.0    M  7.4 29 330   M    M   7 13     36 330
26  73  51  62  -8   3   0 0.00  0.0    M  9.9 24 320   M    M   4        33 350
27  80  51  66  -4   0   1 0.00  0.0    M  8.3 23 320   M    M   1 8      31 320
28  86  59  73   3   0   8 0.00  0.0    M  5.2 14 250   M    M   1        18 240
29  93  68  81  11   0  16 0.04  0.0    M  5.3 16 260   M    M   2 1      22 240
30  89  64  77   7   0  12 0.00  0.0    0  5.7 20 260   M    M   1        24 260
================================================================================
SM 2340 1696        50 125  2.98     0.0 151.8          M      114
================================================================================
AV 78.0 56.5                               5.1 FASTST   M    M   4    MAX(MPH)
                                 MISC ---->  # 29 330               # 43  140
================================================================================
NOTES:
# LAST OF SEVERAL OCCURRENCES

COLUMN 17 PEAK WIND IN M.P.H.

PRELIMINARY LOCAL CLIMATOLOGICAL DATA (WS FORM: F-6) , PAGE 2

                                          STATION:  AVOCA PA
                                          MONTH:    JUNE
                                          YEAR:     2012
                                          LATITUDE:   41 19 N
                                          LONGITUDE:  75 44 W

[TEMPERATURE DATA]      [PRECIPITATION DATA]       SYMBOLS USED IN COLUMN 16

AVERAGE MONTHLY: 67.3   TOTAL FOR MONTH:   2.98    1 = FOG OR MIST
DPTR FM NORMAL:   0.2   DPTR FM NORMAL:   -1.05    2 = FOG REDUCING VISIBILITY
HIGHEST:    93 ON 29,21 GRTST 24HR  0.84 ON  1- 2      TO 1/4 MILE OR LESS
LOWEST:     46 ON  5                               3 = THUNDER
                        SNOW, ICE PELLETS, HAIL    4 = ICE PELLETS
                        TOTAL MONTH:   0.0 INCH    5 = HAIL
                        GRTST 24HR     0.0         6 = FREEZING RAIN OR DRIZZLE
                        GRTST DEPTH:   0           7 = DUSTSTORM OR SANDSTORM:
                                                       VSBY 1/2 MILE OR LESS
                                                   8 = SMOKE OR HAZE
[NO. OF DAYS WITH]      [WEATHER - DAYS WITH]      9 = BLOWING SNOW
                                                   X = TORNADO
MAX 32 OR BELOW:   0    0.01 INCH OR MORE:  15
MAX 90 OR ABOVE:   3    0.10 INCH OR MORE:   6
MIN 32 OR BELOW:   0    0.50 INCH OR MORE:   2
MIN  0 OR BELOW:   0    1.00 INCH OR MORE:   0

[HDD (BASE 65) ]
TOTAL THIS MO.    50    CLEAR  (SCALE 0-3)  14
DPTR FM NORMAL    -4    PTCLDY (SCALE 4-7)  12
TOTAL FM JUL 1  4969    CLOUDY (SCALE 8-10)  4
DPTR FM NORMAL -1286

[CDD (BASE 65) ]
TOTAL THIS MO.   125
DPTR FM NORMAL     8    [PRESSURE DATA]
TOTAL FM JAN 1   219    HIGHEST SLP 30.33 ON 16
DPTR FM NORMAL    65    LOWEST  SLP 29.59 ON  4

[REMARKS]
#FINAL-06-12#
