000
CXUS51 KBGM 021809
CF6AVP
PRELIMINARY LOCAL CLIMATOLOGICAL DATA (WS FORM: F-6)

                                          STATION:   AVOCA PA
                                          MONTH:     MARCH
                                          YEAR:      2012
                                          LATITUDE:   41 19 N
                                          LONGITUDE:  75 44 W

  TEMPERATURE IN F:       :PCPN:    SNOW:  WIND      :SUNSHINE: SKY     :PK WND
================================================================================
1   2   3   4   5  6A  6B    7    8   9   10  11  12  13   14  15   16   17  18
                                     12Z  AVG MX 2MIN
DY MAX MIN AVG DEP HDD CDD  WTR  SNW DPTH SPD SPD DIR MIN PSBL S-S WX    SPD DR
================================================================================

 1  42  35  39   7  26   0 0.12    T    M  3.7 17 340   M    M   9 1      22 350
 2  41  30  36   4  29   0 0.10  0.0    M  4.1 15 180   M    M   8 1      26 190
 3  54  35  45  13  20   0    T  0.0    M 11.5 33 260   M    M   M        43 260
 4  40  28  34   1  31   0 0.01  0.3    M  8.2 20 330   M    M   5        23 290
 5  37  22  30  -3  35   0 0.00  0.0    M  9.4 22 350   M    M   2        25 330
 6  42  20  31  -2  34   0 0.00  0.0    M  4.6 15 260   M    M   5        21 270
 7  64  32  48  14  17   0 0.00  0.0    M  8.1 18 210   M    M   0        26 210
 8  68  41  55  21  10   0 0.48  0.0    M  9.2 32 330   M    M   5 1      43 330
 9  45  29  37   3  28   0 0.11    T    M 13.1 25 330   M    M   6 18     36 280
10  37  23  30  -5  35   0    T    T    M  7.1 24 330   M    M   3        33 330
11  61  27  44   9  21   0 0.00  0.0    M  5.7 18 230   M    M   0        25 240
12  68  33  51  16  14   0    T  0.0    M  2.9 10 220   M    M   3        16 230
13  72  51  62  26   3   0    T  0.0    M  8.2 20 250   M    M   4        29 260
14  67  43  55  19  10   0 0.00  0.0    M  5.8 16 330   M    M   0        22 330
15  73  45  59  23   6   0 0.00  0.0    M  6.4 12 120   M    M   1        21 130
16  67  43  55  18  10   0 0.05  0.0    M  2.7 12 280   M    M   6 1      15 250
17  76  48  62  25   3   0 0.00  0.0    M  2.9 13 170   M    M   2 18     21 170
18  74  47  61  24   4   0 0.00  0.0    M  4.7 15 270   M    M   3 18     21 260
19  74  50  62  24   3   0 1.35  0.0    M  3.3 10 330   M    M   4 138    15 140
20  75  52  64  26   1   0 0.00  0.0    M  3.2 12 230   M    M   5 1      18 150
21  69  54  62  24   3   0 0.00  0.0    M  2.7  9 120   M    M   7 1      12 180
22  74  53  64  25   1   0 0.00  0.0    M  2.0 10 250   M    M   5 18     14 250
23  78  49  64  25   1   0 0.00  0.0    M  3.7 17  40   M    M   4 18     21  40
24  62  49  56  16   9   0 0.01  0.0    M  4.7 14 120   M    M   8        22 130
25  62  43  53  13  12   0    T  0.0    M  4.5 17 340   M    M   9        22 340
26  54  30  42   2  23   0 0.00  0.0    M 16.6 32 330   M    M   4        41 320
27  48  25  37  -4  28   0 0.00  0.0    M  7.7 17 350   M    M   0        25 360
28  68  41  55  14  10   0 0.04  0.0    M  9.0 23 240   M    M   5        31 220
29  52  37  45   3  20   0    T  0.0    M 13.4 24 330   M    M  10        31 320
30  55  34  45   3  20   0 0.09  0.0    M  6.3 17 330   M    M   5 1      24 340
31  42  38  40  -2  25   0 0.09  0.0    M  2.7  9  60   M    M  10 1      15 100
================================================================================
SM 1841 1187       492   0  2.45     0.3 198.1          M      138
================================================================================
AV 59.4 38.3                               6.4 FASTST   M    M   5    MAX(MPH)
                                 MISC ---->  # 33 260               # 43  260
================================================================================
NOTES:
# LAST OF SEVERAL OCCURRENCES

COLUMN 17 PEAK WIND IN M.P.H.

PRELIMINARY LOCAL CLIMATOLOGICAL DATA (WS FORM: F-6) , PAGE 2

                                          STATION:  AVOCA PA
                                          MONTH:    MARCH
                                          YEAR:     2012
                                          LATITUDE:   41 19 N
                                          LONGITUDE:  75 44 W

[TEMPERATURE DATA]      [PRECIPITATION DATA]       SYMBOLS USED IN COLUMN 16

AVERAGE MONTHLY: 48.8   TOTAL FOR MONTH:   2.45    1 = FOG OR MIST
DPTR FM NORMAL:  11.9   DPTR FM NORMAL:   -0.10    2 = FOG REDUCING VISIBILITY
HIGHEST:    78 ON 23    GRTST 24HR  1.35 ON 19-19      TO 1/4 MILE OR LESS
LOWEST:     20 ON  6                               3 = THUNDER
                        SNOW, ICE PELLETS, HAIL    4 = ICE PELLETS
                        TOTAL MONTH:   0.3 INCH    5 = HAIL
                        GRTST 24HR   0.3 ON   M    6 = FREEZING RAIN OR DRIZZLE
                        GRTST DEPTH:  M  ON   M    7 = DUSTSTORM OR SANDSTORM:
                                                       VSBY 1/2 MILE OR LESS
                                                   8 = SMOKE OR HAZE
[NO. OF DAYS WITH]      [WEATHER - DAYS WITH]      9 = BLOWING SNOW
                                                   X = TORNADO
MAX 32 OR BELOW:   0    0.01 INCH OR MORE:  11
MAX 90 OR ABOVE:   0    0.10 INCH OR MORE:   5
MIN 32 OR BELOW:  10    0.50 INCH OR MORE:   1
MIN  0 OR BELOW:   0    1.00 INCH OR MORE:   1

[HDD (BASE 65) ]
TOTAL THIS MO.   492    CLEAR  (SCALE 0-3)   9
DPTR FM NORMAL  -379    PTCLDY (SCALE 4-7)  17
TOTAL FM JUL 1  4341    CLOUDY (SCALE 8-10)  4
DPTR FM NORMAL -1136

[CDD (BASE 65) ]
TOTAL THIS MO.     0
DPTR FM NORMAL     0    [PRESSURE DATA]
TOTAL FM JAN 1     0    HIGHEST SLP 30.61 ON  6
DPTR FM NORMAL     0    LOWEST  SLP 29.43 ON  3

[REMARKS]
#FINAL-03-12#
