000
CXUS51 KBGM 011807
CF6AVP
PRELIMINARY LOCAL CLIMATOLOGICAL DATA (WS FORM: F-6)

                                          STATION:   AVOCA PA
                                          MONTH:     FEBRUARY
                                          YEAR:      2012
                                          LATITUDE:   41 19 N
                                          LONGITUDE:  75 44 W

  TEMPERATURE IN F:       :PCPN:    SNOW:  WIND      :SUNSHINE: SKY     :PK WND
================================================================================
1   2   3   4   5  6A  6B    7    8   9   10  11  12  13   14  15   16   17  18
                                     12Z  AVG MX 2MIN
DY MAX MIN AVG DEP HDD CDD  WTR  SNW DPTH SPD SPD DIR MIN PSBL S-S WX    SPD DR
================================================================================

 1  55  40  48  22  17   0    T  0.0    M  9.3 18 260   M    M   6        25  20
 2  40  30  35   8  30   0    T    T    M  8.3 18 340   M    M   8        25 350
 3  41  29  35   8  30   0    T    T    M  7.4 18 330   M    M   6        23 330
 4  40  26  33   6  32   0 0.00  0.0    M  2.4 10  20   M    M   4        14 340
 5  36  24  30   3  35   0 0.00  0.0    M  5.6 16 340   M    M   5        22 350
 6  48  23  36   9  29   0 0.00  0.0    M  8.4 21 240   M    M   0        25 240
 7  40  31  36   9  29   0 0.00  0.0    M  7.1 18 320   M    M   8        23 310
 8  33  26  30   3  35   0 0.06  0.5    M  1.8 10 340   M    M   8 18     13 340
 9  38  22  30   2  35   0 0.02  0.2    M  5.8 14 230   M    M   2 1      18 230
10  36  25  31   3  34   0    T    T    M  5.6 15 250   M    M   4 18     21 240
11  36  16  26  -2  39   0 0.04  1.2    M  5.7 24 340   M    M  10 18     35 320
12  26  15  21  -7  44   0 0.01  0.3    M 12.4 25 280   M    M  10 128    35 310
13  38  23  31   3  34   0    T    T    M  9.9 21 230   M    M   3        28 220
14  43  30  37   9  28   0 0.07  0.3    M  2.2 10 180   M    M   9 1      16 230
15  40  29  35   6  30   0    T  0.0    M  2.5 12 330   M    M  10 1      15 330
16  39  29  34   5  31   0 0.11  0.2    M  3.1 12 220   M    M   8 128    17 230
17  46  33  40  11  25   0 0.01  0.0    M  8.1 22 320   M    M   7 1      29 320
18  43  29  36   7  29   0 0.02    T    M  6.7 18 250   M    M   6 1      26 230
19  39  29  34   4  31   0 0.00  0.0    M  8.1 15  20   M    M   6        21 340
20  40  24  32   2  33   0 0.00  0.0    M 10.0 20 350   M    M   4        25 330
21  44  21  33   3  32   0    T  0.0    M  6.1 17 180   M    M   3        28 200
22  54  37  46  16  19   0 0.01  0.0    M  6.8 25 240   M    M   6 18     35 250
23  50  39  45  15  20   0    T  0.0    M  5.4 18 330   M    M   6        23 330
24  41  32  37   6  28   0 0.46  0.5    M  6.9 31 260   M    M  10 18     39 240
25  38  27  33   2  32   0    T    T    M 18.3 35 260   M    M   9        46 260
26  40  24  32   1  33   0 0.00  0.0    M  6.5 20 330   M    M   1        25 300
27  55  25  40   9  25   0 0.00  0.0    M  6.7 29 330   M    M   5        37 340
28  43  32  38   6  27   0 0.00  0.0    M  9.2 21 310   M    M   5        29 340
29  38  33  36   4  29   0 0.22  0.3    M  5.0 13  70   M    M   9 128    22  70
================================================================================
SM 1200  803       875   0  1.03     3.5 201.3          M      178
================================================================================
AV 41.4 27.7                               6.9 FASTST   M    M   6    MAX(MPH)
                                 MISC ---->  # 35 260               # 46  260
================================================================================
NOTES:
# LAST OF SEVERAL OCCURRENCES

COLUMN 17 PEAK WIND IN M.P.H.

PRELIMINARY LOCAL CLIMATOLOGICAL DATA (WS FORM: F-6) , PAGE 2

                                          STATION:  AVOCA PA
                                          MONTH:    FEBRUARY
                                          YEAR:     2012
                                          LATITUDE:   41 19 N
                                          LONGITUDE:  75 44 W

[TEMPERATURE DATA]      [PRECIPITATION DATA]       SYMBOLS USED IN COLUMN 16

AVERAGE MONTHLY: 34.5   TOTAL FOR MONTH:   1.03    1 = FOG OR MIST
DPTR FM NORMAL:   5.7   DPTR FM NORMAL:   -1.00    2 = FOG REDUCING VISIBILITY
HIGHEST:    55 ON 27, 1 GRTST 24HR  0.46 ON 24-24      TO 1/4 MILE OR LESS
LOWEST:     15 ON 12                               3 = THUNDER
                        SNOW, ICE PELLETS, HAIL    4 = ICE PELLETS
                        TOTAL MONTH:   3.5 INCHES  5 = HAIL
                        GRTST 24HR   1.2 ON   M    6 = FREEZING RAIN OR DRIZZLE
                        GRTST DEPTH:  M  ON   M    7 = DUSTSTORM OR SANDSTORM:
                                                       VSBY 1/2 MILE OR LESS
                                                   8 = SMOKE OR HAZE
[NO. OF DAYS WITH]      [WEATHER - DAYS WITH]      9 = BLOWING SNOW
                                                   X = TORNADO
MAX 32 OR BELOW:   1    0.01 INCH OR MORE:  11
MAX 90 OR ABOVE:   0    0.10 INCH OR MORE:   3
MIN 32 OR BELOW:  24    0.50 INCH OR MORE:   0
MIN  0 OR BELOW:   0    1.00 INCH OR MORE:   0

[HDD (BASE 65) ]
TOTAL THIS MO.   875    CLEAR  (SCALE 0-3)   5
DPTR FM NORMAL  -140    PTCLDY (SCALE 4-7)  16
TOTAL FM JUL 1  3849    CLOUDY (SCALE 8-10)  8
DPTR FM NORMAL  -790

[CDD (BASE 65) ]
TOTAL THIS MO.     0
DPTR FM NORMAL     0    [PRESSURE DATA]
TOTAL FM JAN 1     0    HIGHEST SLP 30.47 ON  3
DPTR FM NORMAL     0    LOWEST  SLP 29.34 ON 23

[REMARKS]
#FINAL-02-12#
