000
CXUS51 KBGM 020238
CF6AVP
PRELIMINARY LOCAL CLIMATOLOGICAL DATA (WS FORM: F-6)

                                          STATION:   AVOCA PA
                                          MONTH:     JANUARY
                                          YEAR:      2012
                                          LATITUDE:   41 19 N
                                          LONGITUDE:  75 44 W

  TEMPERATURE IN F:       :PCPN:    SNOW:  WIND      :SUNSHINE: SKY     :PK WND
================================================================================
1   2   3   4   5  6A  6B    7    8   9   10  11  12  13   14  15   16   17  18
                                     12Z  AVG MX 2MIN
DY MAX MIN AVG DEP HDD CDD  WTR  SNW DPTH SPD SPD DIR MIN PSBL S-S WX    SPD DR
================================================================================

 1  49  39  44  17  21   0 0.11  0.0    M  8.6 22 260   M    M   8 1      37 140
 2  40  26  33   7  32   0    T  0.1    M 13.2 24 260   M    M   7 1      37 240
 3  27   7  17  -9  48   0    T    T    M 13.4 25 320   M    M   5        32 310
 4  23   5  14 -12  51   0 0.00  0.0    M  4.5 14 240   M    M   3        20 240
 5  33  21  27   1  38   0 0.00  0.0    M  6.0 15 250   M    M   8        20 260
 6  51  25  38  12  27   0 0.00  0.0    M  4.1 20 240   M    M   2        26 220
 7  55  31  43  17  22   0 0.00  0.0    M  5.9 21 250   M    M   0        25 250
 8  39  24  32   6  33   0 0.00  0.0    M  6.8 18 330   M    M   9        22 330
 9  41  22  32   6  33   0 0.00  0.0    M  4.1 13 180   M    M   5        17 200
10  40  27  34   8  31   0 0.00  0.0    M  5.1 16 220   M    M   7 8      21 230
11  47  25  36  10  29   0 0.16  0.0    M  3.8 12 100   M    M   3 1      21 100
12  43  38  41  15  24   0 0.19  0.0    M  5.3 16  60   M    M  10 1      30 130
13  45  22  34   8  31   0 0.20    T    M 16.0 30 260   M    M   7 18     41 250
14  29  17  23  -3  42   0    T    T    M  9.8 17 350   M    M   9 18     24 220
15  20   7  14 -12  51   0    T    T    M  8.7 18 360   M    M   1        24 330
16  34   6  20  -6  45   0    T    T    M  6.4 17 200   M    M   3        26 210
17  48  33  41  15  24   0 0.13  0.0    M  4.0 23 260   M    M   9 1      32 250
18  46  16  31   5  34   0    T    T    M 12.6 29 290   M    M   6        39 260
19  29  11  20  -6  45   0 0.01  0.2    M  5.3 17 180   M    M   3 18     26 190
20  26  14  20  -6  45   0 0.01    T    M  6.5 20 350   M    M   4 1      25 320
21  25  14  20  -6  45   0 0.34  3.8    M  5.8 13  30   M    M   9 128    16  40
22  32   5  19  -7  46   0    T    T    M  3.6 10 330   M    M   4        17 160
23  49  32  41  15  24   0 0.12  0.0    M  7.6 21 210   M    M  10 18     39 180
24  45  35  40  14  25   0 0.00  0.0    M 10.3 24 270   M    M  10 1      35 270
25  38  30  34   8  31   0 0.00  0.0    M  6.9 18 330   M    M   8        25 350
26  41  30  36  10  29   0 0.20    T    M  2.3  8 140   M    M  10 1      14 150
27  54  38  46  20  19   0 0.43  0.0    M 10.3 25 260   M    M   9 1      37 240
28  45  31  38  12  27   0    T  0.0    M  9.7 31 260   M    M   5        40 260
29  40  27  34   8  31   0    T    T    M  9.9 25 210   M    M   1        39 230
30  35  27  31   5  34   0    T    T    M  9.0 24 330   M    M   6        33 330
31  56  31  44  18  21   0 0.00  0.0    M  5.4 14 240   M    M   3        21 220
================================================================================
SM 1225  716      1038   0  1.90     4.1 230.9          M      184
================================================================================
AV 39.5 23.1                               7.4 FASTST   M    M   6    MAX(MPH)
                                 MISC ---->  # 31 260               # 41  250
================================================================================
NOTES:
# LAST OF SEVERAL OCCURRENCES

COLUMN 17 PEAK WIND IN M.P.H.

PRELIMINARY LOCAL CLIMATOLOGICAL DATA (WS FORM: F-6) , PAGE 2

                                          STATION:  AVOCA PA
                                          MONTH:    JANUARY
                                          YEAR:     2012
                                          LATITUDE:   41 19 N
                                          LONGITUDE:  75 44 W

[TEMPERATURE DATA]      [PRECIPITATION DATA]       SYMBOLS USED IN COLUMN 16

AVERAGE MONTHLY: 31.3   TOTAL FOR MONTH:   1.90    1 = FOG OR MIST
DPTR FM NORMAL:   5.5   DPTR FM NORMAL:   -0.47    2 = FOG REDUCING VISIBILITY
HIGHEST:    56 ON 31    GRTST 24HR  0.62 ON 26-27      TO 1/4 MILE OR LESS
LOWEST:      5 ON 22, 4                            3 = THUNDER
                        SNOW, ICE PELLETS, HAIL    4 = ICE PELLETS
                        TOTAL MONTH:   4.1 INCHES  5 = HAIL
                        GRTST 24HR   3.8 ON   M    6 = FREEZING RAIN OR DRIZZLE
                        GRTST DEPTH:  M  ON   M    7 = DUSTSTORM OR SANDSTORM:
                                                       VSBY 1/2 MILE OR LESS
                                                   8 = SMOKE OR HAZE
[NO. OF DAYS WITH]      [WEATHER - DAYS WITH]      9 = BLOWING SNOW
                                                   X = TORNADO
MAX 32 OR BELOW:   8    0.01 INCH OR MORE:  11
MAX 90 OR ABOVE:   0    0.10 INCH OR MORE:   9
MIN 32 OR BELOW:  26    0.50 INCH OR MORE:   0
MIN  0 OR BELOW:   0    1.00 INCH OR MORE:   0

[HDD (BASE 65) ]
TOTAL THIS MO.  1038    CLEAR  (SCALE 0-3)   8
DPTR FM NORMAL  -175    PTCLDY (SCALE 4-7)  13
TOTAL FM JUL 1  2974    CLOUDY (SCALE 8-10) 10
DPTR FM NORMAL  -617

[CDD (BASE 65) ]
TOTAL THIS MO.     0
DPTR FM NORMAL     0    [PRESSURE DATA]
TOTAL FM JAN 1     0    HIGHEST SLP 30.59 ON 15
DPTR FM NORMAL     0    LOWEST  SLP 29.16 ON 13

[REMARKS]
#FINAL-01-12#
