000
CXUS51 KBGM 011950
CF6AVP
PRELIMINARY LOCAL CLIMATOLOGICAL DATA (WS FORM: F-6)

                                          STATION:   AVOCA PA
                                          MONTH:     APRIL
                                          YEAR:      2012
                                          LATITUDE:   41 19 N
                                          LONGITUDE:  75 44 W

  TEMPERATURE IN F:       :PCPN:    SNOW:  WIND      :SUNSHINE: SKY     :PK WND
================================================================================
1   2   3   4   5  6A  6B    7    8   9   10  11  12  13   14  15   16   17  18
                                     12Z  AVG MX 2MIN
DY MAX MIN AVG DEP HDD CDD  WTR  SNW DPTH SPD SPD DIR MIN PSBL S-S WX    SPD DR
================================================================================

 1  48  40  44   1  21   0 0.30  0.0    M  3.7 20  10   M    M  10 1      22  10
 2  53  36  45   2  20   0    T    T    M 13.3 26 340   M    M   5        36 340
 3  60  35  48   4  17   0 0.00  0.0    M  6.4 18 310   M    M   3        24 350
 4  63  41  52   8  13   0 0.00  0.0    M 10.6 28 340   M    M   3        36 340
 5  50  32  41  -3  24   0 0.00  0.0    M  9.4 20 350   M    M   2        28  10
 6  53  28  41  -4  24   0 0.00  0.0    M  8.6 24 340   M    M   0        30 340
 7  56  29  43  -2  22   0 0.00  0.0    M  8.6 28 330   M    M   0        35 330
 8  66  31  49   3  16   0 0.00  0.0    M 10.7 29 320   M    M   2        43 320
 9  60  42  51   5  14   0 0.00  0.0    M 15.0 30 290   M    M   3        45 290
10  52  39  46  -1  19   0 0.01  0.0    M  7.8 23 290   M    M   8        30 290
11  48  35  42  -5  23   0    T    T    M  7.5 23 350   M    M  10        28 360
12  56  36  46  -1  19   0 0.01  0.0    M  8.5 21 340   M    M   8        30 340
13  62  28  45  -3  20   0 0.00  0.0    M  4.5 16  30   M    M   0        24 320
14  69  36  53   5  12   0    T  0.0    M  5.8 18 240   M    M   4        26 230
15  75  52  64  15   1   0 0.06  0.0    M  4.2 17 260   M    M   7 18     24 270
16  88  52  70  21   0   5 0.00  0.0    M  5.5 22 230   M    M   0 8      32 200
17  73  49  61  12   4   0 0.00  0.0    M 11.0 22 340   M    M   1        28 350
18  56  40  48  -2  17   0 0.00  0.0    M  5.3 14  20   M    M   0        18  30
19  73  36  55   5  10   0 0.00  0.0    M  3.9 13 260   M    M   0 8      18 190
20  75  49  62  12   3   0 0.00  0.0    M  5.6 15 200   M    M   0 8      25 210
21  75  44  60   9   5   0 0.37  0.0    M  8.7 18 320   M    M   6 13     24 350
22  45  40  43  -8  22   0 1.27  0.0    M  9.6 17  30   M    M  10 1      22  20
23  42  37  40 -12  25   0 0.40    T    M  7.9 16  20   M    M  10 1      20 240
24  51  35  43  -9  22   0 0.02  0.0    M 10.8 25 270   M    M   8 1      37 280
25  56  32  44  -8  21   0 0.03  0.0    M  4.6 18 300   M    M   4 1      25 310
26  56  37  47  -6  18   0 0.06  0.0    M  5.5 23 330   M    M   8 1      31 330
27  46  35  41 -12  24   0    T  0.0    M 10.8 25 330   M    M   7 1      32 330
28  55  31  43 -10  22   0 0.00  0.0    M  3.6 12 280   M    M   0        16 280
29  60  31  46  -8  19   0 0.00  0.0    M  9.2 26 330   M    M   0        32 340
30  67  30  49  -5  16   0 0.00  0.0    M  5.9 17 140   M    M   3        26 140
================================================================================
SM 1789 1118       493   5  2.53    T    232.5          M      122
================================================================================
AV 59.6 37.3                               7.8 FASTST   M    M   4    MAX(MPH)
                                 MISC ---->  # 30 290               # 45  290
================================================================================
NOTES:
# LAST OF SEVERAL OCCURRENCES

COLUMN 17 PEAK WIND IN M.P.H.

PRELIMINARY LOCAL CLIMATOLOGICAL DATA (WS FORM: F-6) , PAGE 2

                                          STATION:  AVOCA PA
                                          MONTH:    APRIL
                                          YEAR:     2012
                                          LATITUDE:   41 19 N
                                          LONGITUDE:  75 44 W

[TEMPERATURE DATA]      [PRECIPITATION DATA]       SYMBOLS USED IN COLUMN 16

AVERAGE MONTHLY: 48.5   TOTAL FOR MONTH:   2.53    1 = FOG OR MIST
DPTR FM NORMAL:  -0.1   DPTR FM NORMAL:   -0.80    2 = FOG REDUCING VISIBILITY
HIGHEST:    88 ON 16    GRTST 24HR  1.64 ON 22-23      TO 1/4 MILE OR LESS
LOWEST:     28 ON 13, 6                            3 = THUNDER
                        SNOW, ICE PELLETS, HAIL    4 = ICE PELLETS
                        TOTAL MONTH:    T          5 = HAIL
                        GRTST 24HR    T  ON 23-23  6 = FREEZING RAIN OR DRIZZLE
                        GRTST DEPTH:  M  ON   M    7 = DUSTSTORM OR SANDSTORM:
                                                       VSBY 1/2 MILE OR LESS
                                                   8 = SMOKE OR HAZE
[NO. OF DAYS WITH]      [WEATHER - DAYS WITH]      9 = BLOWING SNOW
                                                   X = TORNADO
MAX 32 OR BELOW:   0    0.01 INCH OR MORE:  10
MAX 90 OR ABOVE:   0    0.10 INCH OR MORE:   4
MIN 32 OR BELOW:   9    0.50 INCH OR MORE:   1
MIN  0 OR BELOW:   0    1.00 INCH OR MORE:   1

[HDD (BASE 65) ]
TOTAL THIS MO.   493    CLEAR  (SCALE 0-3)  14
DPTR FM NORMAL    -3    PTCLDY (SCALE 4-7)  11
TOTAL FM JUL 1  4834    CLOUDY (SCALE 8-10)  5
DPTR FM NORMAL -1139

[CDD (BASE 65) ]
TOTAL THIS MO.     5
DPTR FM NORMAL    -1    [PRESSURE DATA]
TOTAL FM JAN 1     5    HIGHEST SLP 30.33 ON 30
DPTR FM NORMAL    -1    LOWEST  SLP 29.21 ON 23

[REMARKS]
#FINAL-04-12#
