000
CXUS51 KBGM 310800
CF6AVP
PRELIMINARY LOCAL CLIMATOLOGICAL DATA (WS FORM: F-6)

                                          STATION:   AVOCA PA
                                          MONTH:     DECEMBER
                                          YEAR:      2011
                                          LATITUDE:   41 19 N
                                          LONGITUDE:  75 44 W

  TEMPERATURE IN F:       :PCPN:    SNOW:  WIND      :SUNSHINE: SKY     :PK WND
================================================================================
1   2   3   4   5  6A  6B    7    8   9   10  11  12  13   14  15   16   17  18
                                     12Z  AVG MX 2MIN
DY MAX MIN AVG DEP HDD CDD  WTR  SNW DPTH SPD SPD DIR MIN PSBL S-S WX    SPD DR
================================================================================

 1  47  30  39   3  26   0 0.00  0.0    M  4.2 15 360   M    M   1        20  10
 2  47  26  37   2  28   0 0.00  0.0    M  5.4 18 250   M    M   4        22 260
 3  46  25  36   1  29   0 0.00  0.0    M  1.9  9 230   M    M   0        15 230
 4  50  35  43   8  22   0 0.00  0.0    M  5.7 16 200   M    M   3        24 200
 5  62  40  51  17  14   0 0.00  0.0    M  2.9 14 210   M    M   2        21 200
 6  57  43  50  16  15   0 0.32  0.0    M  2.1 13 190   M    M  10 1      18 180
 7  43  33  38   5  27   0 1.32  1.0    M  4.5 20 340   M    M  10 1      25 330
 8  39  29  34   1  31   0 0.05  0.5    M  9.5 21 300   M    M   5 1      30 280
 9  45  29  37   4  28   0 0.00  0.0    M  2.4 14 230   M    M   3 1      21 230
10  34  22  28  -4  37   0 0.00  0.0    M  6.0 17 330   M    M   3 1      23 330
11  35  18  27  -5  38   0 0.00  0.0    M  2.4 10 260   M    M   0        14 250
12  39  19  29  -3  36   0 0.00  0.0    M  2.4  8 260   M    M   0        12 210
13  42  18  30  -1  35   0 0.00  0.0    M  1.3  9 360   M    M   0 18     12  10
14  45  27  36   5  29   0    T  0.0    M  2.9 13 210   M    M   9 18     17 200
15  51  42  47  16  18   0 0.06  0.0    M  5.4 15 220   M    M   7 1      24 220
16  49  32  41  11  24   0 0.00  0.0    M 11.7 29 310   M    M   4 1      39 300
17  35  23  29  -1  36   0    T  0.0    M  7.4 18 320   M    M   8        22 320
18  31  14  23  -7  42   0 0.00  0.0    M  2.6 12  10   M    M   1        14 360
19  46  22  34   5  31   0    T  0.0    M  6.5 22 230   M    M   6        26 220
20  42  35  39  10  26   0 0.01    T    M  3.7 17 340   M    M  10 1      23 330
21  50  38  44  15  21   0 0.50  0.0    M  3.4 16 230   M    M  10 1      22 230
22  49  43  46  17  19   0 0.07  0.0    M  5.0 15 240   M    M   9 1      25 230
23  43  28  36   8  29   0 0.36    M    M  7.5 17 350   M    M   9 1      23 360
24  32  23  28   0  37   0    T    M    M  6.2 14 300   M    M   5        18 280
25  43  25  34   6  31   0 0.00  0.0    M  5.0 17 230   M    M   7        25 230
26  40  27  34   6  31   0    T    T    M  8.0 22 330   M    M   7        30 330
27  49  27  38  10  27   0 0.42  0.0    0  6.6 23 240   M    M   5 1      37 130
28  41  24  33   6  32   0 0.00  0.0    0 14.2 26 280   M    M   9        36 310
29  32  18  25  -2  40   0    T    T    0  5.2 16 310   M    M   5        22 300
30  45  30  38  11  27   0 0.00  0.0    0  2.7 15 150   M    M   6 18     26 170
================================================================================
SM 1309  845       866   0  3.11     1.5 154.7          M      158
================================================================================
AV 43.6 28.2                               5.2 FASTST   M    M   5    MAX(MPH)
                                 MISC ---->  # 29 310               # 39  300
================================================================================
NOTES:
# LAST OF SEVERAL OCCURRENCES

COLUMN 17 PEAK WIND IN M.P.H.

PRELIMINARY LOCAL CLIMATOLOGICAL DATA (WS FORM: F-6) , PAGE 2

                                          STATION:  AVOCA PA
                                          MONTH:    DECEMBER
                                          YEAR:     2011
                                          LATITUDE:   41 19 N
                                          LONGITUDE:  75 44 W

[TEMPERATURE DATA]      [PRECIPITATION DATA]       SYMBOLS USED IN COLUMN 16

AVERAGE MONTHLY: 35.9   TOTAL FOR MONTH:   3.11    1 = FOG OR MIST
DPTR FM NORMAL:   5.1   DPTR FM NORMAL:    0.50    2 = FOG REDUCING VISIBILITY
HIGHEST:    62 ON  5    GRTST 24HR  1.37 ON  7- 8      TO 1/4 MILE OR LESS
LOWEST:     14 ON 18                               3 = THUNDER
                        SNOW, ICE PELLETS, HAIL    4 = ICE PELLETS
                        TOTAL MONTH:   1.5 INCHES  5 = HAIL
                        GRTST 24HR   1.0 ON  7- 7  6 = FREEZING RAIN OR DRIZZLE
                        GRTST DEPTH:   0           7 = DUSTSTORM OR SANDSTORM:
                                                       VSBY 1/2 MILE OR LESS
                                                   8 = SMOKE OR HAZE
[NO. OF DAYS WITH]      [WEATHER - DAYS WITH]      9 = BLOWING SNOW
                                                   X = TORNADO
MAX 32 OR BELOW:   3    0.01 INCH OR MORE:   9
MAX 90 OR ABOVE:   0    0.10 INCH OR MORE:   5
MIN 32 OR BELOW:  22    0.50 INCH OR MORE:   2
MIN  0 OR BELOW:   0    1.00 INCH OR MORE:   1

[HDD (BASE 65) ]
TOTAL THIS MO.   866    CLEAR  (SCALE 0-3)   9
DPTR FM NORMAL  -161    PTCLDY (SCALE 4-7)  12
TOTAL FM JUL 1  1914    CLOUDY (SCALE 8-10)  9
DPTR FM NORMAL  -426

[CDD (BASE 65) ]
TOTAL THIS MO.     0
DPTR FM NORMAL     0    [PRESSURE DATA]
TOTAL FM JAN 1   772    HIGHEST SLP M ON M
DPTR FM NORMAL   192    LOWEST  SLP 29.29 ON 27

[REMARKS]
