000
CXUS51 KBGM 011434
CF6AVP
PRELIMINARY LOCAL CLIMATOLOGICAL DATA (WS FORM: F-6)

                                          STATION:   AVOCA PA
                                          MONTH:     OCTOBER
                                          YEAR:      2016
                                          LATITUDE:   41 19 N
                                          LONGITUDE:  75 44 W

  TEMPERATURE IN F:       :PCPN:    SNOW:  WIND      :SUNSHINE: SKY     :PK WND
================================================================================
1   2   3   4   5  6A  6B    7    8   9   10  11  12  13   14  15   16   17  18
                                     12Z  AVG MX 2MIN
DY MAX MIN AVG DEP HDD CDD  WTR  SNW DPTH SPD SPD DIR MIN PSBL S-S WX    SPD DR
================================================================================

 1  65  54  60   4   5   0 0.63  0.0    M  6.9 14  60   M    M  10 1      19  60
 2  65  56  61   5   4   0 0.04  0.0    M  3.0  8 230   M    M  10 1      10 230
 3  71  53  62   7   3   0 0.00  0.0    M  4.5 12  20   M    M   5 1      14  40
 4  68  50  59   4   6   0 0.00  0.0    M  2.8 12  40   M    M   7 12     15 100
 5  71  48  60   5   5   0 0.00  0.0    M  5.4 10 100   M    M   0        14  40
 6  74  45  60   6   5   0 0.00  0.0    M  3.8  9 260   M    M   0        12 250
 7  77  45  61   7   4   0 0.00  0.0    M  3.6  9 200   M    M   2 12     15 180
 8  67  56  62   9   3   0 0.00  0.0    M  4.2 15 340   M    M   7        20 340
 9  61  46  54   1  11   0    T  0.0    M 13.7 25  20   M    M   8        33 360
10  59  39  49  -4  16   0 0.00  0.0    M  9.2 21 340   M    M   2        27 330
11  66  34  50  -2  15   0 0.00  0.0    M  3.4  8 300   M    M   0        12 280
12  67  44  56   4   9   0 0.00  0.0    M  4.0 13 240   M    M   0        17 210
13  61  43  52   0  13   0 0.06  0.0    M  4.3 13 330   M    M   4 18     16 230
14  60  36  48  -3  17   0 0.00  0.0    M  5.0 15  20   M    M   0 1      19  30
15  65  35  50  -1  15   0 0.00  0.0    M  4.3 12 220   M    M   0        17 220
16  70  45  58   7   7   0 0.01  0.0    M  3.9 13 240   M    M   5 1      16 250
17  72  56  64  14   1   0 0.02  0.0    M  4.0 17 240   M    M   6 18     23 230
18  82  55  69  19   0   4 0.00  0.0    M  6.5 21 230   M    M   2 1      29 230
19  76  55  66  16   0   1    T  0.0    M  6.3 16 350   M    M   5        22 320
20  75  55  65  15   0   0 0.01  0.0    M  5.3 13 170   M    M   8        22 160
21  77  50  64  15   1   0 0.19  0.0    M 10.1 20  30   M    M   7 1      33 300
22  50  43  47  -2  18   0 0.23  0.0    M 13.3 25 280   M    M  10 1      34 290
23  60  41  51   2  14   0 0.11  0.0    M  9.9 22 300   M    M   6 1      30 290
24  57  44  51   3  14   0 0.22  0.0    M  8.6 25 330   M    M   7 12     38 330
25  48  36  42  -6  23   0    T  0.0    M  7.5 21 310   M    M   8        32 310
26  46  30  38 -10  27   0 0.00  0.0    M  5.2 20 330   M    M   6        23 320
27  45  35  40  -7  25   0 0.74    T    M  4.7 12  30   M    M  10 1      17 140
28  46  32  39  -8  26   0    T  0.0    M  8.5 21 340   M    M   7 1      29 310
29  63  31  47   0  18   0 0.00  0.0    M  4.1 16 250   M    M   2        20 260
30  64  45  55   8  10   0 0.34  0.0    M  6.4 24 340   M    M  10 138    32 340
31  47  33  40  -6  25   0    T  0.0    M  8.1 21 340   M    M   5        27 320
================================================================================
SM 1975 1370       340   5  2.60    T    190.5          M      159
================================================================================
AV 63.7 44.2                               6.1 FASTST   M    M   5    MAX(MPH)
                                 MISC ---->  # 25  20               # 38  330
================================================================================
NOTES:
# LAST OF SEVERAL OCCURRENCES

COLUMN 17 PEAK WIND IN M.P.H.

PRELIMINARY LOCAL CLIMATOLOGICAL DATA (WS FORM: F-6) , PAGE 2

                                          STATION:  AVOCA PA
                                          MONTH:    OCTOBER
                                          YEAR:     2016
                                          LATITUDE:   41 19 N
                                          LONGITUDE:  75 44 W

[TEMPERATURE DATA]      [PRECIPITATION DATA]       SYMBOLS USED IN COLUMN 16

AVERAGE MONTHLY: 54.0   TOTAL FOR MONTH:   2.60    1 = FOG OR MIST
DPTR FM NORMAL:   3.1   DPTR FM NORMAL:   -0.74    2 = FOG REDUCING VISIBILITY
HIGHEST:    82 ON 18    GRTST 24HR  0.79 ON 30- 1      TO 1/4 MILE OR LESS
LOWEST:     30 ON 26                               3 = THUNDER
                        SNOW, ICE PELLETS, HAIL    4 = ICE PELLETS
                        TOTAL MONTH:    T          5 = HAIL
                        GRTST 24HR    T  ON 27-27  6 = FREEZING RAIN OR DRIZZLE
                        GRTST DEPTH:  M  ON   M    7 = DUSTSTORM OR SANDSTORM:
                                                       VSBY 1/2 MILE OR LESS
                                                   8 = SMOKE OR HAZE
[NO. OF DAYS WITH]      [WEATHER - DAYS WITH]      9 = BLOWING SNOW
                                                   X = TORNADO
MAX 32 OR BELOW:   0    0.01 INCH OR MORE:  12
MAX 90 OR ABOVE:   0    0.10 INCH OR MORE:   7
MIN 32 OR BELOW:   3    0.50 INCH OR MORE:   2
MIN  0 OR BELOW:   0    1.00 INCH OR MORE:   0

[HDD (BASE 65) ]
TOTAL THIS MO.   340    CLEAR  (SCALE 0-3)  10
DPTR FM NORMAL  -101    PTCLDY (SCALE 4-7)  15
TOTAL FM JUL 1   400    CLOUDY (SCALE 8-10)  6
DPTR FM NORMAL  -203

[CDD (BASE 65) ]
TOTAL THIS MO.     5
DPTR FM NORMAL     1    [PRESSURE DATA]
TOTAL FM JAN 1   998    HIGHEST SLP 30.48 ON 11
DPTR FM NORMAL   418    LOWEST  SLP 29.50 ON 22

[REMARKS]
#FINAL-10-16#
