374
CXUS51 KBGM 010800
CF6AVP
PRELIMINARY LOCAL CLIMATOLOGICAL DATA (WS FORM: F-6)

                                          STATION:   AVOCA PA
                                          MONTH:     DECEMBER
                                          YEAR:      2015
                                          LATITUDE:   41 19 N
                                          LONGITUDE:  75 44 W

  TEMPERATURE IN F:       :PCPN:    SNOW:  WIND      :SUNSHINE: SKY     :PK WND
================================================================================
1   2   3   4   5  6A  6B    7    8   9   10  11  12  13   14  15   16   17  18
                                     12Z  AVG MX 2MIN
DY MAX MIN AVG DEP HDD CDD  WTR  SNW DPTH SPD SPD DIR MIN PSBL S-S WX    SPD DR
================================================================================

 1  51  37  44   8  21   0 0.15  0.0    M  7.1 23 150   M    M   9 18     39 140
 2  53  46  50  15  15   0 0.42  0.0    M  4.5 14 240   M    M   9 1      20 220
 3  46  38  42   7  23   0    T    T    M  8.3 18 270   M    M   9        25 250
 4  47  34  41   6  24   0 0.00  0.0    M  5.7 15 320   M    M   6        20 310
 5  49  30  40   6  25   0 0.00  0.0    M  2.5  9 340   M    M   5 1      11  20
 6  40  25  33  -1  32   0 0.00  0.0    M  1.4  7 100   M    M   4 128     8 100
 7  43  27  35   2  30   0    T  0.0    M  1.6 10 230   M    M   4 128    14 220
 8  43  30  37   4  28   0 0.00  0.0    M  3.3 12 360   M    M   5        16 350
 9  50  31  41   8  24   0 0.00  0.0    M  5.8 17 150   M    M   7 18     26 150
10  53  40  47  15  18   0 0.01  0.0    M  4.1 12 250   M    M   5 18     14 250
11  55  40  48  16  17   0 0.00  0.0    M  4.1 12 260   M    M   1 18     15 250
12  57  43  50  18  15   0 0.01  0.0    M  1.8  7 360   M    M   6 18      8 360
13  66  52  59  28   6   0 0.00  0.0    M  2.4  9 220   M    M   6 18     17 180
14  66  57  62  31   3   0 0.48  0.0    M  8.1 21 250   M    M   9 18     32 190
15  59  45  52  21  13   0 0.00  0.0    M 12.3 24 280   M    M   9        32 280
16  49  42  46  16  19   0 0.00  0.0    M  6.0 15 350   M    M  10        20 350
17  53  46  50  20  15   0 0.23  0.0    M  4.4 13 300   M    M  10 1      20 160
18  50  33  42  12  23   0    T  0.0    M  9.0 20 320   M    M  10 1      25 360
19  35  28  32   3  33   0    T    T    M 14.6 24 280   M    M   9        35 260
20  39  28  34   5  31   0 0.00  0.0    M  6.5 22 290   M    M   4        31 280
21  50  35  43  14  22   0    T  0.0    M  5.6 16 210   M    M   4        23 190
22  54  43  49  20  16   0 0.25  0.0    M  2.4 10 210   M    M  10 12     16 230
23  62  47  55  27  10   0 0.30  0.0    M  5.3 15 110   M    M   9 12     27 120
24  68  48  58  30   7   0    T  0.0    M  7.1 24 240   M    M   5 18     31 240
25  59  42  51  23  14   0    T  0.0    M  2.8 14  30   M    M   3 1      19 340
26  49  43  46  18  19   0 0.04  0.0    M  3.8 15  20   M    M  10        18  20
27  53  37  45  17  20   0 0.16  0.0    M  8.8 23 340   M    M  10 1      31 350
28  38  30  34   7  31   0 0.10  0.3    M  9.2 22 340   M    M   8 468    26 340
29  42  31  37  10  28   0 0.36  0.5    M  4.1 15  70   M    M  10 1      26  80
30  48  37  43  16  22   0 0.04  0.0    M  2.3 12 210   M    M   9 18     16 220
31  45  36  41  14  24   0    T    T    M  7.6 15 340   M    M  10 1      18 350
================================================================================
SM 1572 1181       628   0  2.55     0.8 172.5          M      225
================================================================================
AV 50.7 38.1                               5.6 FASTST   M    M   7    MAX(MPH)
                                 MISC ---->  # 24 280               # 39  140
================================================================================
NOTES:
# LAST OF SEVERAL OCCURRENCES

COLUMN 17 PEAK WIND IN M.P.H.

PRELIMINARY LOCAL CLIMATOLOGICAL DATA (WS FORM: F-6) , PAGE 2

                                          STATION:  AVOCA PA
                                          MONTH:    DECEMBER
                                          YEAR:     2015
                                          LATITUDE:   41 19 N
                                          LONGITUDE:  75 44 W

[TEMPERATURE DATA]      [PRECIPITATION DATA]       SYMBOLS USED IN COLUMN 16

AVERAGE MONTHLY: 44.4   TOTAL FOR MONTH:   2.55    1 = FOG OR MIST
DPTR FM NORMAL:  13.8   DPTR FM NORMAL:   -0.13    2 = FOG REDUCING VISIBILITY
HIGHEST:    68 ON 24    GRTST 24HR  0.48 ON 14-14      TO 1/4 MILE OR LESS
LOWEST:     25 ON  6                               3 = THUNDER
                        SNOW, ICE PELLETS, HAIL    4 = ICE PELLETS
                        TOTAL MONTH:   0.8 INCH    5 = HAIL
                        GRTST 24HR   0.5 ON 29-29  6 = FREEZING RAIN OR DRIZZLE
                        GRTST DEPTH:  M  ON   M    7 = DUSTSTORM OR SANDSTORM:
                                                       VSBY 1/2 MILE OR LESS
                                                   8 = SMOKE OR HAZE
[NO. OF DAYS WITH]      [WEATHER - DAYS WITH]      9 = BLOWING SNOW
                                                   X = TORNADO
MAX 32 OR BELOW:   0    0.01 INCH OR MORE:  13
MAX 90 OR ABOVE:   0    0.10 INCH OR MORE:   9
MIN 32 OR BELOW:   9    0.50 INCH OR MORE:   0
MIN  0 OR BELOW:   0    1.00 INCH OR MORE:   0

[HDD (BASE 65) ]
TOTAL THIS MO.   628    CLEAR  (SCALE 0-3)   2
DPTR FM NORMAL  -437    PTCLDY (SCALE 4-7)  13
TOTAL FM JUL 1  1536    CLOUDY (SCALE 8-10) 16
DPTR FM NORMAL  -842

[CDD (BASE 65) ]
TOTAL THIS MO.     0
DPTR FM NORMAL     0    [PRESSURE DATA]
TOTAL FM JAN 1   929    HIGHEST SLP 30.71 ON  5
DPTR FM NORMAL   349    LOWEST  SLP 29.37 ON 14

[REMARKS]
#FINAL-12-15#
