000
CXUS51 KBGM 022022
CF6AVP
PRELIMINARY LOCAL CLIMATOLOGICAL DATA (WS FORM: F-6)

                                          STATION:   AVOCA PA
                                          MONTH:     FEBRUARY
                                          YEAR:      2017
                                          LATITUDE:   41 19 N
                                          LONGITUDE:  75 44 W

  TEMPERATURE IN F:       :PCPN:    SNOW:  WIND      :SUNSHINE: SKY     :PK WND
================================================================================
1   2   3   4   5  6A  6B    7    8   9   10  11  12  13   14  15   16   17  18
                                     12Z  AVG MX 2MIN
DY MAX MIN AVG DEP HDD CDD  WTR  SNW DPTH SPD SPD DIR MIN PSBL S-S WX    SPD DR
================================================================================

 1  40  29  35   9  30   0 0.03  0.3    M  8.6 21 270   M    M   5 1      28 280
 2  36  23  30   3  35   0 0.01  0.3    M  7.9 21 280   M    M   6 18     26 270
 3  27  18  23  -4  42   0    T    T    M  9.1 23 310   M    M   7        32 290
 4  30  15  23  -4  42   0 0.00  0.0    M  8.1 17 220   M    M   1        23 230
 5  39  24  32   5  33   0 0.00  0.0    M  8.1 20 310   M    M   7        26 320
 6  46  29  38  11  27   0 0.00  0.0    M  7.3 18 250   M    M   4        26 320
 7  50  32  41  14  24   0 0.16  0.0    M  5.7 17 230   M    M   6 18     31 250
 8  53  34  44  17  21   0 0.06  0.0    M  7.7 18 330   M    M   6 18     23 310
 9  34  14  24  -4  41   0 0.50  7.5    M 13.9 30 320   M    M   7 1289   39 320
10  28  15  22  -6  43   0 0.02  0.1    M 10.0 20 270   M    M   4 1      26 260
11  45  24  35   7  30   0 0.00  0.0    M  3.1 12 240   M    M   3        17 220
12  38  34  36   8  29   0 0.70    T    M  5.7 14 250   M    M   9 146    23  70
13  36  28  32   4  33   0 0.01    T    M 15.3 26 320   M    M  10 1      40 300
14  43  23  33   5  32   0 0.00  0.0    M  6.4 18 240   M    M   3        22 250
15  44  29  37   8  28   0    T    T    M  8.2 25 330   M    M   8 18     32 300
16  31  25  28  -1  37   0    T    T    M 12.9 22 310   M    M  10 8      30 320
17  39  24  32   3  33   0    T  0.0    M  7.2 18 320   M    M   4        26 340
18  63  25  44  15  21   0 0.00  0.0    M  6.5 18 230   M    M   0        27 240
19  65  45  55  25  10   0 0.00  0.0    M  7.4 16 320   M    M   0        21 310
20  50  30  40  10  25   0 0.00  0.0    M  8.3 20 360   M    M   1        25 340
21  48  26  37   7  28   0    T  0.0    M  5.3 14 200   M    M   0        23 200
22  57  42  50  20  15   0    T  0.0    M  2.3  9 260   M    M   6 8      10 260
23  70  36  53  23  12   0 0.05  0.0    M  5.0 17 240   M    M   6 138    23 240
24  76  52  64  33   1   0 0.00  0.0    M  6.6 16 180   M    M   4 1      27 180
25  68  37  53  22  12   0 1.44  0.0    M 10.5 25 310   M    M   8 13     37 310
26  37  30  34   3  31   0    T  0.1    M 12.2 21 290   M    M   8 1      28 320
27  51  25  38   7  27   0 0.00  0.0    M  5.7 21 230   M    M   5        28 230
28  64  38  51  19  14   0 0.00  0.0    M  4.1 14 190   M    M   7        21 210
================================================================================
SM 1308  806       756   0  2.98     8.3 219.1          M      145
================================================================================
AV 46.7 28.8                               7.8 FASTST   M    M   5    MAX(MPH)
                                 MISC ---->  # 30 320               # 40  300
================================================================================
NOTES:
# LAST OF SEVERAL OCCURRENCES

COLUMN 17 PEAK WIND IN M.P.H.

PRELIMINARY LOCAL CLIMATOLOGICAL DATA (WS FORM: F-6) , PAGE 2

                                          STATION:  AVOCA PA
                                          MONTH:    FEBRUARY
                                          YEAR:     2017
                                          LATITUDE:   41 19 N
                                          LONGITUDE:  75 44 W

[TEMPERATURE DATA]      [PRECIPITATION DATA]       SYMBOLS USED IN COLUMN 16

AVERAGE MONTHLY: 37.8   TOTAL FOR MONTH:   2.98    1 = FOG OR MIST
DPTR FM NORMAL:   9.0   DPTR FM NORMAL:    0.95    2 = FOG REDUCING VISIBILITY
HIGHEST:    76 ON 24    GRTST 24HR  1.44 ON 25-25      TO 1/4 MILE OR LESS
LOWEST:     14 ON  9                               3 = THUNDER
                        SNOW, ICE PELLETS, HAIL    4 = ICE PELLETS
                        TOTAL MONTH:   8.3 INCHES  5 = HAIL
                        GRTST 24HR   7.5 ON  9- 9  6 = FREEZING RAIN OR DRIZZLE
                        GRTST DEPTH:  M  ON   M    7 = DUSTSTORM OR SANDSTORM:
                                                       VSBY 1/2 MILE OR LESS
                                                   8 = SMOKE OR HAZE
[NO. OF DAYS WITH]      [WEATHER - DAYS WITH]      9 = BLOWING SNOW
                                                   X = TORNADO
MAX 32 OR BELOW:   4    0.01 INCH OR MORE:  10
MAX 90 OR ABOVE:   0    0.10 INCH OR MORE:   4
MIN 32 OR BELOW:  20    0.50 INCH OR MORE:   3
MIN  0 OR BELOW:   0    1.00 INCH OR MORE:   1

[HDD (BASE 65) ]
TOTAL THIS MO.   756    CLEAR  (SCALE 0-3)   6
DPTR FM NORMAL  -259    PTCLDY (SCALE 4-7)  19
TOTAL FM JUL 1  3755    CLOUDY (SCALE 8-10)  3
DPTR FM NORMAL  -851

[CDD (BASE 65) ]
TOTAL THIS MO.     0
DPTR FM NORMAL     0    [PRESSURE DATA]
TOTAL FM JAN 1     0    HIGHEST SLP 30.39 ON  4
DPTR FM NORMAL     0    LOWEST  SLP 29.33 ON 25

[REMARKS]
#FINAL-02-17#
