000
CXUS51 KBGM 020052
CF6AVP
PRELIMINARY LOCAL CLIMATOLOGICAL DATA (WS FORM: F-6)

                                          STATION:   AVOCA PA
                                          MONTH:     FEBRUARY
                                          YEAR:      2016
                                          LATITUDE:   41 19 N
                                          LONGITUDE:  75 44 W

  TEMPERATURE IN F:       :PCPN:    SNOW:  WIND      :SUNSHINE: SKY     :PK WND
================================================================================
1   2   3   4   5  6A  6B    7    8   9   10  11  12  13   14  15   16   17  18
                                     12Z  AVG MX 2MIN
DY MAX MIN AVG DEP HDD CDD  WTR  SNW DPTH SPD SPD DIR MIN PSBL S-S WX    SPD DR
================================================================================

 1  52  32  42  16  23   0    T  0.0    M  5.9 20 330   M    M   2        24 330
 2  48  24  36   9  29   0 0.00  0.0    M  2.2 15 140   M    M   0        24 140
 3  57  40  49  22  16   0 0.48  0.0    M  5.8 28 160   M    M   8 1      43 160
 4  53  36  45  18  20   0 0.01  0.0    M  6.4 17 330   M    M   7 1      22 320
 5  37  23  30   3  35   0    T    T    M  9.2 23 310   M    M   7        32 320
 6  42  20  31   4  34   0 0.00  0.0    M  4.7 17 250   M    M   2 8      22 250
 7  47  22  35   8  30   0 0.00  0.0    M  2.1  8  60   M    M   0        11  60
 8  41  28  35   8  30   0    T    T    M  5.7 14 120   M    M   6        20 120
 9  35  28  32   4  33   0 0.15  2.0    M  3.5  8 230   M    M  10 18     11 230
10  32  20  26  -2  39   0 0.14  2.5    M 11.3 21 250   M    M  10 12     24 240
11  21  12  17 -11  48   0    T    T    M 14.1 26 290   M    M   6 8      37 290
12  19   8  14 -14  51   0    T  0.1    M  7.9 17 240   M    M   6 8      21 230
13  18   1  10 -18  55   0    T  0.5    M 14.0 30 330   M    M   7 89     38 330
14  12  -6   3 -25  62   0    T    T    M  6.5 21 310   M    M   2        28 310
15  29   4  17 -12  48   0 0.24  1.5    M  4.4 14 130   M    M   8 168    23 130
16  56  29  43  14  22   0 1.35  0.0    M 12.1 26 160   M    M  10 16     42 160
17   M   M   M   M   M   M    T    T    M  6.8 21 310   M    M  10 1      25 300
18  29  17  23  -6  42   0 0.01    T    M 10.6 20 340   M    M   3        26 320
19  36  12  24  -6  41   0 0.00  0.0    M  5.3 15 190   M    M   4        27 180
20  62  34  48  18  17   0 0.00  0.0    M  9.0 23 230   M    M   4        32 230
21  54  34  44  14  21   0 0.00  0.0    M  5.8 17 360   M    M   2 8      22 360
22  45  30  38   8  27   0 0.00  0.0    M  7.0 14  20   M    M   3        19 320
23  37  29  33   3  32   0 0.02    T    M  7.5 14  40   M    M   6 168    24  50
24  62  35  49  18  16   0 1.21  0.0    M  8.2 24 200   M    M  10 138    40 180
25  59  30  45  14  20   0 0.40  0.1    M 12.7 35 250   M    M   9 13     47 250
26  31  24  28  -3  37   0    T    T    M 13.1 25 310   M    M   5        31 300
27  37  23  30  -1  35   0 0.00  0.0    M  9.6 21 250   M    M   4        27 250
28  61  31  46  14  19   0 0.00  0.0    M  8.9 21 230   M    M   0        29 250
29  55  40  48  16  17   0    T  0.0    M 12.0 29 260   M    M   5        33 260
================================================================================
SM 1167  660       899   0  4.01     6.7 232.3          M      156
================================================================================
AV 41.7 23.6                               8.0 FASTST   M    M   5    MAX(MPH)
                                 MISC ---->  # 35 250               # 47  250
================================================================================
NOTES:
# LAST OF SEVERAL OCCURRENCES

COLUMN 17 PEAK WIND IN M.P.H.

PRELIMINARY LOCAL CLIMATOLOGICAL DATA (WS FORM: F-6) , PAGE 2

                                          STATION:  AVOCA PA
                                          MONTH:    FEBRUARY
                                          YEAR:     2016
                                          LATITUDE:   41 19 N
                                          LONGITUDE:  75 44 W

[TEMPERATURE DATA]      [PRECIPITATION DATA]       SYMBOLS USED IN COLUMN 16

AVERAGE MONTHLY: 32.6   TOTAL FOR MONTH:   4.01    1 = FOG OR MIST
DPTR FM NORMAL:   3.8   DPTR FM NORMAL:    1.98    2 = FOG REDUCING VISIBILITY
HIGHEST:    62 ON 24,20 GRTST 24HR  1.59 ON 15-16      TO 1/4 MILE OR LESS
LOWEST:     -6 ON 14                               3 = THUNDER
                        SNOW, ICE PELLETS, HAIL    4 = ICE PELLETS
                        TOTAL MONTH:   6.7 INCHES  5 = HAIL
                        GRTST 24HR   2.5 ON 10-10  6 = FREEZING RAIN OR DRIZZLE
                        GRTST DEPTH:  M  ON   M    7 = DUSTSTORM OR SANDSTORM:
                                                       VSBY 1/2 MILE OR LESS
                                                   8 = SMOKE OR HAZE
[NO. OF DAYS WITH]      [WEATHER - DAYS WITH]      9 = BLOWING SNOW
                                                   X = TORNADO
MAX 32 OR BELOW:   8    0.01 INCH OR MORE:  10
MAX 90 OR ABOVE:   0    0.10 INCH OR MORE:   7
MIN 32 OR BELOW:  22    0.50 INCH OR MORE:   2
MIN  0 OR BELOW:   1    1.00 INCH OR MORE:   2

[HDD (BASE 65) ]
TOTAL THIS MO.   899    CLEAR  (SCALE 0-3)   8
DPTR FM NORMAL  -116    PTCLDY (SCALE 4-7)  15
TOTAL FM JUL 1  3570    CLOUDY (SCALE 8-10)  6
DPTR FM NORMAL -1069

[CDD (BASE 65) ]
TOTAL THIS MO.     0
DPTR FM NORMAL     0    [PRESSURE DATA]
TOTAL FM JAN 1     0    HIGHEST SLP 30.56 ON 19
DPTR FM NORMAL     0    LOWEST  SLP 29.15 ON 25

[REMARKS]
#FINAL-02-16#
