000
CXUS51 KBGM 010709
CF6AVP
PRELIMINARY LOCAL CLIMATOLOGICAL DATA (WS FORM: F-6)

                                          STATION:   AVOCA PA
                                          MONTH:     NOVEMBER
                                          YEAR:      2011
                                          LATITUDE:   41 19 N
                                          LONGITUDE:  75 44 W

  TEMPERATURE IN F:       :PCPN:    SNOW:  WIND      :SUNSHINE: SKY     :PK WND
================================================================================
1   2   3   4   5  6A  6B    7    8   9   10  11  12  13   14  15   16   17  18
                                     12Z  AVG MX 2MIN
DY MAX MIN AVG DEP HDD CDD  WTR  SNW DPTH SPD SPD DIR MIN PSBL S-S WX    SPD DR
================================================================================

 1  55  34  45  -1  20   0 0.00  0.0    M  3.1  8 100   M    M   1 8      10 110
 2  58  31  45  -1  20   0 0.00  0.0    M  3.5 13 230   M    M   0 18     16 260
 3  58  36  47   1  18   0 0.00  0.0    M  1.5  9 260   M    M   0 18     13 270
 4  49  30  40  -5  25   0 0.00  0.0    M 11.4 25  10   M    M   3        33 360
 5  51  24  38  -7  27   0 0.00  0.0    M  1.9  7 100   M    M   0         9 100
 6  55  28  42  -3  23   0 0.00  0.0    M  3.5 13 240   M    M   0        16 260
 7  62  31  47   3  18   0 0.00  0.0    M  2.5  9 250   M    M   1 1      12 220
 8  70  40  55  11  10   0 0.00  0.0    M  1.8  7 180   M    M   0        14 180
 9  68  40  54  10  11   0 0.00  0.0    M  3.8 15 210   M    M   0        21 200
10  55  41  48   5  17   0 0.23  0.0    M  5.5 13 230   M    M   9 1      21 220
11  43  34  39  -4  26   0    T    T    M  9.1 22 270   M    M   8        29 260
12  54  30  42  -1  23   0 0.00  0.0    M  5.6 22 240   M    M   1        29 230
13  61  36  49   7  16   0 0.00  0.0    M  4.0 15 200   M    M   0        24 200
14  64  47  56  14   9   0 0.05  0.0    M  4.7 24 330   M    M   4 1      30 330
15  58  48  53  11  12   0 0.16  0.0    M  4.6 14 240   M    M   9 1      18 220
16  54  47  51  10  14   0 0.44  0.0    M  2.1 14 330   M    M  10 1      20 320
17  47  30  39  -2  26   0 0.00  0.0    M  8.1 17 330   M    M   7        23 330
18  41  28  35  -6  30   0 0.00  0.0    M  5.5 15 270   M    M   2        18 270
19  51  32  42   2  23   0    T  0.0    M  6.5 14 190   M    M   3        21 210
20  61  39  50  10  15   0    T  0.0    M  6.6 16 240   M    M   6        22 230
21  52  36  44   4  21   0    T  0.0    M  4.8 14  20   M    M   7        17  20
22  46  37  42   3  23   0 0.59  0.0    M  3.4 17 100   M    M  10 1      28 110
23  47  36  42   3  23   0 0.61  0.0    M 11.2 30 290   M    M  10 1      41 290
24  50  29  40   2  25   0 0.00  0.0    M  6.7 14 320   M    M   1        18 330
25  58  38  48  10  17   0 0.00  0.0    M  6.1 16 230   M    M   0        22 240
26  60  33  47   9  18   0 0.00  0.0    M  2.8 14 240   M    M   0        17 230
27  62  36  49  12  16   0 0.00  0.0    M  3.0 13 220   M    M   0        20 180
28  66  53  60  23   5   0 0.00  0.0    M  4.9 17 220   M    M   3        25 240
29  65  48  57  21   8   0 0.76  0.0    M  7.8 17 150   M    M  10 18     28 160
30  48  34  41   5  24   0 0.03    T    M 11.3 23 330   M    M   9 1      32 330
================================================================================
SM 1669 1086       563   0  2.87    T    157.3          M      114
================================================================================
AV 55.6 36.2                               5.2 FASTST   M    M   4    MAX(MPH)
                                 MISC ---->  # 30 290               # 41  290
================================================================================
NOTES:
# LAST OF SEVERAL OCCURRENCES

COLUMN 17 PEAK WIND IN M.P.H.

PRELIMINARY LOCAL CLIMATOLOGICAL DATA (WS FORM: F-6) , PAGE 2

                                          STATION:  AVOCA PA
                                          MONTH:    NOVEMBER
                                          YEAR:     2011
                                          LATITUDE:   41 19 N
                                          LONGITUDE:  75 44 W

[TEMPERATURE DATA]      [PRECIPITATION DATA]       SYMBOLS USED IN COLUMN 16

AVERAGE MONTHLY: 45.9   TOTAL FOR MONTH:   2.87    1 = FOG OR MIST
DPTR FM NORMAL:   4.5   DPTR FM NORMAL:   -0.27    2 = FOG REDUCING VISIBILITY
HIGHEST:    70 ON  8    GRTST 24HR  1.18 ON 22-23      TO 1/4 MILE OR LESS
LOWEST:     24 ON  5                               3 = THUNDER
                        SNOW, ICE PELLETS, HAIL    4 = ICE PELLETS
                        TOTAL MONTH:    T          5 = HAIL
                        GRTST 24HR    T  ON 30-30  6 = FREEZING RAIN OR DRIZZLE
                        GRTST DEPTH:  M  ON   M    7 = DUSTSTORM OR SANDSTORM:
                                                       VSBY 1/2 MILE OR LESS
                                                   8 = SMOKE OR HAZE
[NO. OF DAYS WITH]      [WEATHER - DAYS WITH]      9 = BLOWING SNOW
                                                   X = TORNADO
MAX 32 OR BELOW:   0    0.01 INCH OR MORE:   8
MAX 90 OR ABOVE:   0    0.10 INCH OR MORE:   6
MIN 32 OR BELOW:  10    0.50 INCH OR MORE:   3
MIN  0 OR BELOW:   0    1.00 INCH OR MORE:   0

[HDD (BASE 65) ]
TOTAL THIS MO.   563    CLEAR  (SCALE 0-3)  17
DPTR FM NORMAL  -147    PTCLDY (SCALE 4-7)   5
TOTAL FM JUL 1  1048    CLOUDY (SCALE 8-10)  8
DPTR FM NORMAL  -265

[CDD (BASE 65) ]
TOTAL THIS MO.     0
DPTR FM NORMAL     0    [PRESSURE DATA]
TOTAL FM JAN 1   772    HIGHEST SLP 30.51 ON  6
DPTR FM NORMAL   192    LOWEST  SLP 29.52 ON 30

[REMARKS]
#FINAL-11-11#
