000
CXUS51 KBGM 100201
CF6AVP
PRELIMINARY LOCAL CLIMATOLOGICAL DATA (WS FORM: F-6)

                                          STATION:   AVOCA PA
                                          MONTH:     OCTOBER
                                          YEAR:      2011
                                          LATITUDE:   41 19 N
                                          LONGITUDE:  75 44 W

  TEMPERATURE IN F:       :PCPN:    SNOW:  WIND      :SUNSHINE: SKY     :PK WND
================================================================================
1   2   3   4   5  6A  6B    7    8   9   10  11  12  13   14  15   16   17  18
                                     12Z  AVG MX 2MIN
DY MAX MIN AVG DEP HDD CDD  WTR  SNW DPTH SPD SPD DIR MIN PSBL S-S WX    SPD DR
================================================================================

 1  57  44  51  -5  14   0 0.33  0.0    M  6.0 18 340   M    M   8 1      24 340
 2  54  43  49  -7  16   0 0.32  0.0    M  0.9 10  20   M    M  10 1      13  30
 3  52  43  48  -7  17   0 0.01  0.0    M  1.0  9 130   M    M   9 1      14 100
 4  59  45  52  -3  13   0    T  0.0    M  5.5 16 340   M    M  10 1      22 340
 5  68  41  55   0  10   0 0.00  0.0    M  8.0 20 340   M    M   1 1      26 360
 6  65  36  51  -3  14   0 0.00  0.0    M  4.9  9 100   M    M   0 8      14 270
 7  69  37  53  -1  12   0 0.00  0.0    M  3.4  8 100   M    M   0        10 100
 8  75  42  59   6   6   0 0.00  0.0    M  2.8  7 250   M    M   0        10 230
 9  79  46  63  10   2   0 0.00  0.0    M  2.5  7 110   M    M   0 1      10 100
10  77  47  62   9   3   0 0.00  0.0    M  2.1  6 100   M    M   0 18      9 110
11  75  52  64  12   1   0 0.00  0.0    M  3.2  7 230   M    M   1 18      9 300
12  62  52  57   5   8   0 0.05  0.0    M  4.5 10  60   M    M   9 8      16  40
13  67  54  61   9   4   0 0.15  0.0    M  5.5 14 130   M    M  10 18     25 110
14  70  51  61  10   4   0 1.31  0.0    M  7.5 21 230   M    M   6 1      32 180
15  56  46  51   0  14   0 0.05  0.0    M  9.8 24 230   M    M   7 1      36 240
16  64  50  57   6   8   0 0.01  0.0    M  9.5 17 230   M    M   7        25 210
17  63  48  56   6   9   0    T  0.0    M  9.7 21 250   M    M   1        30 230
18  67  49  58   8   7   0 0.00  0.0    M  4.4 14 260   M    M   5        17 260
19  62  54  58   8   7   0 0.16  0.0    M  8.5 17  70   M    M   9 1      29  60
20  67  49  58   8   7   0 0.09  0.0    M 10.3 22 230   M    M   7 1      32 230
21  51  46  49   0  16   0 0.00  0.0    M  9.7 17 230   M    M  10        25 220
22  50  43  47  -2  18   0 0.00  0.0    M  4.3 12 330   M    M  10        16 340
23  58  37  48  -1  17   0 0.00  0.0    M  3.2 12 250   M    M   2        15 240
24  61  43  52   4  13   0    T  0.0    M  4.2 13 230   M    M   6 18     20 210
25  60  42  51   3  14   0 0.00  0.0    M  7.2 21 310   M    M   2 13     26 290
26  59  45  52   4  13   0 0.02  0.0    M  4.1 14 230   M    M   7        21 230
27  55  35  45  -2  20   0 0.69    T    M  6.2 18 350   M    M  10 1      23 350
28  46  30  38  -9  27   0 0.00  0.0    M  3.8 13 350   M    M   4 1      18 350
29  39  31  35 -12  30   0 0.66  9.1    M  6.0 16  30   M    M  10 12     22  30
30  45  27  36 -11  29   0 0.00  0.0    M  4.1 14 340   M    M   2        17 340
31  48  29  39  -7  26   0 0.00  0.0    M  3.9 12 210   M    M   0        17 180
================================================================================
SM 1880 1337       399   0  3.85     9.1 166.7          M      163
================================================================================
AV 60.6 43.1                               5.4 FASTST   M    M   5    MAX(MPH)
                                 MISC ---->  # 24 230               # 36  240
================================================================================
NOTES:
# LAST OF SEVERAL OCCURRENCES

COLUMN 17 PEAK WIND IN M.P.H.

PRELIMINARY LOCAL CLIMATOLOGICAL DATA (WS FORM: F-6) , PAGE 2

                                          STATION:  AVOCA PA
                                          MONTH:    OCTOBER
                                          YEAR:     2011
                                          LATITUDE:   41 19 N
                                          LONGITUDE:  75 44 W

[TEMPERATURE DATA]      [PRECIPITATION DATA]       SYMBOLS USED IN COLUMN 16

AVERAGE MONTHLY: 51.9   TOTAL FOR MONTH:   3.85    1 = FOG OR MIST
DPTR FM NORMAL:   1.0   DPTR FM NORMAL:    0.51    2 = FOG REDUCING VISIBILITY
HIGHEST:    79 ON  9    GRTST 24HR  1.45 ON 13-14      TO 1/4 MILE OR LESS
LOWEST:     27 ON 30                               3 = THUNDER
                        SNOW, ICE PELLETS, HAIL    4 = ICE PELLETS
                        TOTAL MONTH:   9.1 INCHES  5 = HAIL
                        GRTST 24HR   9.1 ON   M    6 = FREEZING RAIN OR DRIZZLE
                        GRTST DEPTH:  M  ON   M    7 = DUSTSTORM OR SANDSTORM:
                                                       VSBY 1/2 MILE OR LESS
                                                   8 = SMOKE OR HAZE
[NO. OF DAYS WITH]      [WEATHER - DAYS WITH]      9 = BLOWING SNOW
                                                   X = TORNADO
MAX 32 OR BELOW:   0    0.01 INCH OR MORE:  13
MAX 90 OR ABOVE:   0    0.10 INCH OR MORE:   7
MIN 32 OR BELOW:   4    0.50 INCH OR MORE:   3
MIN  0 OR BELOW:   0    1.00 INCH OR MORE:   1

[HDD (BASE 65) ]
TOTAL THIS MO.   399    CLEAR  (SCALE 0-3)  12
DPTR FM NORMAL   -42    PTCLDY (SCALE 4-7)   9
TOTAL FM JUL 1   485    CLOUDY (SCALE 8-10) 10
DPTR FM NORMAL  -118

[CDD (BASE 65) ]
TOTAL THIS MO.     0
DPTR FM NORMAL    -4    [PRESSURE DATA]
TOTAL FM JAN 1   772    HIGHEST SLP 30.53 ON  8
DPTR FM NORMAL   192    LOWEST  SLP 29.20 ON 20

[REMARKS]
#FINAL-10-11#
