000
CXUS51 KBGM 010538
CF6AVP
PRELIMINARY LOCAL CLIMATOLOGICAL DATA (WS FORM: F-6)

                                          STATION:   AVOCA PA
                                          MONTH:     SEPTEMBER
                                          YEAR:      2011
                                          LATITUDE:   41 19 N
                                          LONGITUDE:  75 44 W

  TEMPERATURE IN F:       :PCPN:    SNOW:  WIND      :SUNSHINE: SKY     :PK WND
================================================================================
1   2   3   4   5  6A  6B    7    8   9   10  11  12  13   14  15   16   17  18
                                     12Z  AVG MX 2MIN
DY MAX MIN AVG DEP HDD CDD  WTR  SNW DPTH SPD SPD DIR MIN PSBL S-S WX    SPD DR
================================================================================

 1  78  56  67   0   0   2 0.00  0.0    M  4.1 12 170   M    M   2 8      18 170
 2  74  64  69   2   0   4 0.00  0.0    M  3.2  9 240   M    M   9 8      16 190
 3  84  67  76   9   0  11 0.00  0.0    M  4.5 13 240   M    M   4 18     16 250
 4  83  67  75   9   0  10 0.78  0.0    M  3.6 15 290   M    M   6 138    23 190
 5  74  58  66   0   0   1 0.73  0.0    M  2.5 16 320   M    M   9 1      21 320
 6  63  57  60  -6   5   0 2.81  0.0    M  4.1 12  20   M    M  10 1      16  60
 7  66  58  62  -3   3   0 1.28  0.0    M  6.9 14  80   M    M  10 1      22  30
 8  72  62  67   2   0   2 0.43  0.0    M  3.3  9 350   M    M   9 1      10 300
 9  77  64  71   6   0   6 0.00  0.0    M  1.9 12 280   M    M   6 1      15 280
10  80  59  70   6   0   5 0.00  0.0    M  2.8 12 360   M    M   4 1      15 320
11  74  60  67   3   0   2 0.13  0.0    M  2.3 10 170   M    M   7 1      18  40
12  77  58  68   4   0   3    T  0.0    M  3.1 13 240   M    M   4 18     17 240
13  81  57  69   6   0   4 0.00  0.0    M  5.9 16 250   M    M   1 128    22 240
14  80  63  72   9   0   7 0.06  0.0    M  4.3 15 260   M    M   4 18     20 240
15  66  43  55  -8  10   0 0.21  0.0    M  5.5 20 350   M    M   7 1      25 360
16  60  39  50 -12  15   0 0.00  0.0    M  6.0 15 330   M    M   2        21 350
17  61  44  53  -9  12   0 0.00  0.0    M  3.7  9  20   M    M   2        10  50
18  67  42  55  -6  10   0 0.00  0.0    M  4.3 13  40   M    M   0        17  20
19  67  45  56  -5   9   0 0.04  0.0    M  5.1 13 160   M    M   4 18     22 160
20  66  55  61   0   4   0 0.11  0.0    M  2.8  9 240   M    M   8 1      13 240
21  71  56  64   4   1   0 0.00  0.0    M  1.9 10 210   M    M   9 18     15 230
22  76  65  71  11   0   6 0.35  0.0    0  1.9 10 270   M    M   7 1      14 270
23  71  63  67   8   0   2 1.68  0.0    0  1.8 10  50   M    M   9 1      13  50
24  76  62  69  10   0   4    T  0.0    0  2.9  9 230   M    M   5 1      14 240
25  81  60  71  12   0   6 0.00  0.0    0  1.5  6  80   M    M   3 12     10  30
26  80  60  70  12   0   5 0.01  0.0    0  2.4  7 180   M    M   3 18     10 190
27  76  63  70  12   0   5 2.00  0.0    0  2.8 20 240   M    M   9 138    30 240
28  70  64  67  10   0   2 0.13  0.0    0  2.7 12 130   M    M   7 1      17 130
29  70  52  61   4   4   0 0.71  0.0    0  3.5 26 250   M    M   6 12     33 260
30  69  51  60   4   5   0 0.00  0.0    0  5.2 21 250   M    M   4 1      25 250
================================================================================
SM 2190 1714        78  87 11.46     0.0 106.5          M      170
================================================================================
AV 73.0 57.1                               3.6 FASTST   M    M   6    MAX(MPH)
                                 MISC ---->  # 26 250               # 33  260
================================================================================
NOTES:
# LAST OF SEVERAL OCCURRENCES

COLUMN 17 PEAK WIND IN M.P.H.

PRELIMINARY LOCAL CLIMATOLOGICAL DATA (WS FORM: F-6) , PAGE 2

                                          STATION:  AVOCA PA
                                          MONTH:    SEPTEMBER
                                          YEAR:     2011
                                          LATITUDE:   41 19 N
                                          LONGITUDE:  75 44 W

[TEMPERATURE DATA]      [PRECIPITATION DATA]       SYMBOLS USED IN COLUMN 16

AVERAGE MONTHLY: 65.1   TOTAL FOR MONTH:  11.46    1 = FOG OR MIST
DPTR FM NORMAL:   2.9   DPTR FM NORMAL:    7.39    2 = FOG REDUCING VISIBILITY
HIGHEST:    84 ON  3    GRTST 24HR  3.16 ON  6- 7      TO 1/4 MILE OR LESS
LOWEST:     39 ON 16                               3 = THUNDER
                        SNOW, ICE PELLETS, HAIL    4 = ICE PELLETS
                        TOTAL MONTH:   0.0 INCH    5 = HAIL
                        GRTST 24HR     0.0         6 = FREEZING RAIN OR DRIZZLE
                        GRTST DEPTH:   0           7 = DUSTSTORM OR SANDSTORM:
                                                       VSBY 1/2 MILE OR LESS
                                                   8 = SMOKE OR HAZE
[NO. OF DAYS WITH]      [WEATHER - DAYS WITH]      9 = BLOWING SNOW
                                                   X = TORNADO
MAX 32 OR BELOW:   0    0.01 INCH OR MORE:  16
MAX 90 OR ABOVE:   0    0.10 INCH OR MORE:  13
MIN 32 OR BELOW:   0    0.50 INCH OR MORE:   7
MIN  0 OR BELOW:   0    1.00 INCH OR MORE:   4

[HDD (BASE 65) ]
TOTAL THIS MO.    78    CLEAR  (SCALE 0-3)   7
DPTR FM NORMAL   -58    PTCLDY (SCALE 4-7)  15
TOTAL FM JUL 1    86    CLOUDY (SCALE 8-10)  8
DPTR FM NORMAL   -76

[CDD (BASE 65) ]
TOTAL THIS MO.    87
DPTR FM NORMAL    35    [PRESSURE DATA]
TOTAL FM JAN 1   772    HIGHEST SLP M ON M
DPTR FM NORMAL   196    LOWEST  SLP 29.59 ON 29

[REMARKS]
#FINAL-09-11#
