000
CXUS51 KBGM 020040
CF6AVP
PRELIMINARY LOCAL CLIMATOLOGICAL DATA (WS FORM: F-6)

                                          STATION:   AVOCA PA
                                          MONTH:     MAY
                                          YEAR:      2011
                                          LATITUDE:   41 19 N
                                          LONGITUDE:  75 44 W

  TEMPERATURE IN F:       :PCPN:    SNOW:  WIND      :SUNSHINE: SKY     :PK WND
================================================================================
1   2   3   4   5  6A  6B    7    8   9   10  11  12  13   14  15   16   17  18
                                     12Z  AVG MX 2MIN
DY MAX MIN AVG DEP HDD CDD  WTR  SNW DPTH SPD SPD DIR MIN PSBL S-S WX    SPD DR
================================================================================

 1  70  45  58   3   7   0 0.00  0.0    M  5.5 16 250   M    M   1        21 250
 2  69  54  62   7   3   0 0.00  0.0    M  5.8 14 220   M    M   5        18 230
 3  79  56  68  13   0   3 1.20  0.0    M  5.4 18 360   M    M   1 138    28 210
 4  59  42  51  -5  14   0 0.43  0.0    M  9.4 17 310   M    M  10 1      23 310
 5  60  38  49  -7  16   0    T  0.0    M 10.9 24 320   M    M   3 1      37 340
 6  68  39  54  -2  11   0 0.00  0.0    M  7.2 18 250   M    M   2        24 210
 7  63  44  54  -3  11   0 0.07  0.0    M  3.4 18 270   M    M   1        29 240
 8  69  39  54  -3  11   0 0.00  0.0    M  4.6 16  10   M    M   3        24 360
 9  68  40  54  -3  11   0 0.00  0.0    M  7.4 22 330   M    M   1        29 330
10  74  39  57  -1   8   0 0.00  0.0    M  4.7 15 360   M    M   0        21 360
11  77  48  63   5   2   0 0.00  0.0    M  5.1 14 350   M    M   1        18 330
12  78  50  64   5   1   0 0.00  0.0    M  3.3 10 180   M    M   0 8      18 190
13  66  53  60   1   5   0    T  0.0    M  4.2 13 230   M    M   7        18 170
14  62  57  60   1   5   0 0.01  0.0    M  3.8 12 190   M    M  10 18     17 170
15  71  57  64   5   1   0 0.32  0.0    M  4.0 13 260   M    M   7 1      22 170
16  61  51  56  -4   9   0 0.19  0.0    M  1.5  7  50   M    M  10 1       9  40
17  64  55  60   0   5   0 0.08  0.0    M  6.5 15 130   M    M   9 1      25 120
18  68  57  63   3   2   0 0.32  0.0    M  4.6 15  50   M    M   6 1      23 140
19  72  56  64   3   1   0 0.35  0.0    M  3.9 15 230   M    M   5 13     22 240
20  68  51  60  -1   5   0 0.17  0.0    M  2.5 10  20   M    M   7 1      14  20
21  76  50  63   2   2   0 0.00  0.0    M  2.3 10 330   M    M   5 12     14 340
22  72  57  65   3   0   0 0.02  0.0    M  4.2 12 170   M    M   3 1      17 140
23  70  57  64   2   1   0 0.22  0.0    M  2.8 16 270   M    M   7 13     23 280
24  76  61  69   7   0   4    T  0.0    M  5.1 16 240   M    M   2 12     24 220
25  81  54  68   6   0   3 0.00  0.0    M  3.7 12 160   M    M   1 1      20 160
26  87  62  75  12   0  10 0.62  0.0    M  6.6 30 240   M    M   0 138    49 230
27  81  61  71   8   0   6 0.23  0.0    M  4.0 26 260   M    M   1 13     31 260
28  80  61  71   8   0   6    T  0.0    M  6.5 17 210   M    M   1        25 220
29  85  66  76  12   0  11 0.00  0.0    M  5.7 14 230   M    M   1 1      20 200
30  85  67  76  12   0  11 0.18  0.0    M  4.4 14 250   M    M   2 1      22 250
31  91  65  78  14   0  13 0.00  0.0    M  2.2  8 300   M    M   1        10 290
================================================================================
SM 2250 1632       131  67  4.41     0.0 151.2          M      113
================================================================================
AV 72.6 52.6                               4.9 FASTST   M    M   4    MAX(MPH)
                                 MISC ---->  # 30 240               # 49  230
================================================================================
NOTES:
# LAST OF SEVERAL OCCURRENCES

COLUMN 17 PEAK WIND IN M.P.H.

PRELIMINARY LOCAL CLIMATOLOGICAL DATA (WS FORM: F-6) , PAGE 2

                                          STATION:  AVOCA PA
                                          MONTH:    MAY
                                          YEAR:     2011
                                          LATITUDE:   41 19 N
                                          LONGITUDE:  75 44 W

[TEMPERATURE DATA]      [PRECIPITATION DATA]       SYMBOLS USED IN COLUMN 16

AVERAGE MONTHLY: 62.6   TOTAL FOR MONTH:   4.41    1 = FOG OR MIST
DPTR FM NORMAL:   3.0   DPTR FM NORMAL:    0.72    2 = FOG REDUCING VISIBILITY
HIGHEST:    91 ON 31    GRTST 24HR  1.63 ON  3- 4      TO 1/4 MILE OR LESS
LOWEST:     38 ON  5                               3 = THUNDER
                        SNOW, ICE PELLETS, HAIL    4 = ICE PELLETS
                        TOTAL MONTH:   0.0 INCH    5 = HAIL
                        GRTST 24HR     0.0         6 = FREEZING RAIN OR DRIZZLE
                        GRTST DEPTH:  M  ON   M    7 = DUSTSTORM OR SANDSTORM:
                                                       VSBY 1/2 MILE OR LESS
                                                   8 = SMOKE OR HAZE
[NO. OF DAYS WITH]      [WEATHER - DAYS WITH]      9 = BLOWING SNOW
                                                   X = TORNADO
MAX 32 OR BELOW:   0    0.01 INCH OR MORE:  15
MAX 90 OR ABOVE:   1    0.10 INCH OR MORE:  11
MIN 32 OR BELOW:   0    0.50 INCH OR MORE:   2
MIN  0 OR BELOW:   0    1.00 INCH OR MORE:   1

[HDD (BASE 65) ]
TOTAL THIS MO.   131    CLEAR  (SCALE 0-3)  19
DPTR FM NORMAL   -88    PTCLDY (SCALE 4-7)   8
TOTAL FM JUL 1  6158    CLOUDY (SCALE 8-10)  4
DPTR FM NORMAL   -23

[CDD (BASE 65) ]
TOTAL THIS MO.    67
DPTR FM NORMAL    31    [PRESSURE DATA]
TOTAL FM JAN 1    79    HIGHEST SLP 30.25 ON  1
DPTR FM NORMAL    37    LOWEST  SLP 29.48 ON 15

[REMARKS]
#FINAL-05-11#
