000
CXUS51 KBGM 051932
CF6AVP
PRELIMINARY LOCAL CLIMATOLOGICAL DATA (WS FORM: F-6)

                                          STATION:   AVOCA PA
                                          MONTH:     AUGUST
                                          YEAR:      2011
                                          LATITUDE:   41 19 N
                                          LONGITUDE:  75 44 W

  TEMPERATURE IN F:       :PCPN:    SNOW:  WIND      :SUNSHINE: SKY     :PK WND
================================================================================
1   2   3   4   5  6A  6B    7    8   9   10  11  12  13   14  15   16   17  18
                                     12Z  AVG MX 2MIN
DY MAX MIN AVG DEP HDD CDD  WTR  SNW DPTH SPD SPD DIR MIN PSBL S-S WX    SPD DR
================================================================================

 1  86  62  74   3   0   9 0.00  0.0    M  3.5 13 220   M    M   2 12     18 220
 2  87  61  74   3   0   9 0.00  0.0    M  4.2 16 330   M    M   1 128    22 350
 3  81  61  71   0   0   6 0.03  0.0    M  3.8 14 230   M    M   5 18     18 210
 4  74  64  69  -2   0   4 0.06  0.0    M  2.5  8 260   M    M   9 18      9 260
 5  82  61  72   1   0   7 0.00  0.0    M  3.4 12 240   M    M   6 1      15 210
 6  73  67  70  -1   0   5 2.83  0.0    M  1.6 15 300   M    M   9 128    21 140
 7  84  66  75   4   0  10 0.05  0.0    M  4.5 28 330   M    M   5 128    35 330
 8  84  66  75   4   0  10    T  0.0    M  3.6 18  10   M    M   5 128    23  10
 9  80  65  73   2   0   8 0.40  0.0    M  4.9 12 250   M    M   4 13     18 190
10  81  62  72   2   0   7 0.00  0.0    M  5.8 20 260   M    M   3 1      24 240
11  77  56  67  -3   0   2 0.00  0.0    M  4.3 14 320   M    M   3 1      18 330
12  80  52  66  -4   0   1 0.00  0.0    M  3.2 13 350   M    M   1        16 320
13  79  60  70   0   0   5 0.12  0.0    M  2.7  8 110   M    M   3 1      13 130
14  71  66  69  -1   0   4 0.21  0.0    M  1.7  8 140   M    M   9 1      15 120
15  72  65  69  -1   0   4 0.09  0.0    M  3.6 13 310   M    M  10 1      16 310
16  80  60  70   0   0   5 0.16  0.0    M  5.0 15 360   M    M   7 1      20 350
17  83  55  69  -1   0   4 0.00  0.0    M  3.6 13 270   M    M   0        17 230
18  83  62  73   3   0   8 0.00  0.0    M  4.0 16 250   M    M   2 18     24 250
19  84  59  72   2   0   7 0.01  0.0    M  3.2 20 330   M    M   1 18     23 320
20  84  57  71   2   0   6 0.00  0.0    M  2.6  8 100   M    M   3 128    15 300
21  84  63  74   5   0   9 0.00  0.0    M  4.1 12 160   M    M   3 18     20 160
22  75  56  66  -3   0   1 0.00  0.0    M  5.9 17 310   M    M   4        23 290
23  75  50  63  -6   2   0 0.00  0.0    M  2.3 12 270   M    M   2 1      16 210
24  79  54  67  -2   0   2 0.00  0.0    M  6.3 17 190   M    M   1 18     29 200
25  79  67  73   4   0   8 0.34  0.0    M  3.6 18 310   M    M   7 138    23 320
26  83  62  73   5   0   8 0.00  0.0    M  1.9  8  80   M    M   4 1      13 120
27  79  65  72   4   0   7 0.50  0.0    M  5.1 17  40   M    M   9 18     24  40
28  68  56  62  -6   3   0 3.23  0.0    M 15.0 39 350   M    M  10 1      55 350
29  73  50  62  -6   3   0 0.00  0.0    M  4.8 12 310   M    M   0        18 340
30  79  50  65  -3   0   0 0.00  0.0    M  4.1 12 310   M    M   0        14 320
31  79  54  67   0   0   2 0.00  0.0    M  3.3  7 110   M    M   1        10 100
================================================================================
SM 2458 1854         8 158  8.03     0.0 128.1          M      129
================================================================================
AV 79.3 59.8                               4.1 FASTST   M    M   4    MAX(MPH)
                                 MISC ---->  # 39 350               # 55  350
================================================================================
NOTES:
# LAST OF SEVERAL OCCURRENCES

COLUMN 17 PEAK WIND IN M.P.H.

PRELIMINARY LOCAL CLIMATOLOGICAL DATA (WS FORM: F-6) , PAGE 2

                                          STATION:  AVOCA PA
                                          MONTH:    AUGUST
                                          YEAR:     2011
                                          LATITUDE:   41 19 N
                                          LONGITUDE:  75 44 W

[TEMPERATURE DATA]      [PRECIPITATION DATA]       SYMBOLS USED IN COLUMN 16

AVERAGE MONTHLY: 69.5   TOTAL FOR MONTH:   8.03    1 = FOG OR MIST
DPTR FM NORMAL:  -0.2   DPTR FM NORMAL:    4.62    2 = FOG REDUCING VISIBILITY
HIGHEST:    87 ON  2    GRTST 24HR  3.72 ON 27-28      TO 1/4 MILE OR LESS
LOWEST:     50 ON 30,29                            3 = THUNDER
                        SNOW, ICE PELLETS, HAIL    4 = ICE PELLETS
                        TOTAL MONTH:   0.0 INCH    5 = HAIL
                        GRTST 24HR     0.0         6 = FREEZING RAIN OR DRIZZLE
                        GRTST DEPTH:  M  ON   M    7 = DUSTSTORM OR SANDSTORM:
                                                       VSBY 1/2 MILE OR LESS
                                                   8 = SMOKE OR HAZE
[NO. OF DAYS WITH]      [WEATHER - DAYS WITH]      9 = BLOWING SNOW
                                                   X = TORNADO
MAX 32 OR BELOW:   0    0.01 INCH OR MORE:  13
MAX 90 OR ABOVE:   0    0.10 INCH OR MORE:   8
MIN 32 OR BELOW:   0    0.50 INCH OR MORE:   3
MIN  0 OR BELOW:   0    1.00 INCH OR MORE:   2

[HDD (BASE 65) ]
TOTAL THIS MO.     8    CLEAR  (SCALE 0-3)  15
DPTR FM NORMAL   -10    PTCLDY (SCALE 4-7)  10
TOTAL FM JUL 1     8    CLOUDY (SCALE 8-10)  6
DPTR FM NORMAL   -18

[CDD (BASE 65) ]
TOTAL THIS MO.   158
DPTR FM NORMAL    -6    [PRESSURE DATA]
TOTAL FM JAN 1   685    HIGHEST SLP M ON M
DPTR FM NORMAL   161    LOWEST  SLP 29.04 ON 28

[REMARKS]
#FINAL-08-11#
