000
CXUS51 KBGM 120959 CCA
CF6AVP

PRELIMINARY LOCAL CLIMATOLOGICAL DATA (WS FORM: F-6)

                                          STATION:   AVOCA PA
                                          MONTH:     JUNE
                                          YEAR:      2011
                                          LATITUDE:   41 19 N
                                          LONGITUDE:  75 44 W

  TEMPERATURE IN F:       :PCPN:    SNOW:  WIND      :SUNSHINE: SKY     :PK WND
================================================================================
1   2   3   4   5  6A  6B    7    8   9   10  11  12  13   14  15   16   17  18
                                     12Z  AVG MX 2MIN
DY MAX MIN AVG DEP HDD CDD  WTR  SNW DPTH SPD SPD DIR MIN PSBL S-S WX    SPD DR
================================================================================

 1  89  70  80  16   0  15 0.00  0.0    M  8.3 25 250   M    M   0 138    37 240
 2  71  50  61  -4   4   0 0.00  0.0    M 12.7 26 320   M    M   0        37 320
 3  72  50  61  -4   4   0 0.00  0.0    M  9.4 23 330   M    M   0 8      31 320
 4  65  46  56  -9   9   0 0.03  0.0    M  2.6 17 360   M    M   2        24 100
 5  76  53  65   0   0   0 0.07  0.0    M  3.3  8 360   M    M   2 1      12  50
 6  81  52  67   2   0   2 0.00  0.0    M  4.1 13 290   M    M   0 1      18  60
 7  83  57  70   4   0   5 0.00  0.0    M  5.3 15 240   M    M   0        20 240
 8  92  62  77  11   0  12 0.00  0.0    M  4.7 17 240   M    M   0 18     23 250
 9  91  65  78  12   0  13 0.34  0.0    M  5.7 25 340   M    M   1 18     32 350
10  81  63  72   6   0   7 0.00  0.0    M  3.1 13 350   M    M   5 128    16 340
11  77  62  70   3   0   5 0.34  0.0    M  4.1 14 130   M    M   8 18     24 130
12  82  60  71   4   0   6 0.63  0.0    M  5.7 17  40   M    M   8 18     23 230
13  69  55  62  -5   3   0 0.56  0.0    M  4.7 12 330   M    M   7 13     16 330
14  66  52  59  -8   6   0 0.09  0.0    M  4.7 18 330   M    M  10 13     24 310
15  80  47  64  -3   1   0 0.00  0.0    M  4.2 15 340   M    M   1 1      21 330
16  75  55  65  -3   0   0 0.43  0.0    M  4.2 14 200   M    M   4 1      21 200
17  73  58  66  -2   0   1 0.26  0.0    M  3.5 13 310   M    M   6 18     17 200
18  79  56  68   0   0   3 0.00  0.0    M  2.5 10 320   M    M   2 18     14 320
19  79  58  69   1   0   4 0.00  0.0    M  5.0 14 330   M    M   0 18     17 350
20  81  56  69   0   0   4 0.00  0.0    M  5.0 16 260   M    M   2 8      20 270
21  83  64  74   5   0   9 0.04  0.0    M  2.0  9 260   M    M   5 18     13 260
22  82  69  76   7   0  11 0.30  0.0    M  2.3  9  10   M    M   5 18     14 130
23  80  65  73   4   0   8 1.58  0.0    M  1.8 25 300   M    M   6 128    33 310
24  79  64  72   3   0   7 0.02  0.0    M  5.1 20 250   M    M   7 18     25 220
25  73  63  68  -2   0   3    T  0.0    M  7.1 17 250   M    M   8 18     23 250
26  73  57  65  -5   0   0 0.00  0.0    M  2.3 12 270   M    M   8 1      14 270
27  82  58  70   0   0   5 0.00  0.0    M  3.1 13 290   M    M   3 1      16 270
28  80  62  71   1   0   6 0.56  0.0    M  4.0 13 330   M    M   5 138    17 320
29  75  59  67  -3   0   2 0.00  0.0    M  6.3 15 330   M    M   3 1      18 330
30  77  54  66  -4   0   1 0.00  0.0    M  4.8 14 320   M    M   1 8      18 290
================================================================================
SM 2346 1742        27 129  5.25     0.0 141.6          M      109
================================================================================
AV 78.2 58.1                               4.7 FASTST   M    M   4    MAX(MPH)
                                 MISC ---->  # 26 320               # 37  240
================================================================================
NOTES:
# LAST OF SEVERAL OCCURRENCES

COLUMN 17 PEAK WIND IN M.P.H.

PRELIMINARY LOCAL CLIMATOLOGICAL DATA (WS FORM: F-6) , PAGE 2

                                          STATION:  AVOCA PA
                                          MONTH:    JUNE
                                          YEAR:     2011
                                          LATITUDE:   41 19 N
                                          LONGITUDE:  75 44 W

[TEMPERATURE DATA]      [PRECIPITATION DATA]       SYMBOLS USED IN COLUMN 16

AVERAGE MONTHLY: 68.1   TOTAL FOR MONTH:   5.25    1 = FOG OR MIST
DPTR FM NORMAL:   0.6   DPTR FM NORMAL:    1.28    2 = FOG REDUCING VISIBILITY
HIGHEST:    92 ON  8    GRTST 24HR  1.84 ON 22-23      TO 1/4 MILE OR LESS
LOWEST:     46 ON  4                               3 = THUNDER
                        SNOW, ICE PELLETS, HAIL    4 = ICE PELLETS
                        TOTAL MONTH:   0.0 INCH    5 = HAIL
                        GRTST 24HR     0.0         6 = FREEZING RAIN OR DRIZZLE
                        GRTST DEPTH:  M  ON   M    7 = DUSTSTORM OR SANDSTORM:
                                                       VSBY 1/2 MILE OR LESS
                                                   8 = SMOKE OR HAZE
[NO. OF DAYS WITH]      [WEATHER - DAYS WITH]      9 = BLOWING SNOW
                                                   X = TORNADO
MAX 32 OR BELOW:   0    0.01 INCH OR MORE:  14
MAX 90 OR ABOVE:   2    0.10 INCH OR MORE:   9
MIN 32 OR BELOW:   0    0.50 INCH OR MORE:   4
MIN  0 OR BELOW:   0    1.00 INCH OR MORE:   1

[HDD (BASE 65) ]
TOTAL THIS MO.    27    CLEAR  (SCALE 0-3)  16
DPTR FM NORMAL   -26    PTCLDY (SCALE 4-7)  11
TOTAL FM JUL 1  6185    CLOUDY (SCALE 8-10)  3
DPTR FM NORMAL   -49

[CDD (BASE 65) ]
TOTAL THIS MO.   129
DPTR FM NORMAL    15    [PRESSURE DATA]
TOTAL FM JAN 1   208    HIGHEST SLP 30.15 ON  4
DPTR FM NORMAL    52    LOWEST  SLP 29.63 ON 24

[REMARKS]
#FINAL-06-11#
