000
CXUS51 KBGM 010546
CF6AVP
PRELIMINARY LOCAL CLIMATOLOGICAL DATA (WS FORM: F-6)

                                          STATION:   AVOCA PA
                                          MONTH:     JULY
                                          YEAR:      2011
                                          LATITUDE:   41 19 N
                                          LONGITUDE:  75 44 W

  TEMPERATURE IN F:       :PCPN:    SNOW:  WIND      :SUNSHINE: SKY     :PK WND
================================================================================
1   2   3   4   5  6A  6B    7    8   9   10  11  12  13   14  15   16   17  18
                                     12Z  AVG MX 2MIN
DY MAX MIN AVG DEP HDD CDD  WTR  SNW DPTH SPD SPD DIR MIN PSBL S-S WX    SPD DR
================================================================================

 1  79  50  65  -6   0   0 0.00  0.0    M  3.8 12 360   M    M   2 8      18 350
 2  85  57  71   0   0   6    T  0.0    M  3.3 13 270   M    M   1 8      17 270
 3  80  65  73   2   0   8 1.57  0.0    M  3.5 14  40   M    M   6 1238   18 230
 4  83  61  72   1   0   7 0.00  0.0    M  3.8 15 340   M    M   2 128    18 330
 5  85  55  70  -1   0   5 0.00  0.0    M  4.2 10 320   M    M   0 18     14 330
 6  88  61  75   4   0  10    T  0.0    M  4.2 14 260   M    M   1 18     18 240
 7  85  64  75   3   0  10 0.00  0.0    M  4.5 12 310   M    M   3 18     16 310
 8  83  67  75   3   0  10 0.25  0.0    M  2.8 16 280   M    M   3 138    22 280
 9  82  62  72   0   0   7 0.00  0.0    M  7.0 16 350   M    M   3 18     22 320
10  85  57  71  -1   0   6 0.00  0.0    M  3.7 13 260   M    M   0        16 270
11  88  64  76   4   0  11 0.00  0.0    M  5.8 15 250   M    M   0 18     23 190
12  91  70  81   9   0  16 0.00  0.0    M  7.4 18 310   M    M   3 8      24 320
13  84  61  73   1   0   8 0.02  0.0    M  6.2 26 340   M    M   3 18     32 340
14  82  57  70  -2   0   5 0.00  0.0    M  5.3 20 360   M    M   3 8      25 360
15  85  56  71  -1   0   6 0.00  0.0    M  2.7 10 300   M    M   1 18     16 280
16  86  59  73   1   0   8 0.00  0.0    M  3.3 13 270   M    M   1 8      18 250
17  89  61  75   3   0  10 0.00  0.0    M  4.1 12 210   M    M   1        17 260
18  89  66  78   6   0  13 0.45  0.0    M  4.8 30 260   M    M   2 128    39 260
19  89  68  79   6   0  14 0.00  0.0    M  3.2  9 350   M    M   3 18     14 290
20  91  68  80   7   0  15 0.00  0.0    M  4.5 14 260   M    M   1 18     17 210
21  96  73  85  12   0  20 0.00  0.0    M  7.1 20 250   M    M   0 18     26 260
22  98  80  89  16   0  24 0.00  0.0    0  4.8 13 320   M    M   0 8      16 320
23  91  76  84  11   0  19 0.00  0.0    0  4.2 15 250   M    M   1 18     21 250
24  89  74  82   9   0  17 0.09  0.0    0  4.4 13 320   M    M   3 18     17  70
25  78  66  72  -1   0   7 1.08  0.0    0  2.0 13  40   M    M   7 138    18 180
26  86  65  76   3   0  11 0.32  0.0    0  6.2 31  10   M    M   4 1358   39  10
27  81  58  70  -3   0   5 0.00  0.0    0  4.7 12 290   M    M   3 1      17 300
28  80  63  72   0   0   7 0.01  0.0    0  3.1 13 270   M    M   4 1      20 230
29  87  68  78   6   0  13    T  0.0    0  6.8 17 250   M    M   6 18     25 250
30  87  66  77   5   0  12 0.00  0.0    0  6.0 16 340   M    M   2 8      21  10
31  87  61  74   2   0   9 0.27  0.0    0  3.1 24 290   M    M   3 138    35 280
================================================================================
SM 2669 1979         0 319  4.06     0.0 140.5          M       72
================================================================================
AV 86.1 63.8                               4.5 FASTST   M    M   2    MAX(MPH)
                                 MISC ---->  # 31  10               # 39  260
================================================================================
NOTES:
# LAST OF SEVERAL OCCURRENCES

COLUMN 17 PEAK WIND IN M.P.H.

PRELIMINARY LOCAL CLIMATOLOGICAL DATA (WS FORM: F-6) , PAGE 2

                                          STATION:  AVOCA PA
                                          MONTH:    JULY
                                          YEAR:     2011
                                          LATITUDE:   41 19 N
                                          LONGITUDE:  75 44 W

[TEMPERATURE DATA]      [PRECIPITATION DATA]       SYMBOLS USED IN COLUMN 16

AVERAGE MONTHLY: 75.0   TOTAL FOR MONTH:   4.06    1 = FOG OR MIST
DPTR FM NORMAL:   2.9   DPTR FM NORMAL:    0.32    2 = FOG REDUCING VISIBILITY
HIGHEST:    98 ON 22    GRTST 24HR  1.57 ON  3- 3      TO 1/4 MILE OR LESS
LOWEST:     50 ON  1                               3 = THUNDER
                        SNOW, ICE PELLETS, HAIL    4 = ICE PELLETS
                        TOTAL MONTH:   0.0 INCH    5 = HAIL
                        GRTST 24HR     0.0         6 = FREEZING RAIN OR DRIZZLE
                        GRTST DEPTH:   0           7 = DUSTSTORM OR SANDSTORM:
                                                       VSBY 1/2 MILE OR LESS
                                                   8 = SMOKE OR HAZE
[NO. OF DAYS WITH]      [WEATHER - DAYS WITH]      9 = BLOWING SNOW
                                                   X = TORNADO
MAX 32 OR BELOW:   0    0.01 INCH OR MORE:   9
MAX 90 OR ABOVE:   5    0.10 INCH OR MORE:   6
MIN 32 OR BELOW:   0    0.50 INCH OR MORE:   2
MIN  0 OR BELOW:   0    1.00 INCH OR MORE:   2

[HDD (BASE 65) ]
TOTAL THIS MO.     0    CLEAR  (SCALE 0-3)  23
DPTR FM NORMAL    -9    PTCLDY (SCALE 4-7)   8
TOTAL FM JUL 1     0    CLOUDY (SCALE 8-10)  0
DPTR FM NORMAL    -9

[CDD (BASE 65) ]
TOTAL THIS MO.   319
DPTR FM NORMAL    99    [PRESSURE DATA]
TOTAL FM JAN 1   527    HIGHEST SLP 30.16 ON 17
DPTR FM NORMAL   151    LOWEST  SLP 29.63 ON 26

[REMARKS]
#FINAL-07-11#
