000
CXUS51 KBGM 011034 CCA
CF6AVP

PRELIMINARY LOCAL CLIMATOLOGICAL DATA (WS FORM: F-6)

                                          STATION:   AVOCA PA
                                          MONTH:     MARCH
                                          YEAR:      2011
                                          LATITUDE:   41 19 N
                                          LONGITUDE:  75 44 W

  TEMPERATURE IN F:       :PCPN:    SNOW:  WIND      :SUNSHINE: SKY     :PK WND
================================================================================
1   2   3   4   5  6A  6B    7    8   9   10  11  12  13   14  15   16   17  18
                                     12Z  AVG MX 2MIN
DY MAX MIN AVG DEP HDD CDD  WTR  SNW DPTH SPD SPD DIR MIN PSBL S-S WX    SPD DR
================================================================================

 1  40  26  33   0  32   0 0.00  0.0    M  5.9 18 350   M    M   2        24 360
 2  46  18  32  -1  33   0 0.00  0.0    M 12.2 31 330   M    M   1        38 340
 3  30  13  22 -11  43   0 0.00  0.0    M  5.0 21 320   M    M   1        24 330
 4  42  22  32  -2  33   0 0.00  0.0    M  5.9 16 210   M    M   1        25 180
 5  56  37  47  13  18   0 0.03  0.0    M  9.8 21 160   M    M   9        36 150
 6  54  31  43   9  22   0 1.73    T    M  9.7 17  20   M    M   9 16     29 210
 7  34  21  28  -7  37   0 0.42  5.0    M 10.4 24 330   M    M   6 12     35 350
 8  41  16  29  -6  36   0 0.00  0.0    M  1.9  6  50   M    M   0         8 350
 9  40  29  35   0  30   0    T    T    M  8.5 24 130   M    M   4        41 140
10  51  35  43   7  22   0 1.23    T    M 10.2 23 130   M    M   9 1      38 150
11  52  33  43   7  22   0 0.41  0.2    M 10.1 21 140   M    M  10 1      29 130
12  52  32  42   5  23   0    T    T    M  8.7 17 230   M    M   6 1      26 220
13  46  37  42   5  23   0 0.00  0.0    M  9.6 21 270   M    M  10        26 280
14  37  26  32  -5  33   0 0.00  0.0    M  7.0 17 320   M    M   8        22 320
15  49  23  36  -2  29   0 0.02  0.0    M  4.4 14 210   M    M   1        20 190
16  49  37  43   5  22   0 0.04  0.0    M  5.3 13 230   M    M  10 1      17 220
17  59  32  46   8  19   0 0.00  0.0    M  5.6 15 250   M    M   1 18     21 210
18  71  47  59  20   6   0 0.00  0.0    M  8.7 22 290   M    M   3        31 290
19  48  29  39   0  26   0 0.00  0.0    M 10.1 22 340   M    M   6        26 350
20  50  23  37  -2  28   0 0.00  0.0    M  4.4 14 190   M    M   0        26 210
21  44  33  39  -1  26   0 0.37  0.2    M  3.4 16 180   M    M   9 12     26 210
22  42  32  37  -3  28   0 0.07    T    M  9.2 21 330   M    M  10 12     26 330
23  34  29  32  -8  33   0 0.78  9.0    M  3.9 12  70   M    M  10 126    20  70
24  35  24  30 -11  35   0 0.02  0.5    M  8.6 20 330   M    M   6 1      25 340
25  30  19  25 -16  40   0    T    T    M  6.6 18 330   M    M   2        25 320
26  31  16  24 -17  41   0 0.00  0.0    M  6.8 20 330   M    M   0        24 330
27  34  20  27 -15  38   0 0.00  0.0    M  9.7 21 320   M    M   0        26 340
28  38  19  29 -13  36   0 0.00  0.0    M 10.7 22 300   M    M   0        25 320
29  44  23  34  -8  31   0 0.00  0.0    M  8.7 22 330   M    M   0        28 280
30  51  25  38  -5  27   0 0.01    T    M  2.1 15 170   M    M   2        24 180
31  41  35  38  -5  27   0    T    T    M  2.6  9 130   M    M   9        15 130
================================================================================
SM 1371  842       899   0  5.13    14.9 225.7          M      145
================================================================================
AV 44.2 27.2                               7.3 FASTST   M    M   5    MAX(MPH)
                                 MISC ---->  # 31 330               # 41  140
================================================================================
NOTES:
# LAST OF SEVERAL OCCURRENCES

COLUMN 17 PEAK WIND IN M.P.H.

PRELIMINARY LOCAL CLIMATOLOGICAL DATA (WS FORM: F-6) , PAGE 2

                                          STATION:  AVOCA PA
                                          MONTH:    MARCH
                                          YEAR:     2011
                                          LATITUDE:   41 19 N
                                          LONGITUDE:  75 44 W

[TEMPERATURE DATA]      [PRECIPITATION DATA]       SYMBOLS USED IN COLUMN 16

AVERAGE MONTHLY: 35.7   TOTAL FOR MONTH:   5.13    1 = FOG OR MIST
DPTR FM NORMAL:  -2.2   DPTR FM NORMAL:    2.44    2 = FOG REDUCING VISIBILITY
HIGHEST:    71 ON 18    GRTST 24HR  2.14 ON  6- 7      TO 1/4 MILE OR LESS
LOWEST:     13 ON  3                               3 = THUNDER
                        SNOW, ICE PELLETS, HAIL    4 = ICE PELLETS
                        TOTAL MONTH:  14.9 INCHES  5 = HAIL
                        GRTST 24HR   9.0 ON 23-23  6 = FREEZING RAIN OR DRIZZLE
                        GRTST DEPTH:  M  ON   M    7 = DUSTSTORM OR SANDSTORM:
                                                       VSBY 1/2 MILE OR LESS
                                                   8 = SMOKE OR HAZE
[NO. OF DAYS WITH]      [WEATHER - DAYS WITH]      9 = BLOWING SNOW
                                                   X = TORNADO
MAX 32 OR BELOW:   3    0.01 INCH OR MORE:  12
MAX 90 OR ABOVE:   0    0.10 INCH OR MORE:   6
MIN 32 OR BELOW:  23    0.50 INCH OR MORE:   3
MIN  0 OR BELOW:   0    1.00 INCH OR MORE:   2

[HDD (BASE 65) ]
TOTAL THIS MO.   899    CLEAR  (SCALE 0-3)  15
DPTR FM NORMAL    42    PTCLDY (SCALE 4-7)   6
TOTAL FM JUL 1  5587    CLOUDY (SCALE 8-10) 10
DPTR FM NORMAL   135

[CDD (BASE 65) ]
TOTAL THIS MO.     0
DPTR FM NORMAL    -1    [PRESSURE DATA]
TOTAL FM JAN 1     0    HIGHEST SLP 30.67 ON  3
DPTR FM NORMAL    -1    LOWEST  SLP 29.54 ON 23

[REMARKS]
#FINAL-03-11#
