000
CXUS51 KBGM 010530
CF6AVP
PRELIMINARY LOCAL CLIMATOLOGICAL DATA (WS FORM: F-6)

                                          STATION:   AVOCA PA
                                          MONTH:     MAY
                                          YEAR:      2014
                                          LATITUDE:   41 19 N
                                          LONGITUDE:  75 44 W

  TEMPERATURE IN F:       :PCPN:    SNOW:  WIND      :SUNSHINE: SKY     :PK WND
================================================================================
1   2   3   4   5  6A  6B    7    8   9   10  11  12  13   14  15   16   17  18
                                     12Z  AVG MX 2MIN
DY MAX MIN AVG DEP HDD CDD  WTR  SNW DPTH SPD SPD DIR MIN PSBL S-S WX    SPD DR
================================================================================

 1  72  53  63   9   2   0 0.04  0.0    M  8.1 20 280   M    M   6 12     26 240
 2  62  48  55   0  10   0 0.00  0.0    M  9.5 23 270   M    M   9        31 270
 3  63  46  55   0  10   0 0.02  0.0    M  9.8 21 250   M    M   8        29 250
 4  61  48  55   0  10   0    T  0.0    M 15.6 33 320   M    M   5        45 310
 5  63  41  52  -4  13   0 0.00  0.0    M 13.7 26 320   M    M   2        33 330
 6  65  39  52  -4  13   0 0.00  0.0    M  9.1 25 300   M    M   4        32 330
 7  70  39  55  -1  10   0    T  0.0    M  7.4 16 270   M    M   2        23 280
 8  75  51  63   7   2   0 0.17  0.0    M  5.7 13 160   M    M   6 18     18 180
 9  79  55  67  10   0   2    T  0.0    M  8.1 17 280   M    M   4        25 210
10  80  63  72  15   0   7    T  0.0    M 10.7 23 240   M    M   4 18     30 270
11  78  48  63   6   2   0    T  0.0    M  8.2 22 300   M    M   1        29 310
12  83  51  67   9   0   2    T  0.0    M  7.1 24 290   M    M   4        30 290
13  82  57  70  12   0   5    T  0.0    M  7.8 17 170   M    M   1        33 140
14  76  53  65   7   0   0 0.00  0.0    M  8.7 18 200   M    M   6        28 210
15  80  65  73  15   0   8 0.00  0.0    M 12.1 22 180   M    M   7        35 170
16  70  52  61   2   4   0 1.82  0.0    M  9.9 21 170   M    M  10 1      36 190
17  63  44  54  -5  11   0 0.00  0.0    M  8.7 18 280   M    M   5        25 210
18  61  38  50  -9  15   0    T  0.0    M  6.6 21 320   M    M   5 1      26 320
19  70  36  53  -7  12   0 0.00  0.0    M  8.4 28 290   M    M   2        39 310
20  75  41  58  -2   7   0    T  0.0    M  7.1 22 290   M    M   2        29 280
21  64  57  61   1   4   0 0.01  0.0    M  4.6 15 270   M    M  10 1      18 270
22  75  58  67   7   0   2 0.33  0.0    M  6.4 16 280   M    M   7 18     20 290
23  69  52  61   0   4   0 0.32  0.0    M  7.1 20 330   M    M   8 1      26 210
24  72  51  62   1   3   0    T  0.0    M  8.2 23 290   M    M   8 1      28 290
25  80  46  63   2   2   0    T  0.0    M  7.4 22 280   M    M   1        29 320
26  83  51  67   5   0   2 0.00  0.0    M  7.3 17 220   M    M   2        25 210
27  81  59  70   8   0   5 0.04  0.0    M  7.6 16 270   M    M   2 1      22 270
28  77  55  66   4   0   1    T  0.0    M  8.8 23 310   M    M   8 18     28 310
29  60  52  56  -6   9   0 0.00  0.0    M  3.7  9 200   M    M  10        13 200
30  77  53  65   2   0   0 0.00  0.0    M  7.5 24 320   M    M   7 18     31 310
31  75  47  61  -2   4   0 0.00  0.0    M  7.2 24 350   M    M   1        40  30
================================================================================
SM 2241 1549       147  34  2.75     0.0 258.1          M      157
================================================================================
AV 72.3 50.0                               8.3 FASTST   M    M   5    MAX(MPH)
                                 MISC ---->  # 33 320               # 45  310
================================================================================
NOTES:
# LAST OF SEVERAL OCCURRENCES

COLUMN 17 PEAK WIND IN M.P.H.

PRELIMINARY LOCAL CLIMATOLOGICAL DATA (WS FORM: F-6) , PAGE 2

                                          STATION:  AVOCA PA
                                          MONTH:    MAY
                                          YEAR:     2014
                                          LATITUDE:   41 19 N
                                          LONGITUDE:  75 44 W

[TEMPERATURE DATA]      [PRECIPITATION DATA]       SYMBOLS USED IN COLUMN 16

AVERAGE MONTHLY: 61.1   TOTAL FOR MONTH:   2.75    1 = FOG OR MIST
DPTR FM NORMAL:   2.5   DPTR FM NORMAL:   -0.77    2 = FOG REDUCING VISIBILITY
HIGHEST:    83 ON 26,12 GRTST 24HR  1.82 ON 16-16      TO 1/4 MILE OR LESS
LOWEST:     36 ON 19                               3 = THUNDER
                        SNOW, ICE PELLETS, HAIL    4 = ICE PELLETS
                        TOTAL MONTH:   0.0 INCH    5 = HAIL
                        GRTST 24HR     0.0         6 = FREEZING RAIN OR DRIZZLE
                        GRTST DEPTH:  M  ON   M    7 = DUSTSTORM OR SANDSTORM:
                                                       VSBY 1/2 MILE OR LESS
                                                   8 = SMOKE OR HAZE
[NO. OF DAYS WITH]      [WEATHER - DAYS WITH]      9 = BLOWING SNOW
                                                   X = TORNADO
MAX 32 OR BELOW:   0    0.01 INCH OR MORE:   8
MAX 90 OR ABOVE:   0    0.10 INCH OR MORE:   4
MIN 32 OR BELOW:   0    0.50 INCH OR MORE:   1
MIN  0 OR BELOW:   0    1.00 INCH OR MORE:   1

[HDD (BASE 65) ]
TOTAL THIS MO.   147    CLEAR  (SCALE 0-3)  10
DPTR FM NORMAL   -81    PTCLDY (SCALE 4-7)  15
TOTAL FM JUL 1  6511    CLOUDY (SCALE 8-10)  6
DPTR FM NORMAL   310

[CDD (BASE 65) ]
TOTAL THIS MO.    34
DPTR FM NORMAL     3    [PRESSURE DATA]
TOTAL FM JAN 1    41    HIGHEST SLP 30.26 ON 14
DPTR FM NORMAL     4    LOWEST  SLP 29.68 ON M

[REMARKS]
#FINAL-05-14#
