000
CXUS51 KBGM 020114 CCA
CF6AVP

PRELIMINARY LOCAL CLIMATOLOGICAL DATA (WS FORM: F-6)

                                          STATION:   AVOCA PA
                                          MONTH:     NOVEMBER
                                          YEAR:      2017
                                          LATITUDE:   41 19 N
                                          LONGITUDE:  75 44 W

  TEMPERATURE IN F:       :PCPN:    SNOW:  WIND      :SUNSHINE: SKY     :PK WND
================================================================================
1   2   3   4   5  6A  6B    7    8   9   10  11  12  13   14  15   16   17  18
                                     12Z  AVG MX 2MIN
DY MAX MIN AVG DEP HDD CDD  WTR  SNW DPTH SPD SPD DIR MIN PSBL S-S WX    SPD DR
================================================================================

 1  58  34  46   0  19   0 0.10  0.0    M  4.0 13 160   M    M   8        22 140
 2  71  55  63  17   2   0    T  0.0    M  5.4 14 220   M    M   3        19 170
 3  67  45  56  10   9   0    T  0.0    M  8.8 22 320   M    M   4 1      27 320
 4  59  35  47   2  18   0    T  0.0    M  2.9  9 190   M    M   2        13 130
 5  62  48  55  10  10   0 0.02  0.0    M  5.7 14 140   M    M  10 18     24 150
 6  62  40  51   6  14   0 0.12  0.0    M  9.0 25 320   M    M   9 1      33 330
 7  40  33  37  -7  28   0 0.09    T    M  4.6 14  30   M    M   7 1      18  40
 8  48  31  40  -4  25   0 0.00  0.0    M  2.9  9 300   M    M   4        12 290
 9  45  28  37  -7  28   0 0.11  0.0    M  4.0 12 220   M    M   7 1      18 240
10  44  19  32 -11  33   0    T  0.0    M 16.1 31 330   M    M   4        41 330
11  36  16  26 -17  39   0 0.00  0.0    M  3.0 12 360   M    M   0        17 340
12  44  24  34  -9  31   0 0.00  0.0    M  2.9 12 240   M    M   2        15 240
13  42  31  37  -5  28   0    T    T    M  1.5  6 250   M    M   9         8  80
14  44  34  39  -3  26   0 0.01  0.0    M  2.8  9 340   M    M  10 18     12 350
15  49  30  40  -2  25   0 0.00  0.0    M  4.0 14 160   M    M   4 18     23 170
16  52  40  46   5  19   0 0.06  0.0    M 10.2 29 290   M    M   9 1      46 280
17  44  29  37  -4  28   0 0.00  0.0    M  8.6 23 320   M    M   5        29 330
18  49  27  38  -3  27   0 0.37  0.0    M  5.8 16 200   M    M   6 1      23 200
19  57  32  45   5  20   0 0.11    T    M 14.6 29 300   M    M  10 1      42 230
20  43  32  38  -2  27   0 0.01  0.1    M  9.7 20 240   M    M   6 1      27 250
21  57  30  44   4  21   0 0.00  0.0    M  5.1 22 240   M    M   0        30 240
22  48  30  39   0  26   0 0.01  0.0    M  9.6 23 340   M    M   9 1      30 330
23  39  26  33  -6  32   0 0.00  0.0    M  4.2 15 310   M    M   6        18 310
24  51  27  39   1  26   0 0.00  0.0    M  4.3 13 240   M    M   2        18 220
25  57  34  46   8  19   0 0.02  0.0    M  4.1 24 330   M    M   3        32 330
26  44  32  38   0  27   0 0.01  0.0    M 10.7 22 330   M    M   6        29 340
27  49  31  40   3  25   0 0.00  0.0    M  9.1 17 310   M    M   3        21 330
28  54  28  41   4  24   0 0.00  0.0    M  5.0 15 200   M    M   0        22 200
29  59  31  45   9  20   0 0.00  0.0    M  8.2 26 320   M    M   2        36 340
30  49  28  39   3  26   0 0.03  0.0    M  4.6 17 210   M    M   2        26 230
================================================================================
SM 1523  960       702   0  1.07     0.1 191.4          M      152
================================================================================
AV 50.8 32.0                               6.4 FASTST   M    M   5    MAX(MPH)
                                 MISC ---->  # 31 330               # 46  280
================================================================================
NOTES:
# LAST OF SEVERAL OCCURRENCES

COLUMN 17 PEAK WIND IN M.P.H.

PRELIMINARY LOCAL CLIMATOLOGICAL DATA (WS FORM: F-6) , PAGE 2

                                          STATION:  AVOCA PA
                                          MONTH:    NOVEMBER
                                          YEAR:     2017
                                          LATITUDE:   41 19 N
                                          LONGITUDE:  75 44 W

[TEMPERATURE DATA]      [PRECIPITATION DATA]       SYMBOLS USED IN COLUMN 16

AVERAGE MONTHLY: 41.4   TOTAL FOR MONTH:   1.07    1 = FOG OR MIST
DPTR FM NORMAL:  -0.0   DPTR FM NORMAL:   -2.07    2 = FOG REDUCING VISIBILITY
HIGHEST:    71 ON  2    GRTST 24HR  0.48 ON 18-19      TO 1/4 MILE OR LESS
LOWEST:     16 ON 11                               3 = THUNDER
                        SNOW, ICE PELLETS, HAIL    4 = ICE PELLETS
                        TOTAL MONTH:   0.1 INCH    5 = HAIL
                        GRTST 24HR   0.1 ON 20-20  6 = FREEZING RAIN OR DRIZZLE
                        GRTST DEPTH:   M           7 = DUSTSTORM OR SANDSTORM:
                                                       VSBY 1/2 MILE OR LESS
                                                   8 = SMOKE OR HAZE
[NO. OF DAYS WITH]      [WEATHER - DAYS WITH]      9 = BLOWING SNOW
                                                   X = TORNADO
MAX 32 OR BELOW:   0    0.01 INCH OR MORE:  14
MAX 90 OR ABOVE:   0    0.10 INCH OR MORE:   5
MIN 32 OR BELOW:  20    0.50 INCH OR MORE:   0
MIN  0 OR BELOW:   0    1.00 INCH OR MORE:   0

[HDD (BASE 65) ]
TOTAL THIS MO.   702    CLEAR  (SCALE 0-3)   9
DPTR FM NORMAL    -8    PTCLDY (SCALE 4-7)  13
TOTAL FM JUL 1  1040    CLOUDY (SCALE 8-10)  8
DPTR FM NORMAL  -273

[CDD (BASE 65) ]
TOTAL THIS MO.     0
DPTR FM NORMAL     0    [PRESSURE DATA]
TOTAL FM JAN 1   804    HIGHEST SLP 30.62 ON 11
DPTR FM NORMAL   224    LOWEST  SLP 29.13 ON 19

[REMARKS]
#FINAL-11-17#
CORRECTED SNOW DEPTH AND GREATEST 24 HOUR PRECIPITATION
  AND SNOWFALL ON THE 10TH
12TH DRIEST NOVEMBER
