000
CXUS51 KBGM 092018
CF6AVP
PRELIMINARY LOCAL CLIMATOLOGICAL DATA (WS FORM: F-6)

                                          STATION:   AVOCA PA
                                          MONTH:     JANUARY
                                          YEAR:      2011
                                          LATITUDE:   41 19 N
                                          LONGITUDE:  75 44 W

  TEMPERATURE IN F:       :PCPN:    SNOW:  WIND      :SUNSHINE: SKY     :PK WND
================================================================================
1   2   3   4   5  6A  6B    7    8   9   10  11  12  13   14  15   16   17  18
                                     12Z  AVG MX 2MIN
DY MAX MIN AVG DEP HDD CDD  WTR  SNW DPTH SPD SPD DIR MIN PSBL S-S WX    SPD DR
================================================================================

 1  53  31  42  14  23   0    T  0.0    M  3.1 10 210   M    M   2 18     17 180
 2  50  27  39  12  26   0 0.04  0.0    M  8.1 20 330   M    M   7 1      26 350
 3  31  21  26  -1  39   0    T    T    M  6.7 23 330   M    M   4        30 330
 4  39  21  30   3  35   0    T    T    M  5.9 17 270   M    M   4        24 320
 5  34  24  29   2  36   0 0.01    T    M  7.3 21 320   M    M   7 1      30 320
 6  28  14  21  -6  44   0    T    T    M  2.1  9 320   M    M   5 8      12 240
 7  28  13  21  -6  44   0 0.07  1.1    M  3.5 13 250   M    M   6 18     18 160
 8  23  13  18  -9  47   0 0.10  1.7    M  2.9  9 310   M    M   6 18     14 280
 9  25  19  22  -4  43   0    T    T    M  8.2 20 300   M    M   9 1      26 290
10  28  15  22  -4  43   0 0.00  0.0    M  7.2 17 350   M    M   3        26  10
11  29  20  25  -1  40   0 0.19  4.0    M  3.4 13 340   M    M   9 18     16 340
12  24  19  22  -4  43   0 0.08  1.9    M  8.9 24 310   M    M  10 168    32 310
13  20  11  16 -10  49   0    T    T    M  9.8 20 330   M    M   8 6      26 330
14  24   8  16 -10  49   0    T    T    M  2.5 15 330   M    M   7 18     18 320
15  32  10  21  -5  44   0    T    T    M  5.8 15 210   M    M   5 8      23 200
16  31  17  24  -2  41   0 0.01    T    M  7.6 18 340   M    M   4        23 290
17  24  12  18  -8  47   0 0.00  0.0    M  3.2 12 330   M    M   7        15 320
18  32  22  27   1  38   0 0.37  1.1    M  4.2 12  50   M    M   9 126    18  50
19  35  28  32   6  33   0 0.08  1.0    M  5.1 16 330   M    M  10 12     20 330
20  28  20  24  -2  41   0 0.09  0.5    M  4.1 16 340   M    M   7 16     20 350
21  25   8  17  -9  48   0 0.16  3.5    M 10.2 22 320   M    M   6 16     31 290
22  19   1  10 -16  55   0 0.00  0.0    M  2.8  8 270   M    M   0        10 210
23  18   2  10 -16  55   0 0.00  0.0    M  8.5 25 330   M    M   3        31 330
24  18  -8   5 -21  60   0    T    T    M  2.2 10 180   M    M   4        16 180
25  29  17  23  -3  42   0    T    T    M  1.9  9 250   M    M   9 18     12 210
26  34  25  30   4  35   0 0.13  2.8    M  4.9 16 350   M    M   5 18     21 340
27  32  26  29   3  36   0    T    T    M  7.9 18 300   M    M   7 18     26 330
28  31  23  27   1  38   0 0.07    T    M  1.6  8 230   M    M  10 18     10 230
29  28  19  24  -2  41   0 0.04  0.7    M  2.9 13 240   M    M   8 18     16 250
30  32  18  25  -1  40   0    T    T    M  4.8 15 330   M    M   7 18     18 330
31  25  11  18  -8  47   0 0.00  0.0    M  4.3 13 330   M    M   3 8      15 180
================================================================================
SM  909  507      1302   0  1.44    18.3 161.6          M      191
================================================================================
AV 29.3 16.4                               5.2 FASTST   M    M   6    MAX(MPH)
                                 MISC ---->  # 25 330               # 32  310
================================================================================
NOTES:
# LAST OF SEVERAL OCCURRENCES

COLUMN 17 PEAK WIND IN M.P.H.

PRELIMINARY LOCAL CLIMATOLOGICAL DATA (WS FORM: F-6) , PAGE 2

                                          STATION:  AVOCA PA
                                          MONTH:    JANUARY
                                          YEAR:     2011
                                          LATITUDE:   41 19 N
                                          LONGITUDE:  75 44 W

[TEMPERATURE DATA]      [PRECIPITATION DATA]       SYMBOLS USED IN COLUMN 16

AVERAGE MONTHLY: 22.8   TOTAL FOR MONTH:   1.44    1 = FOG OR MIST
DPTR FM NORMAL:  -3.5   DPTR FM NORMAL:   -1.02    2 = FOG REDUCING VISIBILITY
HIGHEST:    53 ON  1    GRTST 24HR  0.37 ON 18-18      TO 1/4 MILE OR LESS
LOWEST:     -8 ON 24                               3 = THUNDER
                        SNOW, ICE PELLETS, HAIL    4 = ICE PELLETS
                        TOTAL MONTH:  18.3 INCHES  5 = HAIL
                        GRTST 24HR   4.0 ON 11-11  6 = FREEZING RAIN OR DRIZZLE
                        GRTST DEPTH:  M  ON   M    7 = DUSTSTORM OR SANDSTORM:
                                                       VSBY 1/2 MILE OR LESS
                                                   8 = SMOKE OR HAZE
[NO. OF DAYS WITH]      [WEATHER - DAYS WITH]      9 = BLOWING SNOW
                                                   X = TORNADO
MAX 32 OR BELOW:  25    0.01 INCH OR MORE:  14
MAX 90 OR ABOVE:   0    0.10 INCH OR MORE:   5
MIN 32 OR BELOW:  31    0.50 INCH OR MORE:   0
MIN  0 OR BELOW:   1    1.00 INCH OR MORE:   0

[HDD (BASE 65) ]
TOTAL THIS MO.  1302    CLEAR  (SCALE 0-3)   5
DPTR FM NORMAL    88    PTCLDY (SCALE 4-7)  19
TOTAL FM JUL 1  3668    CLOUDY (SCALE 8-10)  7
DPTR FM NORMAL   100

[CDD (BASE 65) ]
TOTAL THIS MO.     0
DPTR FM NORMAL     0    [PRESSURE DATA]
TOTAL FM JAN 1     0    HIGHEST SLP 30.51 ON 31
DPTR FM NORMAL     0    LOWEST  SLP 29.34 ON  7

[REMARKS]
#FINAL-01-11#
