000
CXUS51 KBGM 050306
CF6AVP
PRELIMINARY LOCAL CLIMATOLOGICAL DATA (WS FORM: F-6)

                                          STATION:   AVOCA PA
                                          MONTH:     APRIL
                                          YEAR:      2011
                                          LATITUDE:   41 19 N
                                          LONGITUDE:  75 44 W

  TEMPERATURE IN F:       :PCPN:    SNOW:  WIND      :SUNSHINE: SKY     :PK WND
================================================================================
1   2   3   4   5  6A  6B    7    8   9   10  11  12  13   14  15   16   17  18
                                     12Z  AVG MX 2MIN
DY MAX MIN AVG DEP HDD CDD  WTR  SNW DPTH SPD SPD DIR MIN PSBL S-S WX    SPD DR
================================================================================

 1  41  32  37  -6  28   0 0.27  0.7    M  5.8 23 320   M    M   8 12     29 330
 2  50  31  41  -3  24   0 0.00  0.0    M  8.5 23 330   M    M   2        32 340
 3  53  34  44   0  21   0 0.12  0.0    M  8.6 23 330   M    M   2 1      30 340
 4  66  37  52   7  13   0 0.02  0.0    M  4.8 15 220   M    M   7        24 210
 5  59  34  47   2  18   0 0.35  0.0    M 10.8 26 320   M    M   8 1      37 320
 6  45  30  38  -7  27   0 0.30  0.0    M  6.7 17 260   M    M   4 1      24 260
 7  50  34  42  -4  23   0 0.12    T    M  3.2  9 330   M    M   7 1      12 320
 8  48  32  40  -6  25   0 0.03  0.0    M  3.5 12 190   M    M   4 1      15 170
 9  57  34  46   0  19   0 0.00  0.0    M  3.7 15 250   M    M   4 1      22 250
10  62  47  55   8  10   0 0.00  0.0    M  5.7 14 190   M    M   7 18     22 150
11  80  52  66  19   0   1 0.06  0.0    M  8.9 20 240   M    M   5        29 240
12  62  46  54   7  11   0 0.23  0.0    M  8.6 16  50   M    M   4 1      26  50
13  47  44  46  -2  19   0 0.19  0.0    M  6.2 18 120   M    M  10 1      31 100
14  66  43  55   7  10   0 0.00  0.0    M  9.0 18 360   M    M   4        23  10
15  57  37  47  -1  18   0 0.00  0.0    M  4.9 14 130   M    M   3        24 130
16  55  37  46  -3  19   0 1.41  0.0    M 12.0 33 130   M    M   5 18     55 140
17  54  40  47  -2  18   0 0.01  0.0    M 12.5 30 270   M    M   6        46 210
18  60  36  48  -2  17   0 0.01  0.0    M  4.9 14 240   M    M   2        18 210
19  48  42  45  -5  20   0 0.36  0.0    M  4.0 20 330   M    M   8 1      23 330
20  73  46  60  10   5   0 0.00  0.0    M 10.0 23 260   M    M   5        33 240
21  51  34  43  -8  22   0 0.00  0.0    M 13.0 26 340   M    M   3        38 350
22  49  29  39 -12  26   0 0.02  0.0    M  5.1 14 190   M    M   3 8      21 190
23  60  38  49  -2  16   0 0.28  0.0    M  5.0 12 200   M    M   7 18     18 210
24  67  51  59   7   6   0 0.07  0.0    M  3.9 14 230   M    M   6 1      18 220
25  79  50  65  13   0   0 0.14  0.0    M  4.0 16 150   M    M   5 12     30 130
26  82  61  72  19   0   7 1.34  0.0    M  8.3 35 270   M    M   2 18     49 270
27  79  59  69  16   0   4    T  0.0    M  9.3 23 170   M    M   6 1      43 180
28  75  53  64  11   1   0 1.16  0.0    M 12.0 31 260   M    M   4 13     45 260
29  58  44  51  -3  14   0 0.02  0.0    M  7.3 21 260   M    M   7 1      30 250
30  66  43  55   1  10   0 0.00  0.0    M  8.6 18 340   M    M   5        26 360
================================================================================
SM 1799 1230       440  12  6.51     0.7 218.8          M      153
================================================================================
AV 60.0 41.0                               7.3 FASTST   M    M   5    MAX(MPH)
                                 MISC ---->  # 35 270               # 55  140
================================================================================
NOTES:
# LAST OF SEVERAL OCCURRENCES

COLUMN 17 PEAK WIND IN M.P.H.

PRELIMINARY LOCAL CLIMATOLOGICAL DATA (WS FORM: F-6) , PAGE 2

                                          STATION:  AVOCA PA
                                          MONTH:    APRIL
                                          YEAR:     2011
                                          LATITUDE:   41 19 N
                                          LONGITUDE:  75 44 W

[TEMPERATURE DATA]      [PRECIPITATION DATA]       SYMBOLS USED IN COLUMN 16

AVERAGE MONTHLY: 50.5   TOTAL FOR MONTH:   6.51    1 = FOG OR MIST
DPTR FM NORMAL:   1.8   DPTR FM NORMAL:    3.23    2 = FOG REDUCING VISIBILITY
HIGHEST:    82 ON 26    GRTST 24HR  1.41 ON 16-16      TO 1/4 MILE OR LESS
LOWEST:     29 ON 22                               3 = THUNDER
                        SNOW, ICE PELLETS, HAIL    4 = ICE PELLETS
                        TOTAL MONTH:   0.7 INCH    5 = HAIL
                        GRTST 24HR   0.7 ON   M    6 = FREEZING RAIN OR DRIZZLE
                        GRTST DEPTH:  M  ON   M    7 = DUSTSTORM OR SANDSTORM:
                                                       VSBY 1/2 MILE OR LESS
                                                   8 = SMOKE OR HAZE
[NO. OF DAYS WITH]      [WEATHER - DAYS WITH]      9 = BLOWING SNOW
                                                   X = TORNADO
MAX 32 OR BELOW:   0    0.01 INCH OR MORE:  21
MAX 90 OR ABOVE:   0    0.10 INCH OR MORE:  13
MIN 32 OR BELOW:   5    0.50 INCH OR MORE:   3
MIN  0 OR BELOW:   0    1.00 INCH OR MORE:   3

[HDD (BASE 65) ]
TOTAL THIS MO.   440    CLEAR  (SCALE 0-3)   6
DPTR FM NORMAL   -70    PTCLDY (SCALE 4-7)  22
TOTAL FM JUL 1  6027    CLOUDY (SCALE 8-10)  2
DPTR FM NORMAL    65

[CDD (BASE 65) ]
TOTAL THIS MO.    12
DPTR FM NORMAL     7    [PRESSURE DATA]
TOTAL FM JAN 1    12    HIGHEST SLP 30.45 ON 22
DPTR FM NORMAL     6    LOWEST  SLP 29.14 ON  5

[REMARKS]
#FINAL-04-11#
