000
CXUS51 KBGM 021801
CF6AVP
PRELIMINARY LOCAL CLIMATOLOGICAL DATA (WS FORM: F-6)

                                          STATION:   AVOCA PA
                                          MONTH:     DECEMBER
                                          YEAR:      2010
                                          LATITUDE:   41 19 N
                                          LONGITUDE:  75 44 W

  TEMPERATURE IN F:       :PCPN:    SNOW:  WIND      :SUNSHINE: SKY     :PK WND
================================================================================
1   2   3   4   5  6A  6B    7    8   9   10  11  12  13   14  15   16   17  18
                                     12Z  AVG MX 2MIN
DY MAX MIN AVG DEP HDD CDD  WTR  SNW DPTH SPD SPD DIR MIN PSBL S-S WX    SPD DR
================================================================================

 1  62  32  47  11  18   0 1.58    T    M 13.5 26 210   M    M  10 1      48 220
 2  35  26  31  -5  34   0    T    T    M  7.2 17 240   M    M   8        23 250
 3  36  25  31  -4  34   0    T    T    M  4.4 13 320   M    M   8        15 360
 4  34  26  30  -5  35   0    T  0.1    M  9.8 20 330   M    M   9 1      26 330
 5  31  23  27  -8  38   0    T    T    M 12.0 23 330   M    M  10 6      31 320
 6  30  26  28  -6  37   0    T    T    M 13.3 26 330   M    M  10 6      38 320
 7  31  26  29  -5  36   0    T    T    M 13.5 24 310   M    M  10        35 330
 8  28  21  25  -8  40   0    T    T    M 11.0 22 320   M    M   7 1      31 290
 9  27  13  20 -13  45   0 0.01  0.1    M  6.9 17 320   M    M   2 1      22 320
10  30  12  21 -12  44   0    T    T    M  5.3 13 200   M    M   5        21 190
11  41  21  31  -2  34   0    T  0.0    M  1.4  8  50   M    M   2 18     12  70
12  55  35  45  13  20   0 0.73  0.0    M  8.4 22 120   M    M   7 1      36 130
13  38  13  26  -6  39   0    T  0.1    M  9.7 22 340   M    M  10 1      30 310
14  18  12  15 -17  50   0 0.01  0.2    M 12.5 24 340   M    M   7 1      33 340
15  24  16  20 -11  45   0 0.01    T    M 13.1 23 320   M    M   7 1      35 330
16  25  11  18 -13  47   0 0.00  0.0    M  6.4 16 240   M    M   2        22 230
17  30   9  20 -11  45   0    T    T    M  5.6 13 240   M    M   5 18     17 260
18  32  17  25  -6  40   0 0.00  0.0    M  2.9 12 250   M    M   2 18     15 240
19  32  11  22  -8  43   0 0.00  0.0    M  1.2  8 330   M    M   0 18      9 330
20  29  14  22  -8  43   0    T  0.4    M  6.3 20 340   M    M   8 18     26 340
21  30  23  27  -3  38   0    T    T    M  8.8 24 340   M    M   9 8      32 340
22  34  25  30   0  35   0    T    T    M 11.0 21 350   M    M   8 1      31 340
23  27  23  25  -4  40   0    T  0.5    M 12.5 22 330   M    M  10 1      32 360
24  30  24  27  -2  38   0 0.00  0.0    M 10.5 20 340   M    M   8        25 310
25  28  23  26  -3  39   0 0.00  0.0    M  6.2 13 350   M    M  10        16 350
26  23  13  18 -11  47   0 0.09  2.3    M  9.6 24 360   M    M  10 1      33 360
27  22  14  18 -10  47   0 0.02  1.0    M 15.4 30 330   M    M   9 16     44 320
28  37  21  29   1  36   0    T    T    M  8.7 21 310   M    M   3        30 320
29  36  21  29   1  36   0 0.00  0.0    M  6.8 13 330   M    M   5        15 330
30  38  13  26  -2  39   0 0.00  0.0    M  3.3  9 230   M    M   2 18     12 240
31  44  27  36   8  29   0 0.00  0.0    M  1.6  7 240   M    M   3 18      9 230
================================================================================
SM 1017  616      1191   0  2.45     4.7 258.8          M      206
================================================================================
AV 32.8 19.9                               8.3 FASTST   M    M   7    MAX(MPH)
                                 MISC ---->  # 30 330               # 48  220
================================================================================
NOTES:
# LAST OF SEVERAL OCCURRENCES

COLUMN 17 PEAK WIND IN M.P.H.

PRELIMINARY LOCAL CLIMATOLOGICAL DATA (WS FORM: F-6) , PAGE 2

                                          STATION:  AVOCA PA
                                          MONTH:    DECEMBER
                                          YEAR:     2010
                                          LATITUDE:   41 19 N
                                          LONGITUDE:  75 44 W

[TEMPERATURE DATA]      [PRECIPITATION DATA]       SYMBOLS USED IN COLUMN 16

AVERAGE MONTHLY: 26.3   TOTAL FOR MONTH:   2.45    1 = FOG OR MIST
DPTR FM NORMAL:  -5.1   DPTR FM NORMAL:   -0.10    2 = FOG REDUCING VISIBILITY
HIGHEST:    62 ON  1    GRTST 24HR  1.63 ON 30- 1      TO 1/4 MILE OR LESS
LOWEST:      9 ON 17                               3 = THUNDER
                        SNOW, ICE PELLETS, HAIL    4 = ICE PELLETS
                        TOTAL MONTH:   4.7 INCHES  5 = HAIL
                        GRTST 24HR   2.3 ON   M    6 = FREEZING RAIN OR DRIZZLE
                        GRTST DEPTH:  M  ON   M    7 = DUSTSTORM OR SANDSTORM:
                                                       VSBY 1/2 MILE OR LESS
                                                   8 = SMOKE OR HAZE
[NO. OF DAYS WITH]      [WEATHER - DAYS WITH]      9 = BLOWING SNOW
                                                   X = TORNADO
MAX 32 OR BELOW:  19    0.01 INCH OR MORE:   7
MAX 90 OR ABOVE:   0    0.10 INCH OR MORE:   2
MIN 32 OR BELOW:  30    0.50 INCH OR MORE:   2
MIN  0 OR BELOW:   0    1.00 INCH OR MORE:   1

[HDD (BASE 65) ]
TOTAL THIS MO.  1191    CLEAR  (SCALE 0-3)   7
DPTR FM NORMAL   144    PTCLDY (SCALE 4-7)  12
TOTAL FM JUL 1  2366    CLOUDY (SCALE 8-10) 12
DPTR FM NORMAL    12

[CDD (BASE 65) ]
TOTAL THIS MO.     0
DPTR FM NORMAL     0    [PRESSURE DATA]
TOTAL FM JAN 1   902    HIGHEST SLP 30.37 ON 10
DPTR FM NORMAL   291    LOWEST  SLP 29.15 ON 13

[REMARKS]
#FINAL-12-10#
