000
CXUS51 KBGM 031943 CCA
CF6AVP

PRELIMINARY LOCAL CLIMATOLOGICAL DATA (WS FORM: F-6)

                                          STATION:   AVOCA PA
                                          MONTH:     FEBRUARY
                                          YEAR:      2011
                                          LATITUDE:   41 19 N
                                          LONGITUDE:  75 44 W

  TEMPERATURE IN F:       :PCPN:    SNOW:  WIND      :SUNSHINE: SKY     :PK WND
================================================================================
1   2   3   4   5  6A  6B    7    8   9   10  11  12  13   14  15   16   17  18
                                     12Z  AVG MX 2MIN
DY MAX MIN AVG DEP HDD CDD  WTR  SNW DPTH SPD SPD DIR MIN PSBL S-S WX    SPD DR
================================================================================

 1  27  19  23  -3  42   0 0.38  3.0    M  4.7 10  70   M    M  10 126    17  90
 2  36  26  31   4  34   0 0.71  1.2    M 10.4 30 260   M    M  10 126    38 280
 3  28  16  22  -5  43   0    T    T    M  8.5 22 300   M    M   3        29 310
 4  31  12  22  -5  43   0 0.00  0.0    M  5.9 20 230   M    M   0        29 230
 5  42  20  31   4  34   0 0.21  0.3    M  4.5 21 240   M    M   9 16     29 250
 6  40  28  34   7  31   0    T    T    M  7.3 26 310   M    M   6        37 290
 7  41  25  33   6  32   0 0.05    T    M  0.8  8 190   M    M   7 18     15 190
 8  33  11  22  -5  43   0 0.19  1.4    M 11.5 29 310   M    M   7 1289   38 290
 9  24   6  15 -13  50   0 0.00  0.0    M  9.4 17 240   M    M   1        25 240
10  22  12  17 -11  48   0 0.00  0.0    M  8.1 17 290   M    M   0        22 310
11  29   5  17 -11  48   0 0.00  0.0    M  4.0 17 240   M    M   0        24 240
12  33  17  25  -3  40   0 0.02  0.3    M 10.3 23 290   M    M   5 128    31 300
13  44  18  31   3  34   0 0.01    T    M  5.9 21 220   M    M   3 18     28 220
14  50  28  39  11  26   0    T    T    M 16.3 33 260   M    M   5        45 240
15  28  18  23  -6  42   0    T    T    M  8.4 28 320   M    M   4        37 310
16  45  18  32   3  33   0 0.00  0.0    M  4.5 14 230   M    M   3        18 230
17  57  35  46  17  19   0 0.00  0.0    M  2.4 13 220   M    M   3        17 210
18  63  42  53  24  12   0 0.00  0.0    M 10.8 32 270   M    M   2        47 260
19  45  19  32   2  33   0    T  0.7    M 19.7 32 310   M    M   7 1      45 320
20  35  17  26  -4  39   0 0.13  1.3    M  6.0 23 330   M    M   5 18     39 330
21  29  15  22  -8  43   0 0.50  7.7    M  9.0 21 350   M    M   6 12     25 360
22  25   5  15 -16  50   0 0.00  0.0    M  5.8 13 340   M    M   2        16 340
23  37   0  19 -12  46   0 0.00  0.0    M  1.8  8 100   M    M   0        10 110
24  43  11  27  -4  38   0 0.18  0.2    M  2.9  9 180   M    M   5 1      16 190
25  39  28  34   3  31   0 1.06  0.1    M 10.3 30 340   M    M   9 12     41 330
26  36  21  29  -3  36   0    T    T    M  2.3 10 150   M    M   2        17 150
27  43  34  39   7  26   0 0.00  0.0    M  5.0 15 330   M    M   6        17 330
28  50  31  41   9  24   0 0.43  0.0    M  8.9 25 330   M    M   8 13     32 330
================================================================================
SM 1055  537      1020   0  3.87    16.2 205.4          M      128
================================================================================
AV 37.7 19.2                               7.3 FASTST   M    M   5    MAX(MPH)
                                 MISC ---->  # 33 260               # 47  260
================================================================================
NOTES:
# LAST OF SEVERAL OCCURRENCES

COLUMN 17 PEAK WIND IN M.P.H.

PRELIMINARY LOCAL CLIMATOLOGICAL DATA (WS FORM: F-6) , PAGE 2

                                          STATION:  AVOCA PA
                                          MONTH:    FEBRUARY
                                          YEAR:     2011
                                          LATITUDE:   41 19 N
                                          LONGITUDE:  75 44 W

[TEMPERATURE DATA]      [PRECIPITATION DATA]       SYMBOLS USED IN COLUMN 16

AVERAGE MONTHLY: 28.4   TOTAL FOR MONTH:   3.87    1 = FOG OR MIST
DPTR FM NORMAL:  -0.5   DPTR FM NORMAL:    1.79    2 = FOG REDUCING VISIBILITY
HIGHEST:    63 ON 18    GRTST 24HR  1.24 ON 24-25      TO 1/4 MILE OR LESS
LOWEST:      0 ON 23                               3 = THUNDER
                        SNOW, ICE PELLETS, HAIL    4 = ICE PELLETS
                        TOTAL MONTH:  16.2 INCHES  5 = HAIL
                        GRTST 24HR   9.0 ON 20-21  6 = FREEZING RAIN OR DRIZZLE
                        GRTST DEPTH:  M  ON   M    7 = DUSTSTORM OR SANDSTORM:
                                                       VSBY 1/2 MILE OR LESS
                                                   8 = SMOKE OR HAZE
[NO. OF DAYS WITH]      [WEATHER - DAYS WITH]      9 = BLOWING SNOW
                                                   X = TORNADO
MAX 32 OR BELOW:   9    0.01 INCH OR MORE:  12
MAX 90 OR ABOVE:   0    0.10 INCH OR MORE:   9
MIN 32 OR BELOW:  25    0.50 INCH OR MORE:   3
MIN  0 OR BELOW:   1    1.00 INCH OR MORE:   1

[HDD (BASE 65) ]
TOTAL THIS MO.  1020    CLEAR  (SCALE 0-3)   9
DPTR FM NORMAL    -7    PTCLDY (SCALE 4-7)  14
TOTAL FM JUL 1  4688    CLOUDY (SCALE 8-10)  5
DPTR FM NORMAL    93

[CDD (BASE 65) ]
TOTAL THIS MO.     0
DPTR FM NORMAL     0    [PRESSURE DATA]
TOTAL FM JAN 1     0    HIGHEST SLP 30.43 ON 15
DPTR FM NORMAL     0    LOWEST  SLP 29.28 ON 25

[REMARKS]
#FINAL-02-11#
