000
CXUS51 KBGM 040209
CF6AVP
PRELIMINARY LOCAL CLIMATOLOGICAL DATA (WS FORM: F-6)

                                          STATION:   AVOCA PA
                                          MONTH:     OCTOBER
                                          YEAR:      2010
                                          LATITUDE:   41 19 N
                                          LONGITUDE:  75 44 W

  TEMPERATURE IN F:       :PCPN:    SNOW:  WIND      :SUNSHINE: SKY     :PK WND
================================================================================
1   2   3   4   5  6A  6B    7    8   9   10  11  12  13   14  15   16   17  18
                                     12Z  AVG MX 2MIN
DY MAX MIN AVG DEP HDD CDD  WTR  SNW DPTH SPD SPD DIR MIN PSBL S-S WX    SPD DR
================================================================================

 1  65  46  56  -1   9   0 1.15  0.0    M 11.3 25 340   M    M   7 1      33 350
 2  63  42  53  -4  12   0 0.00  0.0    M  4.4 17 320   M    M   1        22 330
 3  64  41  53  -3  12   0 0.00  0.0    M  5.6 18  20   M    M   0        24  40
 4  53  47  50  -6  15   0 0.76  0.0    M  4.0 10 340   M    M  10 1      15  40
 5  51  47  49  -6  16   0 0.66  0.0    M  1.9  9 280   M    M  10 1      10 280
 6  58  50  54  -1  11   0 0.33  0.0    M  3.7 15 240   M    M   9 1      22 210
 7  68  49  59   4   6   0 0.02  0.0    M  9.9 23 290   M    M   4 1      29 310
 8  71  46  59   5   6   0 0.00  0.0    M  7.6 20 240   M    M   0        26 240
 9  68  41  55   1  10   0 0.00  0.0    M  6.8 20 340   M    M   0        24 330
10  68  33  51  -3  14   0 0.00  0.0    M  4.3 13 230   M    M   0        18 220
11  74  45  60   7   5   0 0.67  0.0    M  3.1 32 340   M    M   2 13     55 300
12  65  40  53   0  12   0    T  0.0    M  7.3 20 340   M    M   3 12     25 330
13  63  34  49  -3  16   0 0.00  0.0    M  3.0  8 100   M    M   0        10 100
14  54  38  46  -6  19   0 0.47  0.0    M  2.4 12 320   M    M   5 1      20 300
15  52  41  47  -5  18   0    T  0.0    M 12.6 23 290   M    M   9        32 290
16  57  40  49  -2  16   0    T  0.0    M 11.7 24 320   M    M   6        35 320
17  67  37  52   1  13   0 0.00  0.0    M  8.0 23 300   M    M   0        32 280
18  56  40  48  -3  17   0 0.00  0.0    M  5.3 16 240   M    M   3        23 240
19  57  39  48  -2  17   0 0.00  0.0    M  4.0 14 240   M    M   5        17 240
20  58  35  47  -3  18   0 0.00  0.0    M  3.8 15 250   M    M   0 1      21 250
21  57  43  50   0  15   0    T  0.0    M  8.0 21 330   M    M   4        28 320
22  50  36  43  -6  22   0    T    T    M  9.3 24 300   M    M   5        33 280
23  58  36  47  -2  18   0 0.01  0.0    M  5.3 16 240   M    M   3        20 240
24  70  43  57   8   8   0    T  0.0    M  1.8  9 230   M    M   0        12 190
25  75  49  62  14   3   0    T  0.0    M  4.9 20 210   M    M   2        30 220
26  72  55  64  16   1   0 0.02  0.0    M  4.9 16 180   M    M   4        29 200
27  70  51  61  13   4   0 0.39  0.0    M  4.1 18 270   M    M   5 1      25 270
28  68  47  58  11   7   0 0.00  0.0    M  8.5 26 250   M    M   3        38 270
29  50  42  46  -1  19   0 0.04  0.0    M  9.2 24 340   M    M   9 1      33 280
30  50  36  43  -4  22   0 0.00  0.0    M  7.6 16 220   M    M   0        23 240
31  48  35  42  -5  23   0    T  0.0    M  7.9 23 320   M    M   7        30 320
================================================================================
SM 1900 1304       404   0  4.52    T    192.2          M      116
================================================================================
AV 61.3 42.1                               6.2 FASTST   M    M   4    MAX(MPH)
                                 MISC ---->  # 32 340               # 55  300
================================================================================
NOTES:
# LAST OF SEVERAL OCCURRENCES

COLUMN 17 PEAK WIND IN M.P.H.

PRELIMINARY LOCAL CLIMATOLOGICAL DATA (WS FORM: F-6) , PAGE 2

                                          STATION:  AVOCA PA
                                          MONTH:    OCTOBER
                                          YEAR:     2010
                                          LATITUDE:   41 19 N
                                          LONGITUDE:  75 44 W

[TEMPERATURE DATA]      [PRECIPITATION DATA]       SYMBOLS USED IN COLUMN 16

AVERAGE MONTHLY: 51.7   TOTAL FOR MONTH:   4.52    1 = FOG OR MIST
DPTR FM NORMAL:   0.2   DPTR FM NORMAL:    1.50    2 = FOG REDUCING VISIBILITY
HIGHEST:    75 ON 25    GRTST 24HR  4.77 ON 30- 1      TO 1/4 MILE OR LESS
LOWEST:     33 ON 10                               3 = THUNDER
                        SNOW, ICE PELLETS, HAIL    4 = ICE PELLETS
                        TOTAL MONTH:    T          5 = HAIL
                        GRTST 24HR    T  ON 22-22  6 = FREEZING RAIN OR DRIZZLE
                        GRTST DEPTH:  M  ON   M    7 = DUSTSTORM OR SANDSTORM:
                                                       VSBY 1/2 MILE OR LESS
                                                   8 = SMOKE OR HAZE
[NO. OF DAYS WITH]      [WEATHER - DAYS WITH]      9 = BLOWING SNOW
                                                   X = TORNADO
MAX 32 OR BELOW:   0    0.01 INCH OR MORE:  11
MAX 90 OR ABOVE:   0    0.10 INCH OR MORE:   7
MIN 32 OR BELOW:   0    0.50 INCH OR MORE:   4
MIN  0 OR BELOW:   0    1.00 INCH OR MORE:   1

[HDD (BASE 65) ]
TOTAL THIS MO.   404    CLEAR  (SCALE 0-3)  15
DPTR FM NORMAL   -27    PTCLDY (SCALE 4-7)  11
TOTAL FM JUL 1   494    CLOUDY (SCALE 8-10)  5
DPTR FM NORMAL  -102

[CDD (BASE 65) ]
TOTAL THIS MO.     0
DPTR FM NORMAL    -4    [PRESSURE DATA]
TOTAL FM JAN 1   902    HIGHEST SLP 30.18 ON 31
DPTR FM NORMAL   291    LOWEST  SLP 29.52 ON 21

[REMARKS]
#FINAL-10-10#
