000
CXUS51 KBGM 010952
CF6AVP
PRELIMINARY LOCAL CLIMATOLOGICAL DATA (WS FORM: F-6)

                                          STATION:   AVOCA PA
                                          MONTH:     JULY
                                          YEAR:      2010
                                          LATITUDE:   41 19 N
                                          LONGITUDE:  75 44 W

  TEMPERATURE IN F:       :PCPN:    SNOW:  WIND      :SUNSHINE: SKY     :PK WND
================================================================================
1   2   3   4   5  6A  6B    7    8   9   10  11  12  13   14  15   16   17  18
                                     12Z  AVG MX 2MIN
DY MAX MIN AVG DEP HDD CDD  WTR  SNW DPTH SPD SPD DIR MIN PSBL S-S WX    SPD DR
================================================================================

 1  73  48  61 -10   4   0 0.00  0.0    M  7.7 20 350   M    M   3        25 340
 2  78  46  62  -9   3   0 0.00  0.0    M  4.3 15  10   M    M   1 8      21  10
 3  88  52  70  -1   0   5 0.00  0.0    M  3.8 13 270   M    M   0        17 260
 4  93  57  75   4   0  10 0.00  0.0    M  5.4 16 250   M    M   0        22 270
 5  96  62  79   8   0  14 0.00  0.0    M  4.5 12  20   M    M   0        18 190
 6  96  69  83  12   0  18    T  0.0    M  3.3 22 320   M    M   2 8      28 320
 7  95  71  83  11   0  18 0.00  0.0    M  4.8 13 320   M    M   1 18     18 330
 8  96  68  82  10   0  17 0.00  0.0    M  4.0 13 140   M    M   1 18     23 140
 9  90  72  81   9   0  16 0.00  0.0    M  5.4 15 180   M    M   7        23 160
10  83  65  74   2   0   9 0.27  0.0    M  4.2 14 350   M    M   7 1      18 350
11  88  58  73   1   0   8 0.00  0.0    M  4.8 13 350   M    M   1        17 310
12  89  60  75   3   0  10 0.23  0.0    M  4.9 15 230   M    M   1 13     22 230
13  81  67  74   2   0   9    T  0.0    M  3.0  9 140   M    M   7 1      15 120
14  81  68  75   3   0  10 0.31  0.0    M  2.6 13 310   M    M   6 18     16 310
15  86  68  77   5   0  12 0.00  0.0    M  1.7  7 320   M    M   5 18      9 290
16  91  68  80   8   0  15    T  0.0    M  6.4 22 240   M    M   2 18     29 240
17  89  68  79   7   0  14 0.00  0.0    M  8.6 21 250   M    M   3 18     28 260
18  90  71  81   9   0  16 0.00  0.0    M  6.6 17 320   M    M   2 8      23 270
19  90  66  78   5   0  13 0.44  0.0    M  5.3 21 280   M    M   4 13     28 280
20  84  67  76   3   0  11 0.01  0.0    M  3.1 10 260   M    M   4 1      15 220
21  90  68  79   6   0  14    T  0.0    M  7.0 22 250   M    M   4 18     31 240
22  87  63  75   2   0  10 0.00  0.0    M  7.2 18 330   M    M   0        24 340
23  89  66  78   5   0  13 0.28  0.0    M  4.0 17 240   M    M   4 1      23 230
24  92  74  83  10   0  18    T  0.0    M  7.4 16 220   M    M   3 8      22 220
25  84  60  72  -1   0   7 0.70  0.0    M  5.9 21  20   M    M   5 1      28  10
26  83  57  70  -3   0   5 0.00  0.0    M  5.0 17 320   M    M   2        24 310
27  85  57  71  -2   0   6 0.00  0.0    M  4.6 12 270   M    M   0        16 260
28  88  63  76   4   0  11 0.00  0.0    M  5.9 17 250   M    M   2 18     23 240
29  83  60  72   0   0   7 0.23  0.0    M  6.6 20 360   M    M   3 18     24 360
30  79  55  67  -5   0   2 0.00  0.0    M  5.7 15 350   M    M   1        20 360
31  81  53  67  -5   0   2 0.00  0.0    M  2.5 10 280   M    M   2        14 260
================================================================================
SM 2698 1947         7 320  2.47     0.0 156.2          M       83
================================================================================
AV 87.0 62.8                               5.0 FASTST   M    M   3    MAX(MPH)
                                 MISC ---->  # 22 320               # 31  240
================================================================================
NOTES:
# LAST OF SEVERAL OCCURRENCES

COLUMN 17 PEAK WIND IN M.P.H.

PRELIMINARY LOCAL CLIMATOLOGICAL DATA (WS FORM: F-6) , PAGE 2

                                          STATION:  AVOCA PA
                                          MONTH:    JULY
                                          YEAR:     2010
                                          LATITUDE:   41 19 N
                                          LONGITUDE:  75 44 W

[TEMPERATURE DATA]      [PRECIPITATION DATA]       SYMBOLS USED IN COLUMN 16

AVERAGE MONTHLY: 74.9   TOTAL FOR MONTH:   2.47    1 = FOG OR MIST
DPTR FM NORMAL:   2.8   DPTR FM NORMAL:   -1.27    2 = FOG REDUCING VISIBILITY
HIGHEST:    96 ON  8, 6 GRTST 24HR  0.70 ON 25-25      TO 1/4 MILE OR LESS
LOWEST:     46 ON  2                               3 = THUNDER
                        SNOW, ICE PELLETS, HAIL    4 = ICE PELLETS
                        TOTAL MONTH:   0.0 INCH    5 = HAIL
                        GRTST 24HR     0.0         6 = FREEZING RAIN OR DRIZZLE
                        GRTST DEPTH:  M  ON   M    7 = DUSTSTORM OR SANDSTORM:
                                                       VSBY 1/2 MILE OR LESS
                                                   8 = SMOKE OR HAZE
[NO. OF DAYS WITH]      [WEATHER - DAYS WITH]      9 = BLOWING SNOW
                                                   X = TORNADO
MAX 32 OR BELOW:   0    0.01 INCH OR MORE:   8
MAX 90 OR ABOVE:  11    0.10 INCH OR MORE:   7
MIN 32 OR BELOW:   0    0.50 INCH OR MORE:   1
MIN  0 OR BELOW:   0    1.00 INCH OR MORE:   0

[HDD (BASE 65) ]
TOTAL THIS MO.     7    CLEAR  (SCALE 0-3)  20
DPTR FM NORMAL    -2    PTCLDY (SCALE 4-7)  11
TOTAL FM JUL 1     7    CLOUDY (SCALE 8-10)  0
DPTR FM NORMAL    -2

[CDD (BASE 65) ]
TOTAL THIS MO.   320
DPTR FM NORMAL   100    [PRESSURE DATA]
TOTAL FM JAN 1   590    HIGHEST SLP 30.30 ON  2
DPTR FM NORMAL   214    LOWEST  SLP 29.74 ON 19

[REMARKS]
#FINAL-07-10#
