000
CXUS51 KBGM 070445
CF6AVP
PRELIMINARY LOCAL CLIMATOLOGICAL DATA (WS FORM: F-6)

                                          STATION:   AVOCA PA
                                          MONTH:     SEPTEMBER
                                          YEAR:      2010
                                          LATITUDE:   41 19 N
                                          LONGITUDE:  75 44 W

  TEMPERATURE IN F:       :PCPN:    SNOW:  WIND      :SUNSHINE: SKY     :PK WND
================================================================================
1   2   3   4   5  6A  6B    7    8   9   10  11  12  13   14  15   16   17  18
                                     12Z  AVG MX 2MIN
DY MAX MIN AVG DEP HDD CDD  WTR  SNW DPTH SPD SPD DIR MIN PSBL S-S WX    SPD DR
================================================================================

 1  91  62  77  10   0  12 0.00  0.0    M  4.8 16 270   M    M   0 8      20 270
 2  93  64  79  12   0  14 0.00  0.0    M  4.2 18 270   M    M   0 18     22 260
 3  92  69  81  14   0  16    T  0.0    M  3.7 15 320   M    M   1 8      21 330
 4  72  55  64  -2   1   0    T  0.0    M 11.9 23 260   M    M   4        36 250
 5  70  50  60  -6   5   0 0.00  0.0    M  7.7 13 230   M    M   2        18 260
 6  79  45  62  -4   3   0 0.00  0.0    M  4.9 15 210   M    M   0        23 270
 7  89  64  77  12   0  12 0.00  0.0    M  7.6 18 260   M    M   0 8      25 250
 8  80  60  70   5   0   5 0.00  0.0    M 12.6 25 320   M    M   3        36 270
 9  66  55  61  -4   4   0 0.00  0.0    M  9.0 20 340   M    M   9        25 320
10  67  56  62  -2   3   0 0.02  0.0    M  7.5 18 350   M    M   9 1      22 350
11  75  46  61  -3   4   0 0.00  0.0    M  3.3 10 130   M    M   1 8      15 150
12  62  57  60  -4   5   0 0.08  0.0    M  2.8 13 160   M    M   8        25  30
13  77  53  65   2   0   0    T  0.0    M  5.3 20 330   M    M   3 13     29 250
14  72  48  60  -3   5   0 0.00  0.0    M  5.8 18 340   M    M   3 12     25 340
15  70  46  58  -5   7   0 0.00  0.0    M  5.2 16 330   M    M   0        23 300
16  69  47  58  -5   7   0 0.17  0.0    M  4.9 17 220   M    M   4 18     28 220
17  63  53  58  -4   7   0 0.03  0.0    M  6.9 17 350   M    M   9 1      22 330
18  73  47  60  -2   5   0 0.00  0.0    M  3.3 14 260   M    M   2 8      17 250
19  79  51  65   4   0   0 0.05  0.0    M  3.6 14 340   M    M   4 1      18 350
20  69  45  57  -4   8   0 0.00  0.0    M  5.3 20 350   M    M   1        24 360
21  74  40  57  -4   8   0 0.00  0.0    M  5.1 14 220   M    M   0        21 230
22  84  54  69   9   0   4 0.02  0.0    M  4.8 14 260   M    M   0 18     18 250
23  79  58  69   9   0   4    T  0.0    M  2.3 10 200   M    M   1 1      15 210
24  90  62  76  16   0  11 0.00  0.0    M  7.2 18 230   M    M   0 18     26 230
25  81  58  70  11   0   5 0.00  0.0    M 10.6 21 250   M    M   1        30 240
26  68  50  59   0   6   0 0.00  0.0    M  3.3  9  10   M    M   0        10  30
27  72  59  66   7   0   1 0.10  0.0    M  5.5 13 160   M    M   7 1      23 150
28  78  59  69  11   0   4 0.16  0.0    M  8.0 18 190   M    M   5 1      29 200
29  71  54  63   5   2   0 0.00  0.0    M  2.9 12 280   M    M   0 1      15 250
30  77  56  67  10   0   2 3.69  0.0    M  7.8 25 290   M    M   9 12     39 190
================================================================================
SM 2282 1623        80  90  4.32     0.0 177.8          M       86
================================================================================
AV 76.1 54.1                               5.9 FASTST   M    M   3    MAX(MPH)
                                 MISC ---->  # 25 320               # 39  190
================================================================================
NOTES:
# LAST OF SEVERAL OCCURRENCES

COLUMN 17 PEAK WIND IN M.P.H.

PRELIMINARY LOCAL CLIMATOLOGICAL DATA (WS FORM: F-6) , PAGE 2

                                          STATION:  AVOCA PA
                                          MONTH:    SEPTEMBER
                                          YEAR:     2010
                                          LATITUDE:   41 19 N
                                          LONGITUDE:  75 44 W

[TEMPERATURE DATA]      [PRECIPITATION DATA]       SYMBOLS USED IN COLUMN 16

AVERAGE MONTHLY: 65.1   TOTAL FOR MONTH:   4.32    1 = FOG OR MIST
DPTR FM NORMAL:   2.6   DPTR FM NORMAL:    0.46    2 = FOG REDUCING VISIBILITY
HIGHEST:    93 ON  2    GRTST 24HR  3.69 ON 30-30      TO 1/4 MILE OR LESS
LOWEST:     40 ON 21                               3 = THUNDER
                        SNOW, ICE PELLETS, HAIL    4 = ICE PELLETS
                        TOTAL MONTH:   0.0 INCH    5 = HAIL
                        GRTST 24HR     0.0         6 = FREEZING RAIN OR DRIZZLE
                        GRTST DEPTH:  M  ON   M    7 = DUSTSTORM OR SANDSTORM:
                                                       VSBY 1/2 MILE OR LESS
                                                   8 = SMOKE OR HAZE
[NO. OF DAYS WITH]      [WEATHER - DAYS WITH]      9 = BLOWING SNOW
                                                   X = TORNADO
MAX 32 OR BELOW:   0    0.01 INCH OR MORE:   9
MAX 90 OR ABOVE:   4    0.10 INCH OR MORE:   4
MIN 32 OR BELOW:   0    0.50 INCH OR MORE:   1
MIN  0 OR BELOW:   0    1.00 INCH OR MORE:   1

[HDD (BASE 65) ]
TOTAL THIS MO.    80    CLEAR  (SCALE 0-3)  18
DPTR FM NORMAL   -58    PTCLDY (SCALE 4-7)   8
TOTAL FM JUL 1    90    CLOUDY (SCALE 8-10)  4
DPTR FM NORMAL   -75

[CDD (BASE 65) ]
TOTAL THIS MO.    90
DPTR FM NORMAL    33    [PRESSURE DATA]
TOTAL FM JAN 1   902    HIGHEST SLP 30.25 ON 18
DPTR FM NORMAL   295    LOWEST  SLP 29.49 ON 30

[REMARKS]
#FINAL-09-10#
