000
CXUS51 KBGM 061625
CF6AVP
PRELIMINARY LOCAL CLIMATOLOGICAL DATA (WS FORM: F-6)

                                          STATION:   AVOCA PA
                                          MONTH:     NOVEMBER
                                          YEAR:      2010
                                          LATITUDE:   41 19 N
                                          LONGITUDE:  75 44 W

  TEMPERATURE IN F:       :PCPN:    SNOW:  WIND      :SUNSHINE: SKY     :PK WND
================================================================================
1   2   3   4   5  6A  6B    7    8   9   10  11  12  13   14  15   16   17  18
                                     12Z  AVG MX 2MIN
DY MAX MIN AVG DEP HDD CDD  WTR  SNW DPTH SPD SPD DIR MIN PSBL S-S WX    SPD DR
================================================================================

 1  42  34  38  -8  27   0 0.00  0.0    M 10.8 20 340   M    M  10        25 340
 2  49  30  40  -6  25   0 0.00  0.0    M  5.5 14  10   M    M   2        20 360
 3  52  29  41  -5  24   0 0.00  0.0    M  3.6 15 210   M    M   0        24 220
 4  46  41  44  -1  21   0 0.84  0.0    M  4.3 13 180   M    M   9 1      25 180
 5  46  40  43  -2  22   0 0.05  0.0    M  4.9 10 300   M    M   M 1      14 350
 6  43  35  39  -6  26   0    T  0.0    M  7.1 15  20   M    M   8        20  20
 7  46  27  37  -7  28   0 0.00  0.0    M  6.1 24 330   M    M   3        29 330
 8  45  36  41  -3  24   0    T  0.0    M 13.4 29 330   M    M   8        36 360
 9  46  40  43  -1  22   0 0.00  0.0    M  9.0 20  10   M    M  10        24 360
10  59  35  47   4  18   0 0.00  0.0    M  6.9 15 360   M    M   3        21 360
11  60  30  45   2  20   0 0.00  0.0    M  3.0  9 100   M    M   0        13  90
12  61  26  44   1  21   0 0.00  0.0    M  2.9 12 100   M    M   0        15 100
13  62  28  45   2  20   0 0.00  0.0    M  1.6  8 100   M    M   0        10 100
14  62  31  47   5  18   0 0.00  0.0    M  3.4 16 220   M    M   0        23 210
15  54  45  50   8  15   0 0.00  0.0    M  1.3 10 170   M    M   6        15 180
16  58  44  51  10  14   0 0.35  0.0    M  5.5 24 150   M    M   8 1      39 150
17  61  44  53  12  12   0 0.62  0.0    M 14.3 33 270   M    M   9 1      44 260
18  49  36  43   2  22   0 0.06  0.0    M  6.9 15 230   M    M   4 1      18 320
19  43  32  38  -2  27   0 0.00  0.0    M  4.2 18 340   M    M   3        23 350
20  52  31  42   2  23   0 0.00  0.0    M  7.8 18 250   M    M   2        24 250
21  47  28  38  -2  27   0 0.00  0.0    M  2.1  9 150   M    M   3        15 140
22  60  41  51  12  14   0 0.00  0.0    M  5.9 14 200   M    M   5 18     21 170
23  55  42  49  10  16   0 0.01  0.0    M  5.0 23 320   M    M   3 18     30 310
24  43  34  39   0  26   0 0.00  0.0    M 12.9 28 320   M    M   4        38 320
25  39  31  35  -3  30   0 0.27  0.3    M  2.3 13 170   M    M   7 16     24 140
26  44  30  37  -1  28   0 0.29  0.0    M  8.5 23 260   M    M   4 1      28 270
27  37  29  33  -5  32   0    T    T    M 11.3 25 270   M    M   9        36 280
28  41  28  35  -2  30   0 0.00  0.0    M  4.4 14 330   M    M   5        18 360
29  46  23  35  -2  30   0 0.00  0.0    M  2.4 10 210   M    M   0 8      16 170
30  56  35  46  10  19   0 0.15  0.0    M  6.2 20 140   M    M  10 1      31 150
================================================================================
SM 1504 1015       681   0  2.64     0.3 183.5          M      135
================================================================================
AV 50.1 33.8                               6.1 FASTST   M    M   5    MAX(MPH)
                                 MISC ---->  # 33 270               # 44  260
================================================================================
NOTES:
# LAST OF SEVERAL OCCURRENCES

COLUMN 17 PEAK WIND IN M.P.H.

PRELIMINARY LOCAL CLIMATOLOGICAL DATA (WS FORM: F-6) , PAGE 2

                                          STATION:  AVOCA PA
                                          MONTH:    NOVEMBER
                                          YEAR:     2010
                                          LATITUDE:   41 19 N
                                          LONGITUDE:  75 44 W

[TEMPERATURE DATA]      [PRECIPITATION DATA]       SYMBOLS USED IN COLUMN 16

AVERAGE MONTHLY: 42.0   TOTAL FOR MONTH:   2.64    1 = FOG OR MIST
DPTR FM NORMAL:   0.5   DPTR FM NORMAL:   -0.48    2 = FOG REDUCING VISIBILITY
HIGHEST:    62 ON 14,13 GRTST 24HR  0.93 ON 16-17      TO 1/4 MILE OR LESS
LOWEST:     23 ON 29                               3 = THUNDER
                        SNOW, ICE PELLETS, HAIL    4 = ICE PELLETS
                        TOTAL MONTH:   0.3 INCH    5 = HAIL
                        GRTST 24HR   0.3 ON   M    6 = FREEZING RAIN OR DRIZZLE
                        GRTST DEPTH:  M  ON   M    7 = DUSTSTORM OR SANDSTORM:
                                                       VSBY 1/2 MILE OR LESS
                                                   8 = SMOKE OR HAZE
[NO. OF DAYS WITH]      [WEATHER - DAYS WITH]      9 = BLOWING SNOW
                                                   X = TORNADO
MAX 32 OR BELOW:   0    0.01 INCH OR MORE:   9
MAX 90 OR ABOVE:   0    0.10 INCH OR MORE:   6
MIN 32 OR BELOW:  15    0.50 INCH OR MORE:   2
MIN  0 OR BELOW:   0    1.00 INCH OR MORE:   0

[HDD (BASE 65) ]
TOTAL THIS MO.   681    CLEAR  (SCALE 0-3)  11
DPTR FM NORMAL   -30    PTCLDY (SCALE 4-7)  11
TOTAL FM JUL 1  1175    CLOUDY (SCALE 8-10)  7
DPTR FM NORMAL  -132

[CDD (BASE 65) ]
TOTAL THIS MO.     0
DPTR FM NORMAL     0    [PRESSURE DATA]
TOTAL FM JAN 1   902    HIGHEST SLP 30.52 ON 29
DPTR FM NORMAL   291    LOWEST  SLP 29.40 ON 17

[REMARKS]
#FINAL-11-10#
