000
CXUS51 KBGM 031916
CF6AVP
PRELIMINARY LOCAL CLIMATOLOGICAL DATA (WS FORM: F-6)

                                          STATION:   AVOCA PA
                                          MONTH:     JUNE
                                          YEAR:      2010
                                          LATITUDE:   41 19 N
                                          LONGITUDE:  75 44 W

  TEMPERATURE IN F:       :PCPN:    SNOW:  WIND      :SUNSHINE: SKY     :PK WND
================================================================================
1   2   3   4   5  6A  6B    7    8   9   10  11  12  13   14  15   16   17  18
                                     12Z  AVG MX 2MIN
DY MAX MIN AVG DEP HDD CDD  WTR  SNW DPTH SPD SPD DIR MIN PSBL S-S WX    SPD DR
================================================================================

 1  82  62  72   8   0   7 0.29  0.0    M  4.8 24 330   M    M   5 13     30 340
 2  84  57  71   6   0   6 0.00  0.0    M  5.2 13 210   M    M   3 12     17 200
 3  82  66  74   9   0   9 0.00  0.0    M  4.9 15 250   M    M   3 8      23 240
 4  85  62  74   9   0   9 0.00  0.0    M  3.1 14 240   M    M   3 18     18 230
 5  87  67  77  12   0  12    T  0.0    M  8.8 18 270   M    M   3        28 250
 6  80  51  66   1   0   1 0.29  0.0    M 10.9 17 330   M    M   7 1      23 320
 7  71  46  59  -7   6   0 0.00  0.0    M  6.4 21 340   M    M   3        24 330
 8  70  45  58  -8   7   0 0.00  0.0    M  6.5 20 340   M    M   3 8      29 330
 9  60  50  55 -11  10   0 0.55  0.0    M  3.6 10 160   M    M   6 1      17 170
10  77  53  65  -1   0   0 0.00  0.0    M  6.3 17 350   M    M   8 1      22 360
11  75  50  63  -4   2   0 0.00  0.0    M  2.3 10 250   M    M   1        14 270
12  86  58  72   5   0   7    T  0.0    M  5.9 15 230   M    M   3        24 220
13  84  66  75   8   0  10 0.97  0.0    M  3.5 17 290   M    M   6 1238   25 290
14  77  64  71   4   0   6    T  0.0    M  3.1 14 340   M    M   9 1      17 340
15  81  63  72   5   0   7 0.00  0.0    M  3.7 13  30   M    M   2 8      25  30
16  72  61  67  -1   0   2 0.31  0.0    M  5.6 15 200   M    M   8 18     26 190
17  69  54  62  -6   3   0 0.00  0.0    M  7.1 21 320   M    M   7 1      28 320
18  82  51  67  -1   0   2 0.00  0.0    M  2.1  9 200   M    M   0 1      15 190
19  85  58  72   4   0   7 0.00  0.0    M  4.9 16 230   M    M   1 1      22 230
20  87  69  78   9   0  13 0.00  0.0    M  5.2 17 330   M    M   3 18     21 330
21  83  62  73   4   0   8 0.00  0.0    M  5.4 16 290   M    M   1 8      22 290
22  77  63  70   1   0   5 0.32  0.0    M  3.0  9 360   M    M   4 13     13 360
23  87  68  78   9   0  13 0.00  0.0    M  5.2 14 320   M    M   1 1      17 310
24  84  68  76   7   0  11 0.02  0.0    M 10.4 21 260   M    M   3 8      30 270
25  82  63  73   3   0   8 0.00  0.0    M  4.2 13 340   M    M   3        17 360
26  84  60  72   2   0   7 0.06  0.0    M  4.5 15 260   M    M   3 18     21 240
27  88  63  76   6   0  11 0.05  0.0    M  6.6 16 240   M    M   3 18     22 230
28  82  71  77   7   0  12 0.03  0.0    M  7.8 17 250   M    M   4 1      23 260
29  83  57  70   0   0   5 0.01  0.0    M  8.3 21 260   M    M   5 1      26 290
30  74  48  61  -9   4   0 0.00  0.0    M  5.8 17 340   M    M   3        23 280
================================================================================
SM 2400 1776        32 178  2.90     0.0 165.1          M      114
================================================================================
AV 80.0 59.2                               5.5 FASTST   M    M   4    MAX(MPH)
                                 MISC ---->  # 24 330               # 30  340
================================================================================
NOTES:
# LAST OF SEVERAL OCCURRENCES

COLUMN 17 PEAK WIND IN M.P.H.

PRELIMINARY LOCAL CLIMATOLOGICAL DATA (WS FORM: F-6) , PAGE 2

                                          STATION:  AVOCA PA
                                          MONTH:    JUNE
                                          YEAR:     2010
                                          LATITUDE:   41 19 N
                                          LONGITUDE:  75 44 W

[TEMPERATURE DATA]      [PRECIPITATION DATA]       SYMBOLS USED IN COLUMN 16

AVERAGE MONTHLY: 69.6   TOTAL FOR MONTH:   2.90    1 = FOG OR MIST
DPTR FM NORMAL:   2.1   DPTR FM NORMAL:   -1.07    2 = FOG REDUCING VISIBILITY
HIGHEST:    88 ON 27    GRTST 24HR  0.97 ON 13-13      TO 1/4 MILE OR LESS
LOWEST:     45 ON  8                               3 = THUNDER
                        SNOW, ICE PELLETS, HAIL    4 = ICE PELLETS
                        TOTAL MONTH:   0.0 INCH    5 = HAIL
                        GRTST 24HR     0.0         6 = FREEZING RAIN OR DRIZZLE
                        GRTST DEPTH:  M  ON   M    7 = DUSTSTORM OR SANDSTORM:
                                                       VSBY 1/2 MILE OR LESS
                                                   8 = SMOKE OR HAZE
[NO. OF DAYS WITH]      [WEATHER - DAYS WITH]      9 = BLOWING SNOW
                                                   X = TORNADO
MAX 32 OR BELOW:   0    0.01 INCH OR MORE:  11
MAX 90 OR ABOVE:   0    0.10 INCH OR MORE:   6
MIN 32 OR BELOW:   0    0.50 INCH OR MORE:   2
MIN  0 OR BELOW:   0    1.00 INCH OR MORE:   0

[HDD (BASE 65) ]
TOTAL THIS MO.    32    CLEAR  (SCALE 0-3)  17
DPTR FM NORMAL   -21    PTCLDY (SCALE 4-7)  12
TOTAL FM JUL 1  5790    CLOUDY (SCALE 8-10)  1
DPTR FM NORMAL  -444

[CDD (BASE 65) ]
TOTAL THIS MO.   178
DPTR FM NORMAL    64    [PRESSURE DATA]
TOTAL FM JAN 1   270    HIGHEST SLP 30.15 ON 30
DPTR FM NORMAL   114    LOWEST  SLP 29.37 ON  6

[REMARKS]
#FINAL-06-10#
