000
CXUS51 KBGM 010953
CF6AVP
PRELIMINARY LOCAL CLIMATOLOGICAL DATA (WS FORM: F-6)

                                          STATION:   AVOCA PA
                                          MONTH:     AUGUST
                                          YEAR:      2010
                                          LATITUDE:   41 19 N
                                          LONGITUDE:  75 44 W

  TEMPERATURE IN F:       :PCPN:    SNOW:  WIND      :SUNSHINE: SKY     :PK WND
================================================================================
1   2   3   4   5  6A  6B    7    8   9   10  11  12  13   14  15   16   17  18
                                     12Z  AVG MX 2MIN
DY MAX MIN AVG DEP HDD CDD  WTR  SNW DPTH SPD SPD DIR MIN PSBL S-S WX    SPD DR
================================================================================

 1  78  63  71  -1   0   6 0.07  0.0    M  4.1 12 260   M    M   5 13     18 170
 2  79  61  70  -2   0   5 0.00  0.0    M  4.8 14 210   M    M   4 1      20 220
 3  82  70  76   4   0  11 0.00  0.0    M  5.8 15 250   M    M   8        21 200
 4  92  71  82  10   0  17 0.00  0.0    M  5.2 16 260   M    M   4 18     22 240
 5  90  73  82  10   0  17    T  0.0    M  8.9 21 240   M    M   5 18     26 250
 6  83  59  71  -1   0   6    T  0.0    M  7.9 23 330   M    M   3        30 310
 7  83  58  71  -1   0   6 0.00  0.0    M  4.5 16 260   M    M   2 8      21 240
 8  88  58  73   1   0   8 0.00  0.0    M  5.7 20 270   M    M   2        25 210
 9  92  65  79   7   0  14 0.00  0.0    M  4.8 18 270   M    M   1 8      24 270
10  87  70  79   8   0  14 0.01  0.0    M  2.0 13 300   M    M   4 18     16 300
11  90  67  79   8   0  14 0.00  0.0    M  4.0 13  10   M    M   2 18     18 290
12  77  66  72   1   0   7 0.13  0.0    M  2.9 10 130   M    M   8 18     16 100
13  78  66  72   1   0   7 0.00  0.0    M  4.2 12 130   M    M   9        18 170
14  79  65  72   1   0   7 0.00  0.0    M  3.4 13 180   M    M   9        21 220
15  70  66  68  -3   0   3 0.46  0.0    M  2.1 14  60   M    M  10 1      23 160
16  86  66  76   5   0  11 0.00  0.0    M  5.9 16 240   M    M   6 18     21 210
17  84  60  72   2   0   7 0.00  0.0    M  4.2 14 260   M    M   0        20 260
18  82  62  72   2   0   7 0.00  0.0    M  4.2  8 100   M    M   1        13 190
19  86  58  72   2   0   7 0.00  0.0    M  5.0 16 260   M    M   0 18     23 260
20  82  61  72   2   0   7 0.00  0.0    M  5.5 16 330   M    M   2 18     21  10
21  82  59  71   1   0   6 0.06  0.0    M  5.5 16 160   M    M   1 1      26 170
22  75  66  71   2   0   6 0.87  0.0    M  8.1 18 170   M    M  10 1      33 160
23  71  60  66  -3   0   1 0.35  0.0    M  4.6 14  50   M    M   9 1      21  50
24  73  59  66  -3   0   1 0.02  0.0    M  3.9 14  30   M    M   9 1      17  30
25  73  60  67  -2   0   2 0.00  0.0    M  2.5 13 310   M    M   8        15 310
26  76  54  65  -4   0   0 0.00  0.0    M  5.5 20 330   M    M   5 12     25 330
27  74  49  62  -6   3   0 0.00  0.0    M  4.9 13 350   M    M   1        22 330
28  80  50  65  -3   0   0 0.00  0.0    M  2.4  9 310   M    M   0        23 140
29  88  53  71   3   0   6 0.00  0.0    M  2.8 10 330   M    M   0        18 150
30  89  56  73   5   0   8 0.00  0.0    M  4.3 15 350   M    M   0 12     20  40
31  91  61  76   9   0  11 0.00  0.0    M  3.5 12 320   M    M   0 18     21  10
================================================================================
SM 2540 1912         3 222  1.97     0.0 143.1          M      128
================================================================================
AV 81.9 61.7                               4.6 FASTST   M    M   4    MAX(MPH)
                                 MISC ---->  # 23 330               # 33  160
================================================================================
NOTES:
# LAST OF SEVERAL OCCURRENCES

COLUMN 17 PEAK WIND IN M.P.H.

PRELIMINARY LOCAL CLIMATOLOGICAL DATA (WS FORM: F-6) , PAGE 2

                                          STATION:  AVOCA PA
                                          MONTH:    AUGUST
                                          YEAR:     2010
                                          LATITUDE:   41 19 N
                                          LONGITUDE:  75 44 W

[TEMPERATURE DATA]      [PRECIPITATION DATA]       SYMBOLS USED IN COLUMN 16

AVERAGE MONTHLY: 71.8   TOTAL FOR MONTH:   1.97    1 = FOG OR MIST
DPTR FM NORMAL:   1.5   DPTR FM NORMAL:   -1.13    2 = FOG REDUCING VISIBILITY
HIGHEST:    92 ON  9, 4 GRTST 24HR  0.93 ON 21-22      TO 1/4 MILE OR LESS
LOWEST:     49 ON 27                               3 = THUNDER
                        SNOW, ICE PELLETS, HAIL    4 = ICE PELLETS
                        TOTAL MONTH:   0.0 INCH    5 = HAIL
                        GRTST 24HR     0.0         6 = FREEZING RAIN OR DRIZZLE
                        GRTST DEPTH:  M  ON   M    7 = DUSTSTORM OR SANDSTORM:
                                                       VSBY 1/2 MILE OR LESS
                                                   8 = SMOKE OR HAZE
[NO. OF DAYS WITH]      [WEATHER - DAYS WITH]      9 = BLOWING SNOW
                                                   X = TORNADO
MAX 32 OR BELOW:   0    0.01 INCH OR MORE:   8
MAX 90 OR ABOVE:   5    0.10 INCH OR MORE:   4
MIN 32 OR BELOW:   0    0.50 INCH OR MORE:   1
MIN  0 OR BELOW:   0    1.00 INCH OR MORE:   0

[HDD (BASE 65) ]
TOTAL THIS MO.     3    CLEAR  (SCALE 0-3)  14
DPTR FM NORMAL   -15    PTCLDY (SCALE 4-7)  10
TOTAL FM JUL 1    10    CLOUDY (SCALE 8-10)  7
DPTR FM NORMAL   -17

[CDD (BASE 65) ]
TOTAL THIS MO.   222
DPTR FM NORMAL    48    [PRESSURE DATA]
TOTAL FM JAN 1   812    HIGHEST SLP 30.29 ON 30
DPTR FM NORMAL   262    LOWEST  SLP 29.60 ON  5

[REMARKS]
#FINAL-08-10#
