000
CXUS51 KBGM 011424 CCA
CF6AVP

PRELIMINARY LOCAL CLIMATOLOGICAL DATA (WS FORM: F-6)

                                          STATION:   AVOCA PA
                                          MONTH:     MARCH
                                          YEAR:      2014
                                          LATITUDE:   41 19 N
                                          LONGITUDE:  75 44 W

  TEMPERATURE IN F:       :PCPN:    SNOW:  WIND      :SUNSHINE: SKY     :PK WND
================================================================================
1   2   3   4   5  6A  6B    7    8   9   10  11  12  13   14  15   16   17  18
                                     12Z  AVG MX 2MIN
DY MAX MIN AVG DEP HDD CDD  WTR  SNW DPTH SPD SPD DIR MIN PSBL S-S WX    SPD DR
================================================================================

 1  34   6  20 -12  45   0 0.00  0.0    M  5.4 17 210   M    M   4        24 200
 2  31  19  25  -7  40   0    T    T    M  9.2 17 310   M    M   9 8      24 330
 3  20   7  14 -18  51   0 0.00  0.0    M 11.8 21 350   M    M   3        28  10
 4  27   0  14 -19  51   0    T    T    M  2.4 13 280   M    M   4        15 270
 5  30  15  23 -10  42   0 0.00  0.0    M  7.0 20 330   M    M   8        25 330
 6  31   4  18 -15  47   0 0.00  0.0    M  2.5 13 190   M    M   0        17 190
 7  45  17  31  -3  34   0 0.00  0.0    M  3.8 10 170   M    M   3        16 180
 8  49  22  36   2  29   0    T    T    M  6.8 17 330   M    M   6 18     25 300
 9  38  30  34   0  31   0    T    T    M  9.3 23 330   M    M   3 18     28 310
10  50  32  41   6  24   0 0.00  0.0    M  7.0 15 240   M    M   7        21 240
11  62  40  51  16  14   0 0.00  0.0    M  7.1 16 250   M    M   3        20 290
12  50  16  33  -2  32   0 0.21  0.1    M  8.9 25 340   M    M  10 1      37 290
13  23  12  18 -18  47   0    T    T    M 16.7 29 320   M    M   5 8      41 320
14  45  12  29  -7  36   0    T  0.0    M  7.1 15 170   M    M   3        28 190
15  52  30  41   5  24   0    T  0.0    M 13.4 28 290   M    M   6        35 290
16  30  20  25 -12  40   0 0.00  0.0    M 11.7 21 340   M    M   4        29 350
17  36  17  27 -10  38   0 0.00  0.0    M  4.8 12  20   M    M   3        15  20
18  47  22  35  -2  30   0 0.00  0.0    M  4.8 12 150   M    M   3        17 170
19  41  31  36  -2  29   0 0.14  0.0    M  3.8 16 190   M    M   9 1      23 190
20  48  35  42   4  23   0    T    T    M 12.0 25 260   M    M  10 1      37 280
21  48  33  41   3  24   0 0.00  0.0    M  9.0 21 280   M    M   5        31 280
22  60  33  47   8  18   0    T  0.0    M  8.7 30 270   M    M   2        37 270
23  34  19  27 -12  38   0    T    T    M 12.7 20 330   M    M   5        28 310
24  31  15  23 -17  42   0    T    T    M  9.1 21 340   M    M   3        25 320
25  34  15  25 -15  40   0    T    T    M  3.7 15 180   M    M   7        26 200
26  28  17  23 -17  42   0 0.01  0.1    M 13.9 28 320   M    M   6 18     38 310
27  42  11  27 -14  38   0    T  0.0    M  5.5 13 200   M    M   3        22 210
28  53  36  45   4  20   0 0.24  0.0    M  5.9 15 220   M    M   8 18     25 200
29  48  37  43   1  22   0 0.49  0.0    M  7.7 20 310   M    M   9 18     25  60
30  44  32  38  -4  27   0 0.94  1.5    M 10.7 24 350   M    M  10 1      35 330
31  49  31  40  -2  25   0 0.04  0.7    M 12.2 30 350   M    M   6 1      43 350
================================================================================
SM 1260  666      1043   0  2.07     2.4 254.6          M      167
================================================================================
AV 40.6 21.5                               8.2 FASTST   M    M   5    MAX(MPH)
                                 MISC ---->  # 30 270               # 43  350
================================================================================
NOTES:
# LAST OF SEVERAL OCCURRENCES

COLUMN 17 PEAK WIND IN M.P.H.

PRELIMINARY LOCAL CLIMATOLOGICAL DATA (WS FORM: F-6) , PAGE 2

                                          STATION:  AVOCA PA
                                          MONTH:    MARCH
                                          YEAR:     2014
                                          LATITUDE:   41 19 N
                                          LONGITUDE:  75 44 W

[TEMPERATURE DATA]      [PRECIPITATION DATA]       SYMBOLS USED IN COLUMN 16

AVERAGE MONTHLY: 31.1   TOTAL FOR MONTH:   2.07    1 = FOG OR MIST
DPTR FM NORMAL:  -5.8   DPTR FM NORMAL:   -0.48    2 = FOG REDUCING VISIBILITY
HIGHEST:    62 ON 11    GRTST 24HR  1.11 ON 29-30      TO 1/4 MILE OR LESS
LOWEST:      0 ON  4                               3 = THUNDER
                        SNOW, ICE PELLETS, HAIL    4 = ICE PELLETS
                        TOTAL MONTH:   2.4 INCHES  5 = HAIL
                        GRTST 24HR   2.2 ON 30-31  6 = FREEZING RAIN OR DRIZZLE
                        GRTST DEPTH:  M  ON   M    7 = DUSTSTORM OR SANDSTORM:
                                                       VSBY 1/2 MILE OR LESS
                                                   8 = SMOKE OR HAZE
[NO. OF DAYS WITH]      [WEATHER - DAYS WITH]      9 = BLOWING SNOW
                                                   X = TORNADO
MAX 32 OR BELOW:   9    0.01 INCH OR MORE:   7
MAX 90 OR ABOVE:   0    0.10 INCH OR MORE:   5
MIN 32 OR BELOW:  25    0.50 INCH OR MORE:   1
MIN  0 OR BELOW:   1    1.00 INCH OR MORE:   0

[HDD (BASE 65) ]
TOTAL THIS MO.  1043    CLEAR  (SCALE 0-3)   6
DPTR FM NORMAL   172    PTCLDY (SCALE 4-7)  19
TOTAL FM JUL 1  5866    CLOUDY (SCALE 8-10)  6
DPTR FM NORMAL   389

[CDD (BASE 65) ]
TOTAL THIS MO.     0
DPTR FM NORMAL     0    [PRESSURE DATA]
TOTAL FM JAN 1     0    HIGHEST SLP 30.61 ON  6
DPTR FM NORMAL     0    LOWEST  SLP 29.00 ON 12

[REMARKS]
CORRECTED 24HR PRECIPITATION AND SNOWFALL
#FINAL-03-14#
