000
CXUS51 KBGM 011745 CCA
CF6AVP
PRELIMINARY LOCAL CLIMATOLOGICAL DATA (WS FORM: F-6)
STATION: AVOCA PA
MONTH: NOVEMBER
YEAR: 2023
LATITUDE: 41 19 N
LONGITUDE: 75 44 W
TEMPERATURE IN F: :PCPN: SNOW: WIND :SUNSHINE: SKY :PK WND
================================================================================
1 2 3 4 5 6A 6B 7 8 9 10 11 12 13 14 15 16 17 18
12Z AVG MX 2MIN
DY MAX MIN AVG DEP HDD CDD WTR SNW DPTH SPD SPD DIR MIN PSBL S-S WX SPD DR
================================================================================
1 45 28 37 -11 28 0 T T M 5.6 18 330 M M 6 1 27 320
2 47 25 36 -11 29 0 0.00 0.0 M 2.6 13 240 M M 4 17 240
3 59 32 46 -1 19 0 0.00 0.0 M 4.6 20 230 M M 1 27 250
4 59 40 50 3 15 0 0.01 0.0 M 3.0 13 250 M M 3 17 240
5 60 38 49 3 16 0 0.00 0.0 M 4.6 15 350 M M 6 20 340
6 56 31 44 -2 21 0 T 0.0 M 4.4 14 230 M M 2 26 220
7 68 49 59 13 6 0 T 0.0 M 9.3 20 310 M M 5 31 330
8 49 36 43 -2 22 0 0.00 0.0 M 8.2 24 360 M M 5 8 32 350
9 61 42 52 7 13 0 T 0.0 M 6.6 14 350 M M 5 21 330
10 51 44 48 3 17 0 0.00 0.0 M 7.1 15 240 M M 5 19 210
11 50 29 40 -4 25 0 0.00 0.0 M 5.0 16 330 M M 4 23 330
12 38 26 32 -12 33 0 0.00 0.0 M 3.2 12 330 M M 4 16 330
13 47 23 35 -9 30 0 0.00 0.0 M 2.3 8 220 M M 3 11 210
14 48 32 40 -3 25 0 T 0.0 M 7.1 17 340 M M 6 26 350
15 56 27 42 -1 23 0 0.00 0.0 M 4.1 13 190 M M 0 20 170
16 64 32 48 5 17 0 0.00 0.0 M 3.4 14 260 M M 0 8 19 230
17 65 38 52 10 13 0 T 0.0 M 3.6 16 200 M M 3 18 25 230
18 55 29 42 0 23 0 0.16 0.0 M 9.4 22 350 M M 5 18 33 10
19 53 29 41 -1 24 0 0.00 0.0 M 7.4 23 340 M M 1 33 340
20 43 28 36 -5 29 0 0.00 0.0 M 5.3 14 10 M M 0 20 10
21 43 28 36 -5 29 0 1.00 0.0 M 6.4 21 120 M M 6 1 37 130
22 48 41 45 5 20 0 0.37 0.0 M 4.6 18 350 M M 9 1 28 350
23 48 39 44 4 21 0 0.00 0.0 M 7.9 21 330 M M 9 28 330
24 44 27 36 -4 29 0 0.00 0.0 M 8.6 21 350 M M 6 27 310
25 40 23 32 -8 33 0 0.00 0.0 M 3.0 10 330 M M 2 16 320
26 47 27 37 -2 28 0 0.84 0.0 M 3.7 13 190 M M 4 18 21 150
27 43 31 37 -2 28 0 T 0.0 M 10.5 21 260 M M 10 12 28 260
28 33 26 30 -8 35 0 T 0.2 M 11.5 23 270 M M 7 32 250
29 31 21 26 -12 39 0 0.00 0.0 M 8.3 16 250 M M 6 8 24 230
30 48 23 36 -2 29 0 0.00 0.0 M 4.7 13 210 M M 1 8 23 200
================================================================================
SM 1499 944 719 0 2.38 0.2 176.0 M 128
================================================================================
AV 50.0 31.5 5.9 FASTST M M 4 MAX(MPH)
MISC ----> 24 360 37 130
================================================================================
NOTES:
# LAST OF SEVERAL OCCURRENCES
COLUMN 17 PEAK WIND IN M.P.H.
PRELIMINARY LOCAL CLIMATOLOGICAL DATA (WS FORM: F-6) , PAGE 2
STATION: AVOCA PA
MONTH: NOVEMBER
YEAR: 2023
LATITUDE: 41 19 N
LONGITUDE: 75 44 W
[TEMPERATURE DATA] [PRECIPITATION DATA] SYMBOLS USED IN COLUMN 16
AVERAGE MONTHLY: 40.7 TOTAL FOR MONTH: 2.38 1 = FOG OR MIST
DPTR FM NORMAL: -2.0 DPTR FM NORMAL: -0.47 2 = FOG REDUCING VISIBILITY
HIGHEST: 68 ON 7 GRTST 24HR 1.35 ON 21-22 TO 1/4 MILE OR LESS
LOWEST: 21 ON 29 3 = THUNDER
SNOW, ICE PELLETS, HAIL 4 = ICE PELLETS
TOTAL MONTH: 0.2 INCH 5 = HAIL
GRTST 24HR 0.2 ON 28-28 6 = FREEZING RAIN OR DRIZZLE
GRTST DEPTH: M ON M 7 = DUSTSTORM OR SANDSTORM:
VSBY 1/2 MILE OR LESS
8 = SMOKE OR HAZE
[NO. OF DAYS WITH] [WEATHER - DAYS WITH] 9 = BLOWING SNOW
X = TORNADO
MAX 32 OR BELOW: 1 0.01 INCH OR MORE: 5
MAX 90 OR ABOVE: 0 0.10 INCH OR MORE: 4
MIN 32 OR BELOW: 21 0.50 INCH OR MORE: 2
MIN 0 OR BELOW: 0 1.00 INCH OR MORE: 1
[HDD (BASE 65) ]
TOTAL THIS MO. 719 CLEAR (SCALE 0-3) 11
DPTR FM NORMAL 51 PTCLDY (SCALE 4-7) 16
TOTAL FM JUL 1 1101 CLOUDY (SCALE 8-10) 3
DPTR FM NORMAL -48
[CDD (BASE 65) ]
TOTAL THIS MO. 0
DPTR FM NORMAL 0 [PRESSURE DATA]
TOTAL FM JAN 1 760 HIGHEST SLP 30.52 ON 12
DPTR FM NORMAL -30 LOWEST SLP 29.66 ON 27
[REMARKS]
#FINAL-11-23#
CORRECTED DAY 1 PRECIPITATION AND SNOWFALL
TAC