000
CXUS51 KBGM 031018 CCA
CF6AVP
PRELIMINARY LOCAL CLIMATOLOGICAL DATA (WS FORM: F-6)
STATION: AVOCA PA
MONTH: FEBRUARY
YEAR: 2020
LATITUDE: 41 19 N
LONGITUDE: 75 44 W
TEMPERATURE IN F: :PCPN: SNOW: WIND :SUNSHINE: SKY :PK WND
================================================================================
1 2 3 4 5 6A 6B 7 8 9 10 11 12 13 14 15 16 17 18
12Z AVG MX 2MIN
DY MAX MIN AVG DEP HDD CDD WTR SNW DPTH SPD SPD DIR MIN PSBL S-S WX SPD DR
================================================================================
1 40 35 38 12 27 0 T T M 1.1 8 320 M M 10 8 10 330
2 38 32 35 8 30 0 0.30 1.0 M 6.5 16 250 M M 10 18 21 230
3 55 35 45 18 20 0 0.00 0.0 M 6.1 16 250 M M 4 18 20 230
4 58 36 47 20 18 0 0.06 0.0 M 5.0 16 330 M M 7 1 20 250
5 36 33 35 8 30 0 0.02 0.0 M 7.2 18 10 M M 10 16 25 360
6 48 33 41 14 24 0 0.17 0.0 M 3.8 21 340 M M 9 16 25 340
7 44 26 35 8 30 0 0.71 0.7 M 9.6 22 290 M M 9 128 32 310
8 36 22 29 2 36 0 T T M 8.6 22 260 M M 5 28 260
9 39 25 32 4 33 0 0.05 1.3 M 4.6 14 180 M M 9 18 24 150
10 44 34 39 11 26 0 0.05 T M 4.6 15 180 M M 8 18 24 190
11 44 36 40 12 25 0 0.04 0.0 M 4.4 18 280 M M 9 1 26 270
12 42 33 38 10 27 0 0.09 0.4 M 5.8 16 300 M M 5 1 20 320
13 40 34 37 9 28 0 0.23 0.0 M 4.9 14 300 M M 10 1 18 330
14 36 10 23 -5 42 0 0.01 T M 11.1 23 330 M M 4 18 29 330
15 31 5 18 -11 47 0 0.00 0.0 M 5.8 14 190 M M 0 20 220
16 39 27 33 4 32 0 0.00 0.0 M 6.4 14 220 M M 9 22 240
17 47 25 36 7 29 0 0.00 0.0 M 2.5 9 70 M M 0 18 15 100
18 45 35 40 11 25 0 0.07 0.0 M 5.3 16 310 M M 10 1 24 330
19 42 26 34 4 31 0 0.00 0.0 M 10.6 23 330 M M 2 30 340
20 31 18 25 -5 40 0 0.00 0.0 M 7.9 17 340 M M 3 20 320
21 35 13 24 -6 41 0 0.00 0.0 M 4.8 13 230 M M 2 18 360
22 48 26 37 7 28 0 0.00 0.0 M 7.2 18 260 M M 0 23 250
23 54 25 40 10 25 0 0.00 0.0 M 4.1 16 270 M M 0 21 260
24 59 30 45 14 20 0 0.00 0.0 M 3.8 14 270 M M 4 17 250
25 54 43 49 18 16 0 0.06 0.0 M 3.1 8 40 M M 9 1 10 30
26 53 41 47 16 18 0 T 0.0 M 6.6 21 120 M M 9 18 34 140
27 44 26 35 4 30 0 0.70 0.1 M 17.7 35 270 M M 8 1 43 270
28 35 23 29 -3 36 0 T T M 13.9 26 260 M M 6 34 250
29 28 20 24 -8 41 0 T T M 11.4 23 330 M M 7 29 330
================================================================================
SM 1245 807 855 0 2.56 3.5 194.4 M 178
================================================================================
AV 42.9 27.8 6.7 FASTST M M 6 MAX(MPH)
MISC ----> # 35 270 # 43 270
================================================================================
NOTES:
# LAST OF SEVERAL OCCURRENCES
COLUMN 17 PEAK WIND IN M.P.H.
PRELIMINARY LOCAL CLIMATOLOGICAL DATA (WS FORM: F-6) , PAGE 2
STATION: AVOCA PA
MONTH: FEBRUARY
YEAR: 2020
LATITUDE: 41 19 N
LONGITUDE: 75 44 W
[TEMPERATURE DATA] [PRECIPITATION DATA] SYMBOLS USED IN COLUMN 16
AVERAGE MONTHLY: 35.4 TOTAL FOR MONTH: 2.56 1 = FOG OR MIST
DPTR FM NORMAL: 6.6 DPTR FM NORMAL: 0.53 2 = FOG REDUCING VISIBILITY
HIGHEST: 59 ON 24 GRTST 24HR 0.84 ON 6- 7 TO 1/4 MILE OR LESS
LOWEST: 5 ON 15 3 = THUNDER
SNOW, ICE PELLETS, HAIL 4 = ICE PELLETS
TOTAL MONTH: 3.5 INCHES 5 = HAIL
GRTST 24HR 1.3 ON 9- 9 6 = FREEZING RAIN OR DRIZZLE
GRTST DEPTH: M 7 = DUSTSTORM OR SANDSTORM:
VSBY 1/2 MILE OR LESS
8 = SMOKE OR HAZE
[NO. OF DAYS WITH] [WEATHER - DAYS WITH] 9 = BLOWING SNOW
X = TORNADO
MAX 32 OR BELOW: 3 0.01 INCH OR MORE: 14
MAX 90 OR ABOVE: 0 0.10 INCH OR MORE: 5
MIN 32 OR BELOW: 17 0.50 INCH OR MORE: 2
MIN 0 OR BELOW: 0 1.00 INCH OR MORE: 0
[HDD (BASE 65) ]
TOTAL THIS MO. 855 CLEAR (SCALE 0-3) 7
DPTR FM NORMAL -160 PTCLDY (SCALE 4-7) 8
TOTAL FM JUL 1 3892 CLOUDY (SCALE 8-10) 14
DPTR FM NORMAL -747
[CDD (BASE 65) ]
TOTAL THIS MO. 0
DPTR FM NORMAL 0 [PRESSURE DATA]
TOTAL FM JAN 1 0 HIGHEST SLP 30.62 ON 15
DPTR FM NORMAL 0 LOWEST SLP 28.92 ON 7
[REMARKS]
#FINAL-02-20#
CORRECTED SNOW DEPTH TO MISSING ON ALL DAYS AND FOR MONTH
CORRECTED DAY 27 SNOWFALL AND MONTHLY SNOWFALL
CORRECTED GREATEST 24 HOUR PRECIPITATION
6TH WARMEST FEBRUARY