000
CXUS51 KBGM 010905 AAA
CF6AVP

PRELIMINARY LOCAL CLIMATOLOGICAL DATA (WS FORM: F-6)

                                          STATION:   AVOCA PA
                                          MONTH:     SEPTEMBER
                                          YEAR:      2015
                                          LATITUDE:   41 19 N
                                          LONGITUDE:  75 44 W

  TEMPERATURE IN F:       :PCPN:    SNOW:  WIND      :SUNSHINE: SKY     :PK WND
================================================================================
1   2   3   4   5  6A  6B    7    8   9   10  11  12  13   14  15   16   17  18
                                     12Z  AVG MX 2MIN
DY MAX MIN AVG DEP HDD CDD  WTR  SNW DPTH SPD SPD DIR MIN PSBL S-S WX    SPD DR
================================================================================

 1  88  64  76   9   0  11 0.00  0.0    M  4.1  9 110   M    M   1 18     12 300
 2  88  63  76   9   0  11 0.00  0.0    M  4.8 13 290   M    M   0 18     17 290
 3  90  64  77  10   0  12 0.07  0.0    M  3.5 32 360   M    M   1 138    41 360
 4  86  67  77  11   0  12 0.00  0.0    M  4.8 12  40   M    M   2 18     17 130
 5  85  67  76  10   0  11 0.00  0.0    M  2.0  9 230   M    M   4        16 250
 6  88  60  74   8   0   9 0.00  0.0    M  4.5 13 250   M    M   0        17 190
 7  92  62  77  12   0  12 0.00  0.0    M  6.0 15 230   M    M   0        22 220
 8  95  66  81  16   0  16 0.00  0.0    M  5.2 14 240   M    M   1        21 240
 9  92  69  81  16   0  16 0.02  0.0    M  7.3 23 340   M    M   3 1      30 330
10  73  64  69   5   0   4 0.31  0.0    M  4.4 12  10   M    M   9 1      16 330
11  80  59  70   6   0   5 0.01  0.0    M  6.2 14 290   M    M   4 1      18 290
12  72  57  65   1   0   0 0.19  0.0    M  3.5 10 120   M    M   5 1      17 100
13  65  54  60  -3   5   0 0.01  0.0    M  6.1 14 280   M    M  10 1      18 280
14  74  52  63   0   2   0 0.00  0.0    M  9.1 17 330   M    M   5        25 330
15  82  48  65   2   0   0 0.00  0.0    M  2.8 10 270   M    M   0        15 290
16  85  55  70   8   0   5 0.00  0.0    M  4.1  8 110   M    M   0         M  M
17  85  57  71   9   0   6 0.00  0.0    M  4.5 14 260   M    M   0        18 260
18  85  57  71  10   0   6 0.00  0.0    M  4.5 13 240   M    M   1        19 230
19  83  59  71  10   0   6    T  0.0    M  5.5 14 220   M    M   2        22 210
20  74  50  62   1   3   0 0.03  0.0    M  9.6 20  20   M    M   3        31  10
21  68  48  58  -2   7   0    T  0.0    M  3.8 10  50   M    M   1        14  40
22  73  53  63   3   2   0 0.03  0.0    M  4.3  9  70   M    M   5        12 110
23  80  47  64   5   1   0 0.00  0.0    M  4.3 10 320   M    M   0        14 320
24  82  49  66   7   0   1 0.00  0.0    M  4.6 12  40   M    M   0        19  30
25  76  54  65   6   0   0 0.00  0.0    M  5.0 13  50   M    M   1        17  50
26  73  51  62   4   3   0 0.00  0.0    M  4.4 15  40   M    M   2        19  30
27  77  48  63   5   2   0 0.00  0.0    M  3.9  9 150   M    M   1        15 190
28  79  57  68  11   0   3    T  0.0    M  3.9 13 210   M    M   8 1      20 220
29  72  68  70  13   0   5 0.47  0.0    M  4.0 10 200   M    M  10 1      14 210
30  70  52  61   5   4   0 1.47  0.0    M 10.1 22  10   M    M  10 1      28 360
================================================================================
SM 2412 1721        29 151  2.61     0.0 150.8          M       89
================================================================================
AV 80.4 57.4                               5.0 FASTST   M    M   3    MAX(MPH)
                                 MISC ---->  # 32 360               # 41  360
================================================================================
NOTES:
# LAST OF SEVERAL OCCURRENCES

COLUMN 17 PEAK WIND IN M.P.H.

PRELIMINARY LOCAL CLIMATOLOGICAL DATA (WS FORM: F-6) , PAGE 2

                                          STATION:  AVOCA PA
                                          MONTH:    SEPTEMBER
                                          YEAR:     2015
                                          LATITUDE:   41 19 N
                                          LONGITUDE:  75 44 W

[TEMPERATURE DATA]      [PRECIPITATION DATA]       SYMBOLS USED IN COLUMN 16

AVERAGE MONTHLY: 68.9   TOTAL FOR MONTH:   2.61    1 = FOG OR MIST
DPTR FM NORMAL:   6.7   DPTR FM NORMAL:   -1.46    2 = FOG REDUCING VISIBILITY
HIGHEST:    95 ON  8    GRTST 24HR  1.94 ON 29-30      TO 1/4 MILE OR LESS
LOWEST:     47 ON 23                               3 = THUNDER
                        SNOW, ICE PELLETS, HAIL    4 = ICE PELLETS
                        TOTAL MONTH:   0.0 INCH    5 = HAIL
                        GRTST 24HR     0.0         6 = FREEZING RAIN OR DRIZZLE
                        GRTST DEPTH:  M  ON   M    7 = DUSTSTORM OR SANDSTORM:
                                                       VSBY 1/2 MILE OR LESS
                                                   8 = SMOKE OR HAZE
[NO. OF DAYS WITH]      [WEATHER - DAYS WITH]      9 = BLOWING SNOW
                                                   X = TORNADO
MAX 32 OR BELOW:   0    0.01 INCH OR MORE:  10
MAX 90 OR ABOVE:   4    0.10 INCH OR MORE:   4
MIN 32 OR BELOW:   0    0.50 INCH OR MORE:   1
MIN  0 OR BELOW:   0    1.00 INCH OR MORE:   1

[HDD (BASE 65) ]
TOTAL THIS MO.    29    CLEAR  (SCALE 0-3)  19
DPTR FM NORMAL  -107    PTCLDY (SCALE 4-7)   7
TOTAL FM JUL 1    29    CLOUDY (SCALE 8-10)  4
DPTR FM NORMAL  -133

[CDD (BASE 65) ]
TOTAL THIS MO.   151
DPTR FM NORMAL    99    [PRESSURE DATA]
TOTAL FM JAN 1   927    HIGHEST SLP 30.46 ON 27
DPTR FM NORMAL   351    LOWEST  SLP 29.61 ON 30

[REMARKS]
#FINAL-09-15#
WARMEST SEPTEMBER
