000
CXUS51 KBGM 011804
CF6AVP
PRELIMINARY LOCAL CLIMATOLOGICAL DATA (WS FORM: F-6)

                                          STATION:   AVOCA PA
                                          MONTH:     FEBRUARY
                                          YEAR:      2014
                                          LATITUDE:   41 19 N
                                          LONGITUDE:  75 44 W

  TEMPERATURE IN F:       :PCPN:    SNOW:  WIND      :SUNSHINE: SKY     :PK WND
================================================================================
1   2   3   4   5  6A  6B    7    8   9   10  11  12  13   14  15   16   17  18
                                     12Z  AVG MX 2MIN
DY MAX MIN AVG DEP HDD CDD  WTR  SNW DPTH SPD SPD DIR MIN PSBL S-S WX    SPD DR
================================================================================

 1  45  26  36  10  29   0 0.01    T    M  6.7 21 190   M    M   5        29 180
 2  40  31  36   9  29   0 0.03  0.0    M  6.8 15 330   M    M   8 18     23 200
 3  32  21  27   0  38   0 0.27  3.2    M  6.3 14 320   M    M  10 12     22 330
 4  28   8  18  -9  47   0    T  0.4    M  3.6 13 300   M    M   2        15 300
 5  31  19  25  -2  40   0 0.88  6.8    M  9.1 26 340   M    M  10 1268   37 330
 6  27  10  19  -8  46   0    T    T    M  5.5 15 310   M    M   3 8      26 290
 7  27  13  20  -7  45   0 0.00  0.0    M  9.1 17 240   M    M   2        24 240
 8  22   7  15 -12  50   0    T    T    M  4.7 12 210   M    M   3        14 210
 9  23   5  14 -14  51   0 0.09  1.2    M  4.6 12 250   M    M   6 12     17 230
10  23   8  16 -12  49   0    T    T    M  8.3 22 310   M    M   5 1      29 330
11  20   0  10 -18  55   0    T    T    M  6.6 18 320   M    M   1 8      23 310
12  23  -6   9 -19  56   0 0.00  0.0    M  3.5 15 190   M    M   1 8      22 190
13  33  18  26  -2  39   0 0.69  8.3    M  8.1 17  10   M    M  10 12     23  20
14  34  25  30   2  35   0 0.12  1.7    M 10.4 22 250   M    M   9 18     31 250
15  31  20  26  -3  39   0 0.25  3.2    M  8.2 23 340   M    M   9 128    32 340
16  20  11  16 -13  49   0    T  0.1    M  7.4 17 300   M    M   6 18     22 310
17  27   8  18 -11  47   0    T    T    M  5.4 17 330   M    M   1        23 310
18  34  21  28  -1  37   0 0.09  1.5    M  5.8 18 250   M    M   8 128    28 270
19  43  20  32   2  33   0 0.11  1.2    M  5.9 17 280   M    M   5 128    23  60
20  49  26  38   8  27   0 0.01  0.0    M  4.4 17 190   M    M   3        25 200
21  52  31  42  12  23   0 0.22  0.0    M  7.6 23 270   M    M   7 1      37 190
22  50  33  42  12  23   0 0.00  0.0    M 11.5 30 240   M    M   0        41 240
23  46  26  36   6  29   0 0.00  0.0    M  7.5 15 240   M    M   5        23 200
24  37  21  29  -2  36   0    T    T    M 13.8 24 280   M    M   6        35 270
25  27  15  21 -10  44   0    T  1.0    M  7.6 21 290   M    M   6 8      26 280
26  22   7  15 -16  50   0    T  0.2    M  8.3 22 300   M    M   5 18     30 290
27  24   5  15 -16  50   0    T  0.5    M 11.7 28 290   M    M   6 128    37 280
28  20  -2   9 -23  56   0 0.00  0.0    M  4.3 21 290   M    M   0        28 290
================================================================================
SM  890  427      1152   0  2.77    29.3 202.7          M      142
================================================================================
AV 31.8 15.2                               7.2 FASTST   M    M   5    MAX(MPH)
                                 MISC ---->  # 30 240               # 41  240
================================================================================
NOTES:
# LAST OF SEVERAL OCCURRENCES

COLUMN 17 PEAK WIND IN M.P.H.

PRELIMINARY LOCAL CLIMATOLOGICAL DATA (WS FORM: F-6) , PAGE 2

                                          STATION:  AVOCA PA
                                          MONTH:    FEBRUARY
                                          YEAR:     2014
                                          LATITUDE:   41 19 N
                                          LONGITUDE:  75 44 W

[TEMPERATURE DATA]      [PRECIPITATION DATA]       SYMBOLS USED IN COLUMN 16

AVERAGE MONTHLY: 23.5   TOTAL FOR MONTH:   2.77    1 = FOG OR MIST
DPTR FM NORMAL:  -5.3   DPTR FM NORMAL:    0.74    2 = FOG REDUCING VISIBILITY
HIGHEST:    52 ON 21    GRTST 24HR  0.88 ON  5- 5      TO 1/4 MILE OR LESS
LOWEST:     -6 ON 12                               3 = THUNDER
                        SNOW, ICE PELLETS, HAIL    4 = ICE PELLETS
                        TOTAL MONTH:  29.3 INCHES  5 = HAIL
                        GRTST 24HR   8.3 ON   M    6 = FREEZING RAIN OR DRIZZLE
                        GRTST DEPTH:  M  ON   M    7 = DUSTSTORM OR SANDSTORM:
                                                       VSBY 1/2 MILE OR LESS
                                                   8 = SMOKE OR HAZE
[NO. OF DAYS WITH]      [WEATHER - DAYS WITH]      9 = BLOWING SNOW
                                                   X = TORNADO
MAX 32 OR BELOW:  17    0.01 INCH OR MORE:  12
MAX 90 OR ABOVE:   0    0.10 INCH OR MORE:   7
MIN 32 OR BELOW:  27    0.50 INCH OR MORE:   2
MIN  0 OR BELOW:   3    1.00 INCH OR MORE:   0

[HDD (BASE 65) ]
TOTAL THIS MO.  1152    CLEAR  (SCALE 0-3)  10
DPTR FM NORMAL   137    PTCLDY (SCALE 4-7)  13
TOTAL FM JUL 1  4823    CLOUDY (SCALE 8-10)  5
DPTR FM NORMAL   217

[CDD (BASE 65) ]
TOTAL THIS MO.     0
DPTR FM NORMAL     0    [PRESSURE DATA]
TOTAL FM JAN 1     0    HIGHEST SLP 30.55 ON 12
DPTR FM NORMAL     0    LOWEST  SLP 29.22 ON 14

[REMARKS]
#FINAL-02-14#
