000
CXUS51 KBGM 010931
CF6AVP
PRELIMINARY LOCAL CLIMATOLOGICAL DATA (WS FORM: F-6)

                                          STATION:   AVOCA PA
                                          MONTH:     OCTOBER
                                          YEAR:      2013
                                          LATITUDE:   41 19 N
                                          LONGITUDE:  75 44 W

  TEMPERATURE IN F:       :PCPN:    SNOW:  WIND      :SUNSHINE: SKY     :PK WND
================================================================================
1   2   3   4   5  6A  6B    7    8   9   10  11  12  13   14  15   16   17  18
                                     12Z  AVG MX 2MIN
DY MAX MIN AVG DEP HDD CDD  WTR  SNW DPTH SPD SPD DIR MIN PSBL S-S WX    SPD DR
================================================================================

 1  76  49  63   7   2   0 0.00  0.0    M  3.0  8 280   M    M   3        13 270
 2  83  49  66  10   0   1 0.00  0.0    M  4.0 16 270   M    M   2 18     23 270
 3  79  51  65  10   0   0 0.00  0.0    M  2.1  9 270   M    M   1 18     14 250
 4  82  60  71  16   0   6 0.03  0.0    M  3.4 18 360   M    M   6 18     23 360
 5  83  60  72  17   0   7    T  0.0    M  1.5 10 230   M    M   5 12     15 230
 6  80  65  73  19   0   8 0.05  0.0    M  3.8 12 110   M    M   6 18     20 130
 7  75  50  63   9   2   0 0.83  0.0    M  8.4 29 260   M    M   5 12     37 250
 8  65  41  53   0  12   0 0.00  0.0    M  4.6 14 360   M    M   1        20 360
 9  65  41  53   0  12   0 0.00  0.0    M  4.6 12  40   M    M   0        16  40
10  58  49  54   1  11   0 0.07  0.0    M  3.1  9  40   M    M   6 18     13  50
11  72  51  62  10   3   0 0.00  0.0    M  4.7 14  40   M    M   9        17  40
12  76  58  67  15   0   2 0.00  0.0    M  5.3 13  50   M    M   5        20  60
13  71  52  62  10   3   0 0.00  0.0    M  5.2 12  80   M    M   5        17  50
14  69  48  59   8   6   0 0.00  0.0    M  2.0  9 290   M    M   7        12 310
15  73  50  62  11   3   0 0.00  0.0    M  2.2  9 180   M    M   3 1      20 230
16  63  50  57   6   8   0 0.00  0.0    M  2.6  9 260   M    M   6        14 190
17  73  57  65  15   0   0 0.22  0.0    M  5.4 16 240   M    M   8 1      26 150
18  63  42  53   3  12   0 0.00  0.0    M  7.4 18 270   M    M   4        25 280
19  64  40  52   2  13   0 0.09  0.0    M  5.1 15 220   M    M   3 1      25 210
20  58  39  49  -1  16   0 0.00  0.0    M  5.8 15 260   M    M   3        23 270
21  66  36  51   2  14   0 0.00  0.0    M  4.3 16 230   M    M   0        22 220
22  61  38  50   1  15   0    T  0.0    M  5.2 17 270   M    M   3        23 260
23  49  32  41  -8  24   0    T    T    M  3.1 14 330   M    M   6        17 310
24  48  33  41  -7  24   0    T    T    M  8.1 20 260   M    M   5 4      26 240
25  49  33  41  -7  24   0    T    T    M  5.8 18 330   M    M   8        24 320
26  52  30  41  -7  24   0 0.00  0.0    M  8.4 22 240   M    M   3        32 210
27  52  32  42  -5  23   0 0.00  0.0    M  6.3 17 260   M    M   7        23 250
28  59  28  44  -3  21   0 0.00  0.0    M  4.1 14 230   M    M   2        18 220
29  49  32  41  -6  24   0 0.00  0.0    M  1.4  7 120   M    M   7        10 130
30  62  39  51   4  14   0 0.00  0.0    M  1.9 10 240   M    M   5 18     14 240
31  62  44  53   7  12   0 0.28  0.0    M  4.6 20 180   M    M   9 18     32 190
================================================================================
SM 2037 1379       322  24  1.57    T    137.4          M      143
================================================================================
AV 65.7 44.5                               4.4 FASTST   M    M   5    MAX(MPH)
                                 MISC ---->  # 29 260               # 37  250
================================================================================
NOTES:
# LAST OF SEVERAL OCCURRENCES

COLUMN 17 PEAK WIND IN M.P.H.

PRELIMINARY LOCAL CLIMATOLOGICAL DATA (WS FORM: F-6) , PAGE 2

                                          STATION:  AVOCA PA
                                          MONTH:    OCTOBER
                                          YEAR:     2013
                                          LATITUDE:   41 19 N
                                          LONGITUDE:  75 44 W

[TEMPERATURE DATA]      [PRECIPITATION DATA]       SYMBOLS USED IN COLUMN 16

AVERAGE MONTHLY: 55.1   TOTAL FOR MONTH:   1.57    1 = FOG OR MIST
DPTR FM NORMAL:   4.2   DPTR FM NORMAL:   -1.77    2 = FOG REDUCING VISIBILITY
HIGHEST:    83 ON  5, 2 GRTST 24HR  0.83 ON  7- 7      TO 1/4 MILE OR LESS
LOWEST:     28 ON 28                               3 = THUNDER
                        SNOW, ICE PELLETS, HAIL    4 = ICE PELLETS
                        TOTAL MONTH:    T          5 = HAIL
                        GRTST 24HR    T  ON 25-25  6 = FREEZING RAIN OR DRIZZLE
                        GRTST DEPTH:  M  ON   M    7 = DUSTSTORM OR SANDSTORM:
                                                       VSBY 1/2 MILE OR LESS
                                                   8 = SMOKE OR HAZE
[NO. OF DAYS WITH]      [WEATHER - DAYS WITH]      9 = BLOWING SNOW
                                                   X = TORNADO
MAX 32 OR BELOW:   0    0.01 INCH OR MORE:   7
MAX 90 OR ABOVE:   0    0.10 INCH OR MORE:   3
MIN 32 OR BELOW:   5    0.50 INCH OR MORE:   1
MIN  0 OR BELOW:   0    1.00 INCH OR MORE:   0

[HDD (BASE 65) ]
TOTAL THIS MO.   322    CLEAR  (SCALE 0-3)   7
DPTR FM NORMAL  -119    PTCLDY (SCALE 4-7)  22
TOTAL FM JUL 1   484    CLOUDY (SCALE 8-10)  2
DPTR FM NORMAL  -119

[CDD (BASE 65) ]
TOTAL THIS MO.    24
DPTR FM NORMAL    20    [PRESSURE DATA]
TOTAL FM JAN 1   795    HIGHEST SLP 30.43 ON 29
DPTR FM NORMAL   215    LOWEST  SLP 29.62 ON 17

[REMARKS]
#FINAL-10-13#
