000
CXUS51 KBGM 021640 AAA
CF6AVP

PRELIMINARY LOCAL CLIMATOLOGICAL DATA (WS FORM: F-6)

                                          STATION:   AVOCA PA
                                          MONTH:     NOVEMBER
                                          YEAR:      2015
                                          LATITUDE:   41 19 N
                                          LONGITUDE:  75 44 W

  TEMPERATURE IN F:       :PCPN:    SNOW:  WIND      :SUNSHINE: SKY     :PK WND
================================================================================
1   2   3   4   5  6A  6B    7    8   9   10  11  12  13   14  15   16   17  18
                                     12Z  AVG MX 2MIN
DY MAX MIN AVG DEP HDD CDD  WTR  SNW DPTH SPD SPD DIR MIN PSBL S-S WX    SPD DR
================================================================================

 1  63  49  56  10   9   0    T  0.0    M  7.8 18 240   M    M   6        28 240
 2  64  41  53   7  12   0 0.00  0.0    M  3.0  9 100   M    M   0        13 290
 3  73  38  56  10   9   0 0.00  0.0    M  4.4  9 110   M    M   0 8      13 270
 4  78  43  61  16   4   0 0.00  0.0    M  4.0 13 250   M    M   0        18 210
 5  74  53  64  19   1   0 0.00  0.0    M  3.5 12 240   M    M   4 18     17 200
 6  77  56  67  22   0   2    T  0.0    M  8.0 24 240   M    M   6 1      32 240
 7  63  46  55  11  10   0 0.00  0.0    M  8.2 18 330   M    M   4        24 350
 8  53  35  44   0  21   0 0.00  0.0    M  5.0 13 340   M    M   1        17 360
 9  60  31  46   2  19   0 0.00  0.0    M  3.2 10 250   M    M   3        13 240
10  57  49  53  10  12   0 0.91  0.0    M  5.7 13  40   M    M  10 1      19  70
11  59  50  55  12  10   0 0.14  0.0    M  4.5 14 360   M    M  10 1      18 360
12  58  48  53  10  12   0 0.22  0.0    M  8.2 21 250   M    M   8 1      30 190
13  52  41  47   5  18   0    T  0.0    M 15.3 28 250   M    M   9        38 270
14  46  38  42   0  23   0    T  0.0    M 13.0 23 330   M    M   8        33 340
15  58  35  47   5  18   0 0.00  0.0    M  6.9 17 230   M    M   1        24 220
16  66  42  54  13  11   0 0.00  0.0    M  5.7 12 340   M    M   0        15 240
17  55  36  46   5  19   0 0.00  0.0    M  4.6 10  80   M    M   0        15  60
18  56  38  47   6  18   0    T  0.0    M  9.4 21 140   M    M   8        36 140
19  64  56  60  20   5   0 0.04  0.0    M  7.3 21 150   M    M   9 18     35 160
20  56  31  44   4  21   0 0.00  0.0    M  6.9 15 290   M    M   0        21 320
21  51  30  41   1  24   0 0.00  0.0    M  4.3 13 140   M    M   1        19 160
22  49  31  40   1  25   0 0.00  0.0    M 10.5 24 270   M    M   6        30 270
23  36  23  30  -9  35   0    T    T    M  8.5 20 330   M    M   5        24 310
24  43  21  32  -6  33   0 0.00  0.0    M  2.7  9 240   M    M   9        12 250
25  50  29  40   2  25   0 0.00  0.0    M  6.0 15 140   M    M   1 8      26 140
26  58  37  48  10  17   0 0.00  0.0    M  4.5 13 170   M    M   1        19 170
27  63  43  53  16  12   0 0.00  0.0    M  4.8 16 240   M    M   3        21 240
28  56  36  46   9  19   0 0.03  0.0    M  6.3 13 340   M    M  10 1      15 340
29  43  28  36   0  29   0 0.00  0.0    M  5.7 12  10   M    M   1        16 340
30  47  22  35  -1  30   0    T  0.0    M  3.1  8 330   M    M   3        11 130
================================================================================
SM 1728 1156       501   2  1.34    T    191.0          M      127
================================================================================
AV 57.6 38.5                               6.4 FASTST   M    M   4    MAX(MPH)
                                 MISC ---->  # 28 250               # 38  270
================================================================================
NOTES:
# LAST OF SEVERAL OCCURRENCES

COLUMN 17 PEAK WIND IN M.P.H.

PRELIMINARY LOCAL CLIMATOLOGICAL DATA (WS FORM: F-6) , PAGE 2

                                          STATION:  AVOCA PA
                                          MONTH:    NOVEMBER
                                          YEAR:     2015
                                          LATITUDE:   41 19 N
                                          LONGITUDE:  75 44 W

[TEMPERATURE DATA]      [PRECIPITATION DATA]       SYMBOLS USED IN COLUMN 16

AVERAGE MONTHLY: 48.1   TOTAL FOR MONTH:   1.34    1 = FOG OR MIST
DPTR FM NORMAL:   6.7   DPTR FM NORMAL:   -1.80    2 = FOG REDUCING VISIBILITY
HIGHEST:    78 ON  4    GRTST 24HR  1.05 ON 10-11      TO 1/4 MILE OR LESS
LOWEST:     21 ON 24                               3 = THUNDER
                        SNOW, ICE PELLETS, HAIL    4 = ICE PELLETS
                        TOTAL MONTH:    T          5 = HAIL
                        GRTST 24HR    T  ON 23-23  6 = FREEZING RAIN OR DRIZZLE
                        GRTST DEPTH:  M  ON   M    7 = DUSTSTORM OR SANDSTORM:
                                                       VSBY 1/2 MILE OR LESS
                                                   8 = SMOKE OR HAZE
[NO. OF DAYS WITH]      [WEATHER - DAYS WITH]      9 = BLOWING SNOW
                                                   X = TORNADO
MAX 32 OR BELOW:   0    0.01 INCH OR MORE:   5
MAX 90 OR ABOVE:   0    0.10 INCH OR MORE:   3
MIN 32 OR BELOW:   9    0.50 INCH OR MORE:   1
MIN  0 OR BELOW:   0    1.00 INCH OR MORE:   0

[HDD (BASE 65) ]
TOTAL THIS MO.   501    CLEAR  (SCALE 0-3)  13
DPTR FM NORMAL  -209    PTCLDY (SCALE 4-7)   9
TOTAL FM JUL 1   908    CLOUDY (SCALE 8-10)  8
DPTR FM NORMAL  -405

[CDD (BASE 65) ]
TOTAL THIS MO.     2
DPTR FM NORMAL     2    [PRESSURE DATA]
TOTAL FM JAN 1   929    HIGHEST SLP 30.78 ON 26
DPTR FM NORMAL   349    LOWEST  SLP 29.48 ON 12

[REMARKS]
#FINAL-11-15#
2ND WARMEST NOVEMBER
DAILY RECORD HIGH TEMPERATURES ON DAYS 4 AND 6
