000
CXUS51 KBGM 050105
CF6AVP
PRELIMINARY LOCAL CLIMATOLOGICAL DATA (WS FORM: F-6)

                                          STATION:   AVOCA PA
                                          MONTH:     DECEMBER
                                          YEAR:      2016
                                          LATITUDE:   41 19 N
                                          LONGITUDE:  75 44 W

  TEMPERATURE IN F:       :PCPN:    SNOW:  WIND      :SUNSHINE: SKY     :PK WND
================================================================================
1   2   3   4   5  6A  6B    7    8   9   10  11  12  13   14  15   16   17  18
                                     12Z  AVG MX 2MIN
DY MAX MIN AVG DEP HDD CDD  WTR  SNW DPTH SPD SPD DIR MIN PSBL S-S WX    SPD DR
================================================================================

 1  54  37  46  10  19   0 0.21  0.0    M 11.3 23 260   M    M   8 1      30 260
 2  47  36  42   7  23   0 0.01  0.0    M 11.5 23 260   M    M   9        29 250
 3  42  37  40   5  25   0    T  0.0    M 11.0 20 350   M    M   9        26 290
 4  42  35  39   4  26   0 0.00  0.0    M  5.9 18 330   M    M   5        24 330
 5  46  30  38   4  27   0 0.13  0.0    M  5.9 16 230   M    M   9 1      24 230
 6  42  26  34   0  31   0 0.30  0.5    M  3.8 10 110   M    M   4 1      16 110
 7  42  34  38   5  27   0 0.04  0.0    M  3.5 13 230   M    M   6 12     16 230
 8  40  30  35   2  30   0 0.00  0.0    M 10.5 23 260   M    M   9        30 260
 9  34  23  29  -4  36   0    T    T    M  9.7 26 340   M    M   8        32 340
10  31  21  26  -6  39   0    T    T    M  6.9 20 270   M    M   9 18     22 270
11  33  22  28  -4  37   0 0.01  0.4    M  3.6 13 200   M    M   7 8      23 130
12  39  30  35   3  30   0 0.23  2.2    M  6.4 16 280   M    M  10 16     25 170
13  36  27  32   1  33   0 0.04  0.7    M  3.2 13 250   M    M   7 18     16 250
14  33  24  29  -2  36   0    T    T    M  8.4 17 240   M    M   5 18     25 250
15  25  12  19 -12  46   0    T  0.5    M 15.3 30 320   M    M   5 8      43 310
16  21   8  15 -15  50   0 0.00  0.0    M  7.9 17 230   M    M   4        24 200
17  34  20  27  -3  38   0 0.27  1.5    M  1.3 13 210   M    M  10 18     19 200
18  48  23  36   6  29   0 0.62    T    M 10.0 28 330   M    M   6 123    36 340
19  25  13  19 -10  46   0 0.00  0.0    M  6.2 16 360   M    M   0        24 360
20  32   9  21  -8  44   0    T    T    M  5.0 12 230   M    M   0        16 190
21  34  21  28  -1  37   0 0.00  0.0    M  5.3 16 230   M    M   1 8      23 230
22  45  31  38   9  27   0    T    T    M  7.1 18 240   M    M   8 8      24 260
23  41  30  36   8  29   0 0.00  0.0    M  6.7 15 240   M    M   2        20 240
24  42  34  38  10  27   0 0.04    T    M  6.9 17 320   M    M   8 1      24 340
25  45  29  37   9  28   0 0.00  0.0    M  8.6 17 360   M    M   5        25 350
26  45  30  38  10  27   0    T  0.0    M  7.2 14 210   M    M   7 1      23 210
27  55  33  44  16  21   0 0.01  0.0    M  7.7 22 250   M    M   5 1      29 250
28  35  28  32   5  33   0    T  0.0    M  6.1 17 320   M    M   8        21 320
29  37  28  33   6  32   0 0.15  1.0    M  6.9 15 240   M    M   7 1      23 230
30  37  30  34   7  31   0    T  0.1    M 11.9 24 280   M    M   9 18     31 290
31  41  28  35   8  30   0 0.00  0.0    M  8.7 17 220   M    M   7        28 180
================================================================================
SM 1203  819       994   0  2.06     6.9 230.4          M      197
================================================================================
AV 38.8 26.4                               7.4 FASTST   M    M   6    MAX(MPH)
                                 MISC ---->  # 30 320               # 43  310
================================================================================
NOTES:
# LAST OF SEVERAL OCCURRENCES

COLUMN 17 PEAK WIND IN M.P.H.

PRELIMINARY LOCAL CLIMATOLOGICAL DATA (WS FORM: F-6) , PAGE 2

                                          STATION:  AVOCA PA
                                          MONTH:    DECEMBER
                                          YEAR:     2016
                                          LATITUDE:   41 19 N
                                          LONGITUDE:  75 44 W

[TEMPERATURE DATA]      [PRECIPITATION DATA]       SYMBOLS USED IN COLUMN 16

AVERAGE MONTHLY: 32.6   TOTAL FOR MONTH:   2.06    1 = FOG OR MIST
DPTR FM NORMAL:   2.0   DPTR FM NORMAL:   -0.62    2 = FOG REDUCING VISIBILITY
HIGHEST:    55 ON 27    GRTST 24HR  0.80 ON 30- 1      TO 1/4 MILE OR LESS
LOWEST:      8 ON 16                               3 = THUNDER
                        SNOW, ICE PELLETS, HAIL    4 = ICE PELLETS
                        TOTAL MONTH:   6.9 INCHES  5 = HAIL
                        GRTST 24HR   2.2 ON   M    6 = FREEZING RAIN OR DRIZZLE
                        GRTST DEPTH:  M  ON   M    7 = DUSTSTORM OR SANDSTORM:
                                                       VSBY 1/2 MILE OR LESS
                                                   8 = SMOKE OR HAZE
[NO. OF DAYS WITH]      [WEATHER - DAYS WITH]      9 = BLOWING SNOW
                                                   X = TORNADO
MAX 32 OR BELOW:   5    0.01 INCH OR MORE:  13
MAX 90 OR ABOVE:   0    0.10 INCH OR MORE:   7
MIN 32 OR BELOW:  24    0.50 INCH OR MORE:   1
MIN  0 OR BELOW:   0    1.00 INCH OR MORE:   0

[HDD (BASE 65) ]
TOTAL THIS MO.   994    CLEAR  (SCALE 0-3)   4
DPTR FM NORMAL   -71    PTCLDY (SCALE 4-7)  16
TOTAL FM JUL 1  2012    CLOUDY (SCALE 8-10) 11
DPTR FM NORMAL  -366

[CDD (BASE 65) ]
TOTAL THIS MO.     0
DPTR FM NORMAL     0    [PRESSURE DATA]
TOTAL FM JAN 1   998    HIGHEST SLP 30.75 ON 19
DPTR FM NORMAL   418    LOWEST  SLP 29.42 ON  1

[REMARKS]
#FINAL-12-16#
