000
CXUS51 KBGM 041742
CF6AVP
PRELIMINARY LOCAL CLIMATOLOGICAL DATA (WS FORM: F-6)

                                          STATION:   AVOCA PA
                                          MONTH:     SEPTEMBER
                                          YEAR:      2013
                                          LATITUDE:   41 19 N
                                          LONGITUDE:  75 44 W

  TEMPERATURE IN F:       :PCPN:    SNOW:  WIND      :SUNSHINE: SKY     :PK WND
================================================================================
1   2   3   4   5  6A  6B    7    8   9   10  11  12  13   14  15   16   17  18
                                     12Z  AVG MX 2MIN
DY MAX MIN AVG DEP HDD CDD  WTR  SNW DPTH SPD SPD DIR MIN PSBL S-S WX    SPD DR
================================================================================

 1  83  68  76   9   0  11    T  0.0    M  2.1  9 190   M    M   2 18     22 180
 2  87  66  77  10   0  12 0.08  0.0    M  3.6 15 220   M    M   6 1      20 220
 3  78  60  69   2   0   4 0.02  0.0    M  5.5 17 330   M    M   8 1      22 330
 4  80  54  67   1   0   2 0.00  0.0    M  4.7 15 260   M    M   1        23 260
 5  73  49  61  -5   4   0 0.00  0.0    M  8.1 21 320   M    M   4        26 330
 6  70  42  56 -10   9   0 0.00  0.0    M  3.8 12 310   M    M   0        16 350
 7  78  47  63  -2   2   0    T  0.0    M  4.3 15 280   M    M   2        18 270
 8  74  48  61  -4   4   0 0.00  0.0    M  7.8 22 360   M    M   6 8      26 360
 9  75  44  60  -5   5   0    T  0.0    M  6.9 14 210   M    M   4        21 210
10  92  66  79  15   0  14    T  0.0    M  6.6 17 240   M    M   4 8      23 240
11  95  68  82  18   0  17 0.13  0.0    M  4.5 20  20   M    M   3 138    23 190
12  82  65  74  10   0   9 0.23  0.0    M  4.2 28 260   M    M   7 138    39 250
13  68  53  61  -2   4   0 0.15  0.0    M  8.1 18 340   M    M  10 1      24 360
14  55  42  49 -14  16   0    T  0.0    M  7.0 15 330   M    M   8        21  20
15  70  38  54  -9  11   0    T  0.0    M  3.6 13 260   M    M   1 12     15 260
16  66  46  56  -6   9   0 0.08  0.0    M  7.3 21 350   M    M   8 1      26 340
17  66  36  51 -11  14   0 0.00  0.0    M  4.2 13  10   M    M   0 8      16  10
18  72  41  57  -4   8   0 0.00  0.0    M  4.3 12 260   M    M   0        15 180
19  78  44  61   0   4   0 0.00  0.0    M  4.6 13 270   M    M   0        15 270
20  79  50  65   4   0   0 0.00  0.0    M  4.5 13 200   M    M   0 18     20 210
21  72  58  65   5   0   0 0.88  0.0    M  6.5 20 320   M    M   6 18     29 180
22  63  50  57  -3   8   0 0.00  0.0    M  8.4 20 330   M    M   7        24 320
23  59  46  53  -6  12   0 0.00  0.0    M  8.9 20 340   M    M   7        26 340
24  69  37  53  -6  12   0 0.00  0.0    M  4.7 15 340   M    M   1        18 330
25  71  40  56  -3   9   0 0.00  0.0    M  3.9 10  30   M    M   0        15 330
26  72  45  59   1   6   0 0.00  0.0    M  4.1 12 360   M    M   3        17  10
27  72  46  59   1   6   0 0.00  0.0    M  4.5 10 330   M    M   3        14 120
28  73  53  63   6   2   0 0.00  0.0    M  4.1  9 120   M    M   4        14 160
29  73  47  60   3   5   0 0.00  0.0    M  3.7 10 220   M    M   4        16 210
30  75  48  62   6   3   0 0.00  0.0    0  4.1  9 270   M    M   0        13 290
================================================================================
SM 2220 1497       153  69  1.57     0.0 158.6          M      109
================================================================================
AV 74.0 49.9                               5.3 FASTST   M    M   4    MAX(MPH)
                                 MISC ---->  # 28 260               # 39  250
================================================================================
NOTES:
# LAST OF SEVERAL OCCURRENCES

COLUMN 17 PEAK WIND IN M.P.H.

PRELIMINARY LOCAL CLIMATOLOGICAL DATA (WS FORM: F-6) , PAGE 2

                                          STATION:  AVOCA PA
                                          MONTH:    SEPTEMBER
                                          YEAR:     2013
                                          LATITUDE:   41 19 N
                                          LONGITUDE:  75 44 W

[TEMPERATURE DATA]      [PRECIPITATION DATA]       SYMBOLS USED IN COLUMN 16

AVERAGE MONTHLY: 62.0   TOTAL FOR MONTH:   1.57    1 = FOG OR MIST
DPTR FM NORMAL:  -0.2   DPTR FM NORMAL:   -2.50    2 = FOG REDUCING VISIBILITY
HIGHEST:    95 ON 11    GRTST 24HR  0.88 ON 21-21      TO 1/4 MILE OR LESS
LOWEST:     36 ON 17                               3 = THUNDER
                        SNOW, ICE PELLETS, HAIL    4 = ICE PELLETS
                        TOTAL MONTH:   0.0 INCH    5 = HAIL
                        GRTST 24HR     0.0         6 = FREEZING RAIN OR DRIZZLE
                        GRTST DEPTH:   0           7 = DUSTSTORM OR SANDSTORM:
                                                       VSBY 1/2 MILE OR LESS
                                                   8 = SMOKE OR HAZE
[NO. OF DAYS WITH]      [WEATHER - DAYS WITH]      9 = BLOWING SNOW
                                                   X = TORNADO
MAX 32 OR BELOW:   0    0.01 INCH OR MORE:   7
MAX 90 OR ABOVE:   2    0.10 INCH OR MORE:   4
MIN 32 OR BELOW:   0    0.50 INCH OR MORE:   1
MIN  0 OR BELOW:   0    1.00 INCH OR MORE:   0

[HDD (BASE 65) ]
TOTAL THIS MO.   153    CLEAR  (SCALE 0-3)  15
DPTR FM NORMAL    17    PTCLDY (SCALE 4-7)  14
TOTAL FM JUL 1   162    CLOUDY (SCALE 8-10)  1
DPTR FM NORMAL     0

[CDD (BASE 65) ]
TOTAL THIS MO.    69
DPTR FM NORMAL    17    [PRESSURE DATA]
TOTAL FM JAN 1   771    HIGHEST SLP 30.47 ON 17
DPTR FM NORMAL   195    LOWEST  SLP 29.66 ON 21

[REMARKS]
#FINAL-09-13#
