000
CXUS51 KBGM 030256 CCA
CF6AVP

PRELIMINARY LOCAL CLIMATOLOGICAL DATA (WS FORM: F-6)

                                          STATION:   AVOCA PA
                                          MONTH:     MAY
                                          YEAR:      2017
                                          LATITUDE:   41 19 N
                                          LONGITUDE:  75 44 W

  TEMPERATURE IN F:       :PCPN:    SNOW:  WIND      :SUNSHINE: SKY     :PK WND
================================================================================
1   2   3   4   5  6A  6B    7    8   9   10  11  12  13   14  15   16   17  18
                                     12Z  AVG MX 2MIN
DY MAX MIN AVG DEP HDD CDD  WTR  SNW DPTH SPD SPD DIR MIN PSBL S-S WX    SPD DR
================================================================================

 1  78  54  66  12   0   1 0.57  0.0    M  7.4 21 260   M    M   9 138    37 230
 2  65  54  60   5   5   0 0.03  0.0    M 13.3 35 260   M    M   7 13     48 270
 3  60  41  51  -4  14   0    T  0.0    M 11.1 22 320   M    M   6        31 330
 4  63  37  50  -5  15   0    T  0.0    M  5.2 14 180   M    M   5        22 190
 5  62  48  55  -1  10   0 0.44  0.0    M  8.6 17 130   M    M  10 1      24 130
 6  65  47  56   0   9   0 0.37  0.0    M  8.1 18 230   M    M   9 1      25 170
 7  48  40  44 -12  21   0 0.25  0.0    M  6.9  9 230   M    M   9 1       M  M
 8  55  39  47  -9  18   0 0.00  0.0    M  6.7 16 300   M    M   8 1      23 320
 9  60  36  48  -9  17   0 0.00  0.0    M  5.0 16 340   M    M   5        21 330
10  62  43  53  -4  12   0 0.00  0.0    M  4.8 15 340   M    M   2        18 350
11  64  43  54  -3  11   0 0.00  0.0    M  5.6 15  10   M    M   0        19 360
12  65  46  56  -2   9   0 0.01  0.0    M  4.6 12 310   M    M   9 8      18 190
13  52  47  50  -8  15   0 0.84  0.0    M  4.6 10  10   M    M  10 1      12  10
14  68  47  58   0   7   0 0.08  0.0    M  7.7 29  10   M    M   7 1      39 360
15  67  48  58   0   7   0    T  0.0    M 12.7 24 350   M    M   6        32 330
16  74  43  59   0   6   0 0.00  0.0    M  3.3 10 230   M    M   1        14 220
17  90  52  71  12   0   6 0.00  0.0    M  6.0 20 230   M    M   0        26 230
18  90  64  77  18   0  12 0.00  0.0    M  9.0 24 250   M    M   0 18     31 240
19  88  56  72  12   0   7    T  0.0    M 10.4 21 330   M    M   3        29 320
20  70  50  60   0   5   0 0.03  0.0    M  3.5 14  30   M    M   5 1      17  30
21  69  49  59  -1   6   0 0.00  0.0    M  5.8 13 170   M    M   6        23 190
22  64  56  60   0   5   0 0.00  0.0    M  3.8  9 210   M    M   9        14 200
23  70  50  60  -1   5   0 0.00  0.0    M  3.5 14  30   M    M   1        19 350
24  74  53  64   3   1   0 0.00  0.0    M  5.5 14  90   M    M   3        22 120
25  66  56  61   0   4   0 0.22  0.0    M  6.8 18 110   M    M  10 1      31 120
26  71  57  64   2   1   0 0.12  0.0    M  6.9 20 330   M    M  10 1      25 340
27  72  57  65   3   0   0 0.00  0.0    M  4.1  9 230   M    M  10        13 220
28  75  59  67   5   0   2    T  0.0    M  4.3 13 200   M    M   8        19 180
29  64  55  60  -2   5   0 0.58  0.0    M  4.0 10 200   M    M  10 18     17 160
30  64  57  61  -2   4   0    T  0.0    M  3.1 12 190   M    M  10 1      20 220
31  78  55  67   4   0   2 0.12  0.0    M  5.8 20 250   M    M   4 13     26 270
================================================================================
SM 2113 1539       212  30  3.66     0.0 198.1          M      192
================================================================================
AV 68.2 49.7                               6.4 FASTST   M    M   6    MAX(MPH)
                                 MISC ---->  # 35 260               # 48  270
================================================================================
NOTES:
# LAST OF SEVERAL OCCURRENCES

COLUMN 17 PEAK WIND IN M.P.H.

PRELIMINARY LOCAL CLIMATOLOGICAL DATA (WS FORM: F-6) , PAGE 2

                                          STATION:  AVOCA PA
                                          MONTH:    MAY
                                          YEAR:     2017
                                          LATITUDE:   41 19 N
                                          LONGITUDE:  75 44 W

[TEMPERATURE DATA]      [PRECIPITATION DATA]       SYMBOLS USED IN COLUMN 16

AVERAGE MONTHLY: 58.9   TOTAL FOR MONTH:   3.66    1 = FOG OR MIST
DPTR FM NORMAL:   0.3   DPTR FM NORMAL:    0.14    2 = FOG REDUCING VISIBILITY
HIGHEST:    90 ON 18,17 GRTST 24HR  0.84 ON 13-13      TO 1/4 MILE OR LESS
LOWEST:     36 ON  9                               3 = THUNDER
                        SNOW, ICE PELLETS, HAIL    4 = ICE PELLETS
                        TOTAL MONTH:   0.0 INCH    5 = HAIL
                        GRTST 24HR     0.0         6 = FREEZING RAIN OR DRIZZLE
                        GRTST DEPTH:   0           7 = DUSTSTORM OR SANDSTORM:
                                                       VSBY 1/2 MILE OR LESS
                                                   8 = SMOKE OR HAZE
[NO. OF DAYS WITH]      [WEATHER - DAYS WITH]      9 = BLOWING SNOW
                                                   X = TORNADO
MAX 32 OR BELOW:   0    0.01 INCH OR MORE:  13
MAX 90 OR ABOVE:   2    0.10 INCH OR MORE:   9
MIN 32 OR BELOW:   0    0.50 INCH OR MORE:   3
MIN  0 OR BELOW:   0    1.00 INCH OR MORE:   0

[HDD (BASE 65) ]
TOTAL THIS MO.   212    CLEAR  (SCALE 0-3)   7
DPTR FM NORMAL   -16    PTCLDY (SCALE 4-7)  11
TOTAL FM JUL 1  5191    CLOUDY (SCALE 8-10) 13
DPTR FM NORMAL -1010

[CDD (BASE 65) ]
TOTAL THIS MO.    30
DPTR FM NORMAL    -1    [PRESSURE DATA]
TOTAL FM JAN 1    52    HIGHEST SLP 30.32 ON 21
DPTR FM NORMAL    15    LOWEST  SLP 29.25 ON  6

[REMARKS]
#FINAL-05-17#
CORRECTED SNOW DEPTH TO MISSING
INSTRUMENT FAILURE MAY 7TH TO 8TH
PRECIPITATION ESTIMATED AND SOME TEMPERATURES ESTIMATED
