744
CXUS51 KBGM 061010
CF6AVP
PRELIMINARY LOCAL CLIMATOLOGICAL DATA (WS FORM: F-6)

                                          STATION:   AVOCA PA
                                          MONTH:     MAY
                                          YEAR:      2016
                                          LATITUDE:   41 19 N
                                          LONGITUDE:  75 44 W

  TEMPERATURE IN F:       :PCPN:    SNOW:  WIND      :SUNSHINE: SKY     :PK WND
================================================================================
1   2   3   4   5  6A  6B    7    8   9   10  11  12  13   14  15   16   17  18
                                     12Z  AVG MX 2MIN
DY MAX MIN AVG DEP HDD CDD  WTR  SNW DPTH SPD SPD DIR MIN PSBL S-S WX    SPD DR
================================================================================

 1  52  42  47  -7  18   0 0.33  0.0    M  2.3  9 200   M    M  10 1      15 200
 2  62  47  55   0  10   0 0.10  0.0    M  4.9 14 340   M    M   9 13     17 330
 3  54  47  51  -4  14   0 0.50  0.0    M  3.4  9 320   M    M  10 18     10 310
 4  53  48  51  -4  14   0 0.25  0.0    M  3.0 10  50   M    M  10 12     14  40
 5  56  46  51  -5  14   0 0.00  0.0    M  7.3 18  30   M    M  10        24  20
 6  55  49  52  -4  13   0 0.39  0.0    M  8.2 16  40   M    M  10 18     25  40
 7  61  48  55  -1  10   0 0.01  0.0    M  3.7 10 230   M    M   8 18     13 230
 8  62  44  53  -3  12   0    T  0.0    M 10.8 26 340   M    M   7        37 340
 9  69  40  55  -2  10   0 0.00  0.0    M  5.8 17  20   M    M   1        21  20
10  61  38  50  -7  15   0    T  0.0    M  5.5 15 250   M    M   0        20 240
11  77  42  60   3   5   0 0.00  0.0    M  5.6 15 240   M    M   0        20 210
12  81  49  65   7   0   0 0.00  0.0    M  6.9 15 230   M    M   1 18     24 240
13  67  52  60   2   5   0 0.55  0.0    M  5.1 13 190   M    M   8 1      19 200
14  71  45  58   0   7   0 0.09  0.0    M  7.2 25 230   M    M   3 138    34 230
15  52  38  45 -13  20   0    T  0.0    M 12.5 30 320   M    M   7        40 290
16  63  35  49 -10  16   0 0.00  0.0    M 12.3 25 300   M    M   3        37 300
17  65  48  57  -2   8   0    T  0.0    M  6.2 16 250   M    M   6        22 250
18  67  46  57  -2   8   0 0.00  0.0    M  4.8 13  30   M    M   6        16  30
19  69  46  58  -2   7   0 0.00  0.0    M  6.1 18 310   M    M   4        23 320
20  74  42  58  -2   7   0 0.00  0.0    M  3.9 13  40   M    M   1        15 310
21  66  51  59  -1   6   0 0.03  0.0    M  3.7 12  70   M    M   7        14  80
22  61  47  54  -6  11   0 0.05  0.0    M  2.7 10 340   M    M   9 1      13 350
23  77  51  64   3   1   0 0.03  0.0    M  2.2 13 130   M    M   5 13     21 150
24  82  53  68   7   0   3 0.00  0.0    M  7.2 23 340   M    M   1        29 320
25  87  49  68   7   0   3 0.00  0.0    M  5.4 17 230   M    M   0        20 230
26  88  56  72  10   0   7 0.00  0.0    M  4.8 15 260   M    M   3        21 250
27  88  68  78  16   0  13 0.00  0.0    M  5.1 15 260   M    M   2 8      21 260
28  92  65  79  17   0  14 0.00  0.0    M  3.7 17 330   M    M   1 13     22 330
29  88  68  78  16   0  13    T  0.0    M  5.1 14 210   M    M   1 18     26 250
30  86  63  75  12   0  10 0.22  0.0    M  3.4 14 300   M    M   5 13     18 310
31  85  60  73  10   0   8 0.00  0.0    M  4.7 16 310   M    M   3 128    22 350
================================================================================
SM 2171 1523       231  71  2.55     0.0 173.5          M      151
================================================================================
AV 70.0 49.1                               5.6 FASTST   M    M   5    MAX(MPH)
                                 MISC ---->  # 30 320               # 40  290
================================================================================
NOTES:
# LAST OF SEVERAL OCCURRENCES

COLUMN 17 PEAK WIND IN M.P.H.

PRELIMINARY LOCAL CLIMATOLOGICAL DATA (WS FORM: F-6) , PAGE 2

                                          STATION:  AVOCA PA
                                          MONTH:    MAY
                                          YEAR:     2016
                                          LATITUDE:   41 19 N
                                          LONGITUDE:  75 44 W

[TEMPERATURE DATA]      [PRECIPITATION DATA]       SYMBOLS USED IN COLUMN 16

AVERAGE MONTHLY: 59.6   TOTAL FOR MONTH:   2.55    1 = FOG OR MIST
DPTR FM NORMAL:   1.0   DPTR FM NORMAL:   -0.97    2 = FOG REDUCING VISIBILITY
HIGHEST:    92 ON 28    GRTST 24HR  0.57 ON  2- 3      TO 1/4 MILE OR LESS
LOWEST:     35 ON 16                               3 = THUNDER
                        SNOW, ICE PELLETS, HAIL    4 = ICE PELLETS
                        TOTAL MONTH:   0.0 INCH    5 = HAIL
                        GRTST 24HR     0.0         6 = FREEZING RAIN OR DRIZZLE
                        GRTST DEPTH:  M  ON   M    7 = DUSTSTORM OR SANDSTORM:
                                                       VSBY 1/2 MILE OR LESS
                                                   8 = SMOKE OR HAZE
[NO. OF DAYS WITH]      [WEATHER - DAYS WITH]      9 = BLOWING SNOW
                                                   X = TORNADO
MAX 32 OR BELOW:   0    0.01 INCH OR MORE:  12
MAX 90 OR ABOVE:   1    0.10 INCH OR MORE:   7
MIN 32 OR BELOW:   0    0.50 INCH OR MORE:   2
MIN  0 OR BELOW:   0    1.00 INCH OR MORE:   0

[HDD (BASE 65) ]
TOTAL THIS MO.   231    CLEAR  (SCALE 0-3)  13
DPTR FM NORMAL     3    PTCLDY (SCALE 4-7)   9
TOTAL FM JUL 1  4942    CLOUDY (SCALE 8-10)  9
DPTR FM NORMAL -1259

[CDD (BASE 65) ]
TOTAL THIS MO.    71
DPTR FM NORMAL    40    [PRESSURE DATA]
TOTAL FM JAN 1    72    HIGHEST SLP 30.30 ON 20
DPTR FM NORMAL    35    LOWEST  SLP 29.58 ON  8

[REMARKS]
#FINAL-05-16#
