000
CXUS51 KBGM 051129
CF6AVP
PRELIMINARY LOCAL CLIMATOLOGICAL DATA (WS FORM: F-6)

                                          STATION:   AVOCA PA
                                          MONTH:     NOVEMBER
                                          YEAR:      2013
                                          LATITUDE:   41 19 N
                                          LONGITUDE:  75 44 W

  TEMPERATURE IN F:       :PCPN:    SNOW:  WIND      :SUNSHINE: SKY     :PK WND
================================================================================
1   2   3   4   5  6A  6B    7    8   9   10  11  12  13   14  15   16   17  18
                                     12Z  AVG MX 2MIN
DY MAX MIN AVG DEP HDD CDD  WTR  SNW DPTH SPD SPD DIR MIN PSBL S-S WX    SPD DR
================================================================================

 1  69  46  58  12   7   0 0.24  0.0    M 12.2 33 230   M    M   4 1      47 230
 2  57  45  51   5  14   0 0.01  0.0    M  5.2 20 330   M    M   8 1      24 320
 3  45  29  37  -9  28   0    T  0.0    M 11.2 21 360   M    M   7        29  10
 4  45  22  34 -11  31   0 0.00  0.0    M  2.7  9 140   M    M   0        16 150
 5  52  31  42  -3  23   0 0.00  0.0    M  3.8 14 190   M    M   4        22 210
 6  58  46  52   7  13   0 0.00  0.0    M  5.9 14 220   M    M   7        22 180
 7  57  37  47   3  18   0 0.65    T    M  7.7 24 340   M    M   9 1      31 340
 8  45  34  40  -4  25   0 0.03    T    M  9.4 25 310   M    M   7 1      33 300
 9  47  31  39  -5  26   0 0.00  0.0    M  5.9 13 240   M    M   3        18 190
10  51  38  45   2  20   0 0.02    T    M 10.1 30 320   M    M   9        40 330
11  47  33  40  -3  25   0 0.00  0.0    M  7.3 26 330   M    M   7        35 340
12  46  26  36  -7  29   0 0.05  1.3    M  9.2 22 360   M    M   8 1      31 360
13  36  22  29 -13  36   0    T    T    M  8.3 18 320   M    M   2        23 320
14  49  29  39  -3  26   0 0.00  0.0    M  7.3 16 240   M    M   0        23 230
15  54  29  42   0  23   0 0.00  0.0    M  2.8 15 240   M    M   0        20 250
16  60  38  49   8  16   0    T  0.0    M  3.0 12 170   M    M   2        18 140
17  60  49  55  14  10   0    T  0.0    M  7.3 21 180   M    M  10        31 180
18  61  42  52  11  13   0 0.21  0.0    M 13.1 31 240   M    M   5 1      43 230
19  41  30  36  -4  29   0 0.00  0.0    M 12.7 28 310   M    M   9        36 310
20  43  23  33  -7  32   0 0.00  0.0    M  2.9  9 130   M    M   0        15 120
21  46  24  35  -5  30   0 0.01  0.0    M  3.0 12 210   M    M   5        20 190
22  48  43  46   7  19   0 0.07  0.0    M  6.7 25 310   M    M  10 18     37 320
23  44  20  32  -7  33   0    T  0.4    M 12.7 33 330   M    M   7 128    45 320
24  24  16  20 -18  45   0    T    T    M 13.5 28 330   M    M   5        38 330
25  33  16  25 -13  40   0 0.00  0.0    M  6.9 14 240   M    M   1        23 200
26  39  26  33  -5  32   0 0.83  0.5    M  3.7 13  30   M    M  10 1      16  30
27  48  27  38   1  27   0 0.62  0.5    M 10.6 25 320   M    M  10 1      38 140
28  30  22  26 -11  39   0    T    T    M 10.8 25 290   M    M   7        40 280
29  32  16  24 -12  41   0    T    T    M  3.1 14 330   M    M   7 8      17 330
30  33  13  23 -13  42   0 0.00  0.0    M  4.8 17 210   M    M   2        26 210
================================================================================
SM 1400  903       792   0  2.74     2.7 223.8          M      165
================================================================================
AV 46.7 30.1                               7.5 FASTST   M    M   6    MAX(MPH)
                                 MISC ---->  # 33 230               # 47  230
================================================================================
NOTES:
# LAST OF SEVERAL OCCURRENCES

COLUMN 17 PEAK WIND IN M.P.H.

PRELIMINARY LOCAL CLIMATOLOGICAL DATA (WS FORM: F-6) , PAGE 2

                                          STATION:  AVOCA PA
                                          MONTH:    NOVEMBER
                                          YEAR:     2013
                                          LATITUDE:   41 19 N
                                          LONGITUDE:  75 44 W

[TEMPERATURE DATA]      [PRECIPITATION DATA]       SYMBOLS USED IN COLUMN 16

AVERAGE MONTHLY: 38.4   TOTAL FOR MONTH:   2.74    1 = FOG OR MIST
DPTR FM NORMAL:  -3.0   DPTR FM NORMAL:   -0.40    2 = FOG REDUCING VISIBILITY
HIGHEST:    69 ON  1    GRTST 24HR  1.37 ON 26-27      TO 1/4 MILE OR LESS
LOWEST:     13 ON 30                               3 = THUNDER
                        SNOW, ICE PELLETS, HAIL    4 = ICE PELLETS
                        TOTAL MONTH:   2.7 INCHES  5 = HAIL
                        GRTST 24HR   1.3 ON   M    6 = FREEZING RAIN OR DRIZZLE
                        GRTST DEPTH:  M  ON   M    7 = DUSTSTORM OR SANDSTORM:
                                                       VSBY 1/2 MILE OR LESS
                                                   8 = SMOKE OR HAZE
[NO. OF DAYS WITH]      [WEATHER - DAYS WITH]      9 = BLOWING SNOW
                                                   X = TORNADO
MAX 32 OR BELOW:   3    0.01 INCH OR MORE:  11
MAX 90 OR ABOVE:   0    0.10 INCH OR MORE:   5
MIN 32 OR BELOW:  19    0.50 INCH OR MORE:   3
MIN  0 OR BELOW:   0    1.00 INCH OR MORE:   0

[HDD (BASE 65) ]
TOTAL THIS MO.   792    CLEAR  (SCALE 0-3)   9
DPTR FM NORMAL    82    PTCLDY (SCALE 4-7)  13
TOTAL FM JUL 1  1276    CLOUDY (SCALE 8-10)  8
DPTR FM NORMAL   -37

[CDD (BASE 65) ]
TOTAL THIS MO.     0
DPTR FM NORMAL     0    [PRESSURE DATA]
TOTAL FM JAN 1   795    HIGHEST SLP 30.74 ON 30
DPTR FM NORMAL   215    LOWEST  SLP 29.41 ON  1

[REMARKS]
#FINAL-11-13#
