000
CXUS51 KBGM 012048
CF6AVP
PRELIMINARY LOCAL CLIMATOLOGICAL DATA (WS FORM: F-6)

                                          STATION:   AVOCA PA
                                          MONTH:     AUGUST
                                          YEAR:      2013
                                          LATITUDE:   41 19 N
                                          LONGITUDE:  75 44 W

  TEMPERATURE IN F:       :PCPN:    SNOW:  WIND      :SUNSHINE: SKY     :PK WND
================================================================================
1   2   3   4   5  6A  6B    7    8   9   10  11  12  13   14  15   16   17  18
                                     12Z  AVG MX 2MIN
DY MAX MIN AVG DEP HDD CDD  WTR  SNW DPTH SPD SPD DIR MIN PSBL S-S WX    SPD DR
================================================================================

 1  75  64  70  -1   0   5 0.17  0.0    M  2.9 16  20   M    M   9 18     22  10
 2  81  59  70  -1   0   5 0.00  0.0    M  5.2 21 250   M    M   3 12     29 260
 3  79  60  70  -1   0   5 0.09  0.0    M  5.0 15 330   M    M   7 1      21 340
 4  77  54  66  -5   0   1 0.00  0.0    M  6.5 18 340   M    M   3        26 300
 5  76  51  64  -7   1   0 0.00  0.0    M  4.4 13 320   M    M   1        18  20
 6  76  53  65  -6   0   0 0.00  0.0    M  3.5 12 190   M    M   5        20 110
 7  73  64  69  -2   0   4 0.02  0.0    M  3.3 13 170   M    M  10 1      21 180
 8  85  63  74   3   0   9 0.01  0.0    M  4.2 13 180   M    M   7 1      35 210
 9  84  67  76   5   0  11 0.32  0.0    M  3.6 18 320   M    M   7 1      24 320
10  82  59  71   1   0   6 0.00  0.0    M  5.9 16 320   M    M   0 1      21 330
11  79  55  67  -3   0   2 0.00  0.0    M  4.9 12 220   M    M   6        17 260
12  83  58  71   1   0   6 0.00  0.0    M  3.6 14 250   M    M   4        16 250
13  82  62  72   2   0   7 0.19  0.0    M  5.2 22 320   M    M   6 18     26 320
14  71  52  62  -8   3   0 0.00  0.0    M  7.5 20 320   M    M   6        26 350
15  75  46  61  -9   4   0 0.00  0.0    M  4.0 14 300   M    M   1        21 310
16  79  51  65  -5   0   0 0.00  0.0    M  4.1 10 340   M    M   2        16 310
17  81  53  67  -3   0   2 0.00  0.0    M  3.9 10 330   M    M   0        14 320
18  74  61  68  -2   0   3 0.00  0.0    M  2.1  8 250   M    M   1        10 270
19  81  57  69  -1   0   4    T  0.0    M  2.1 12 240   M    M   1        20 290
20  85  58  72   3   0   7 0.00  0.0    M  3.4 13 270   M    M   2 18     18 330
21  87  58  73   4   0   8 0.07  0.0    M  4.5 15 250   M    M   0 18     20 250
22  86  67  77   8   0  12 0.19  0.0    M  4.4 18 330   M    M   3 18     22 350
23  80  57  69   0   0   4 0.00  0.0    M  5.7 16  20   M    M   1 18     22 340
24  80  53  67  -2   0   2 0.00  0.0    M  4.7 13 360   M    M   0        20 320
25  83  52  68  -1   0   3 0.00  0.0    M  5.4 15 250   M    M   0        20 260
26  84  66  75   7   0  10 0.23  0.0    M  6.9 20 330   M    M   4 1      28 320
27  86  67  77   9   0  12 0.01  0.0    M  5.5 12 320   M    M   5 1      16  40
28  81  67  74   6   0   9 0.05  0.0    M  2.1  9 130   M    M   5 18     12  70
29  85  67  76   8   0  11 0.08  0.0    M  2.5 18  30   M    M   7 13     23  30
30  88  64  76   8   0  11 0.00  0.0    M  4.9 13 240   M    M   4 128    20 250
31  87  70  79  12   0  14    T  0.0    M  5.5 16 240   M    M   2 18     22 240
================================================================================
SM 2505 1835         8 173  1.43     0.0 137.4          M      112
================================================================================
AV 80.8 59.2                               4.4 FASTST   M    M   4    MAX(MPH)
                                 MISC ---->  # 22 320               # 35  210
================================================================================
NOTES:
# LAST OF SEVERAL OCCURRENCES

COLUMN 17 PEAK WIND IN M.P.H.

PRELIMINARY LOCAL CLIMATOLOGICAL DATA (WS FORM: F-6) , PAGE 2

                                          STATION:  AVOCA PA
                                          MONTH:    AUGUST
                                          YEAR:     2013
                                          LATITUDE:   41 19 N
                                          LONGITUDE:  75 44 W

[TEMPERATURE DATA]      [PRECIPITATION DATA]       SYMBOLS USED IN COLUMN 16

AVERAGE MONTHLY: 70.0   TOTAL FOR MONTH:   1.43    1 = FOG OR MIST
DPTR FM NORMAL:   0.3   DPTR FM NORMAL:   -1.98    2 = FOG REDUCING VISIBILITY
HIGHEST:    88 ON 30    GRTST 24HR  0.33 ON  8- 9      TO 1/4 MILE OR LESS
LOWEST:     46 ON 15                               3 = THUNDER
                        SNOW, ICE PELLETS, HAIL    4 = ICE PELLETS
                        TOTAL MONTH:   0.0 INCH    5 = HAIL
                        GRTST 24HR     0.0         6 = FREEZING RAIN OR DRIZZLE
                        GRTST DEPTH:  M  ON   M    7 = DUSTSTORM OR SANDSTORM:
                                                       VSBY 1/2 MILE OR LESS
                                                   8 = SMOKE OR HAZE
[NO. OF DAYS WITH]      [WEATHER - DAYS WITH]      9 = BLOWING SNOW
                                                   X = TORNADO
MAX 32 OR BELOW:   0    0.01 INCH OR MORE:  12
MAX 90 OR ABOVE:   0    0.10 INCH OR MORE:   5
MIN 32 OR BELOW:   0    0.50 INCH OR MORE:   0
MIN  0 OR BELOW:   0    1.00 INCH OR MORE:   0

[HDD (BASE 65) ]
TOTAL THIS MO.     8    CLEAR  (SCALE 0-3)  14
DPTR FM NORMAL   -10    PTCLDY (SCALE 4-7)  15
TOTAL FM JUL 1     9    CLOUDY (SCALE 8-10)  2
DPTR FM NORMAL   -17

[CDD (BASE 65) ]
TOTAL THIS MO.   173
DPTR FM NORMAL     9    [PRESSURE DATA]
TOTAL FM JAN 1   702    HIGHEST SLP 30.42 ON 25
DPTR FM NORMAL   178    LOWEST  SLP 29.68 ON 13

[REMARKS]
#FINAL-08-13#
