000
CXUS51 KBGM 030141 CCA
CF6AVP

PRELIMINARY LOCAL CLIMATOLOGICAL DATA (WS FORM: F-6)

                                          STATION:   AVOCA PA
                                          MONTH:     APRIL
                                          YEAR:      2014
                                          LATITUDE:   41 19 N
                                          LONGITUDE:  75 44 W

  TEMPERATURE IN F:       :PCPN:    SNOW:  WIND      :SUNSHINE: SKY     :PK WND
================================================================================
1   2   3   4   5  6A  6B    7    8   9   10  11  12  13   14  15   16   17  18
                                     12Z  AVG MX 2MIN
DY MAX MIN AVG DEP HDD CDD  WTR  SNW DPTH SPD SPD DIR MIN PSBL S-S WX    SPD DR
================================================================================

 1  61  27  44   1  21   0 0.00  0.0    M  2.9 13 340   M    M   0        18 180
 2  62  41  52   9  13   0 0.00  0.0    M  2.6 13  40   M    M   2        22 300
 3  57  37  47   3  18   0 0.04  0.0    M  4.8 12 300   M    M   2        17 280
 4  44  41  43  -1  22   0 0.17  0.0    M  4.6 16 280   M    M   9 1      24 180
 5  47  33  40  -4  25   0    T  0.0    M 13.2 28 290   M    M   8 1      37 290
 6  57  29  43  -2  22   0 0.00  0.0    M  6.6 16 330   M    M   0        21 330
 7  48  34  41  -4  24   0 0.11  0.0    M  4.8 20 130   M    M   6 18     32 130
 8  58  42  50   4  15   0 0.13  0.0    M 10.8 25 230   M    M  10 1      38 250
 9  55  32  44  -2  21   0    T  0.0    M  9.1 25 330   M    M   1 1      32 340
10  66  29  48   1  17   0 0.00  0.0    M  9.3 21 190   M    M   0        41 220
11  65  45  55   8  10   0 0.32  0.0    M  5.9 15 320   M    M   9 1      22 220
12  68  44  56   9   9   0 0.00  0.0    M  7.2 16 270   M    M   4 1      25 300
13  81  55  68  20   0   3 0.00  0.0    M 10.2 21 230   M    M   1        37 190
14  76  62  69  21   0   4 0.00  0.0    M 12.5 26 200   M    M   2        40 190
15  66  29  48  -1  17   0 1.11  0.7    M 14.8 30 320   M    M  10 1      40 320
16  41  23  32 -17  33   0    T    T    M 11.0 25 320   M    M   2        32 320
17  53  28  41  -8  24   0 0.00  0.0    M  7.0 16 190   M    M   0        28 130
18  54  29  42  -8  23   0 0.00  0.0    M  6.5 15 270   M    M   1        24 190
19  61  34  48  -2  17   0 0.00  0.0    M  8.9 22 310   M    M   0        30 300
20  67  36  52   2  13   0 0.00  0.0    M  7.3 17 170   M    M   0 8      25 190
21  73  36  55   4  10   0 0.00  0.0    M  7.5 18 280   M    M   0        23 190
22  65  48  57   6   8   0 0.03  0.0    M  7.2 22 300   M    M   5 1      26 300
23  49  39  44  -8  21   0    T  0.0    M 16.0 26 320   M    M  10        35 320
24  57  33  45  -7  20   0 0.00  0.0    M 13.9 29 320   M    M   0        38 330
25  67  32  50  -2  15   0 0.11  0.0    M  7.2 16 200   M    M   3 1      28 190
26  62  44  53   0  12   0 0.09  0.0    M  8.6 24 320   M    M   7 1      33 320
27  55  41  48  -5  17   0 0.00  0.0    M 11.0 23 310   M    M   9        31 310
28  63  32  48  -5  17   0    T  0.0    M  7.1 14 200   M    M   0        18 190
29  54  41  48  -6  17   0 0.22  0.0    M  8.2 18 150   M    M  10 1      36 120
30  54  41  48  -6  17   0 0.68  0.0    M  9.8 23 130   M    M  10 1      43 110
================================================================================
SM 1786 1117       498   7  3.01     0.7 256.5          M      121
================================================================================
AV 59.5 37.2                               8.5 FASTST   M    M   4    MAX(MPH)
                                 MISC ---->  # 30 320               # 43  110
================================================================================
NOTES:
# LAST OF SEVERAL OCCURRENCES

COLUMN 17 PEAK WIND IN M.P.H.

PRELIMINARY LOCAL CLIMATOLOGICAL DATA (WS FORM: F-6) , PAGE 2

                                          STATION:  AVOCA PA
                                          MONTH:    APRIL
                                          YEAR:     2014
                                          LATITUDE:   41 19 N
                                          LONGITUDE:  75 44 W

[TEMPERATURE DATA]      [PRECIPITATION DATA]       SYMBOLS USED IN COLUMN 16

AVERAGE MONTHLY: 48.4   TOTAL FOR MONTH:   3.01    1 = FOG OR MIST
DPTR FM NORMAL:  -0.2   DPTR FM NORMAL:   -0.32    2 = FOG REDUCING VISIBILITY
HIGHEST:    81 ON 13    GRTST 24HR  1.11 ON 15-15      TO 1/4 MILE OR LESS
LOWEST:     23 ON 16                               3 = THUNDER
                        SNOW, ICE PELLETS, HAIL    4 = ICE PELLETS
                        TOTAL MONTH:   0.7 INCH    5 = HAIL
                        GRTST 24HR   0.7 ON 15     6 = FREEZING RAIN OR DRIZZLE
                        GRTST DEPTH:  M  ON   M    7 = DUSTSTORM OR SANDSTORM:
                                                       VSBY 1/2 MILE OR LESS
                                                   8 = SMOKE OR HAZE
[NO. OF DAYS WITH]      [WEATHER - DAYS WITH]      9 = BLOWING SNOW
                                                   X = TORNADO
MAX 32 OR BELOW:   0    0.01 INCH OR MORE:  11
MAX 90 OR ABOVE:   0    0.10 INCH OR MORE:   8
MIN 32 OR BELOW:  10    0.50 INCH OR MORE:   2
MIN  0 OR BELOW:   0    1.00 INCH OR MORE:   1

[HDD (BASE 65) ]
TOTAL THIS MO.   498    CLEAR  (SCALE 0-3)  16
DPTR FM NORMAL     2    PTCLDY (SCALE 4-7)   6
TOTAL FM JUL 1  6364    CLOUDY (SCALE 8-10)  8
DPTR FM NORMAL   391

[CDD (BASE 65) ]
TOTAL THIS MO.     7
DPTR FM NORMAL     1    [PRESSURE DATA]
TOTAL FM JAN 1     7    HIGHEST SLP 30.67 ON 17
DPTR FM NORMAL     1    LOWEST  SLP 29.38 ON  8

[REMARKS]
#FINAL-04-14#
CORRECTED GREATEST 24 HOUR SNOW DATE
