000
CXUS51 KBGM 300800
CF6AVP
PRELIMINARY LOCAL CLIMATOLOGICAL DATA (WS FORM: F-6)

                                          STATION:   AVOCA PA
                                          MONTH:     JANUARY
                                          YEAR:      2015
                                          LATITUDE:   41 19 N
                                          LONGITUDE:  75 44 W

  TEMPERATURE IN F:       :PCPN:    SNOW:  WIND      :SUNSHINE: SKY     :PK WND
================================================================================
1   2   3   4   5  6A  6B    7    8   9   10  11  12  13   14  15   16   17  18
                                     12Z  AVG MX 2MIN
DY MAX MIN AVG DEP HDD CDD  WTR  SNW DPTH SPD SPD DIR MIN PSBL S-S WX    SPD DR
================================================================================

 1  36  19  28   1  37   0 0.00  0.0    M 11.8 22 240   M    M   1        34 240
 2  40  26  33   7  32   0 0.00  0.0    M  8.0 21 280   M    M   6        25 280
 3  40  25  33   7  32   0 0.44  1.0    M  3.8 14 180   M    M   6 18     20 190
 4  49  37  43  17  22   0 0.16  0.0    M  6.6 33 270   M    M   7 12     47 270
 5  42  15  29   3  36   0    T    T    M 15.8 26 310   M    M   5        41 280
 6  19  13  16 -10  49   0 0.07  1.0    M  7.1 15 250   M    M   6 8      18 250
 7  19   3  11 -15  54   0    T  0.4    M 13.6 28 330   M    M   7 8      36 320
 8  15   2   9 -17  56   0    T  0.3    M  9.5 21 300   M    M   1        29 310
 9  29  14  22  -4  43   0 0.01  0.3    M 12.4 24 240   M    M   7 8      32 220
10  16   7  12 -14  53   0 0.00  0.0    M  9.0 16 240   M    M   0        21 230
11  34  13  24  -2  41   0 0.00  0.0    M  5.3 14 210   M    M   8        22 230
12  35  29  32   6  33   0 0.22  0.5    M  6.7 21 340   M    M  10 126    29 320
13  31   6  19  -7  46   0    T    T    M  9.2 22 350   M    M   2        29 360
14  26   6  16 -10  49   0    T    T    M  3.4  8  70   M    M   8        10  70
15  31  19  25  -1  40   0 0.00  0.0    M  5.1 14 240   M    M   5 18     20 200
16  34  14  24  -2  41   0    T  0.2    M 10.8 25 320   M    M   7 8      35 310
17  31   7  19  -7  46   0 0.00  0.0    M  5.1 13 220   M    M   0        20 180
18  41  24  33   7  32   0 0.03  0.0    M  5.5 14 240   M    M   7 18     20 190
19  37  31  34   8  31   0    T    T    M  8.3 20 300   M    M  10 18     24 290
20  33  22  28   2  37   0    T    T    M  4.7 14 330   M    M   8        18 320
21  31  13  22  -4  43   0 0.03  0.2    M  1.9  8 300   M    M   5 18     11 270
22  34  19  27   1  38   0 0.03  0.5    M  3.3 16 330   M    M   6 18     19 330
23  33  11  22  -4  43   0 0.01    T    M  3.0 14 250   M    M   4 18     17 260
24  35  29  32   6  33   0 0.53  5.5    M  4.9 15 260   M    M   8 18     23 260
25  35  20  28   2  37   0 0.01  0.1    M 10.4 21 300   M    M   6 8      30 300
26  24  16  20  -6  45   0 0.13  1.6    M  9.0 15  60   M    M  10 18     23  30
27  25  12  19  -7  46   0 0.03  0.8    M 10.2 26 330   M    M   9 1      32 320
28  29  10  20  -6  45   0 0.00  0.0    0  8.2 20 340   M    M   0        28 340
29  32   2  17  -9  48   0 0.02  0.4    0  4.1 14 220   M    M   5 8      21 230
================================================================================
SM  916  464      1188   0  1.72    12.8 216.7          M      164
================================================================================
AV 31.6 16.0                               7.5 FASTST   M    M   6    MAX(MPH)
                                 MISC ---->  # 33 270               # 47  270
================================================================================
NOTES:
# LAST OF SEVERAL OCCURRENCES

COLUMN 17 PEAK WIND IN M.P.H.

PRELIMINARY LOCAL CLIMATOLOGICAL DATA (WS FORM: F-6) , PAGE 2

                                          STATION:  AVOCA PA
                                          MONTH:    JANUARY
                                          YEAR:     2015
                                          LATITUDE:   41 19 N
                                          LONGITUDE:  75 44 W

[TEMPERATURE DATA]      [PRECIPITATION DATA]       SYMBOLS USED IN COLUMN 16

AVERAGE MONTHLY: 23.8   TOTAL FOR MONTH:   1.72    1 = FOG OR MIST
DPTR FM NORMAL:  -2.2   DPTR FM NORMAL:   -0.49    2 = FOG REDUCING VISIBILITY
HIGHEST:    49 ON  4    GRTST 24HR  0.58 ON  3- 4      TO 1/4 MILE OR LESS
LOWEST:      2 ON 29, 8                            3 = THUNDER
                        SNOW, ICE PELLETS, HAIL    4 = ICE PELLETS
                        TOTAL MONTH:  12.8 INCHES  5 = HAIL
                        GRTST 24HR   5.5 ON 24-24  6 = FREEZING RAIN OR DRIZZLE
                        GRTST DEPTH:   0           7 = DUSTSTORM OR SANDSTORM:
                                                       VSBY 1/2 MILE OR LESS
                                                   8 = SMOKE OR HAZE
[NO. OF DAYS WITH]      [WEATHER - DAYS WITH]      9 = BLOWING SNOW
                                                   X = TORNADO
MAX 32 OR BELOW:  14    0.01 INCH OR MORE:  14
MAX 90 OR ABOVE:   0    0.10 INCH OR MORE:   5
MIN 32 OR BELOW:  28    0.50 INCH OR MORE:   1
MIN  0 OR BELOW:   0    1.00 INCH OR MORE:   0

[HDD (BASE 65) ]
TOTAL THIS MO.  1188    CLEAR  (SCALE 0-3)   6
DPTR FM NORMAL    58    PTCLDY (SCALE 4-7)  18
TOTAL FM JUL 1  3280    CLOUDY (SCALE 8-10)  5
DPTR FM NORMAL  -228

[CDD (BASE 65) ]
TOTAL THIS MO.     0
DPTR FM NORMAL     0    [PRESSURE DATA]
TOTAL FM JAN 1     0    HIGHEST SLP 30.66 ON 13
DPTR FM NORMAL     0    LOWEST  SLP 29.37 ON 24

[REMARKS]
