000
CXUS51 KBGM 310550
CF6AVP
PRELIMINARY LOCAL CLIMATOLOGICAL DATA (WS FORM: F-6)

                                          STATION:   AVOCA PA
                                          MONTH:     OCTOBER
                                          YEAR:      2014
                                          LATITUDE:   41 19 N
                                          LONGITUDE:  75 44 W

  TEMPERATURE IN F:       :PCPN:    SNOW:  WIND      :SUNSHINE: SKY     :PK WND
================================================================================
1   2   3   4   5  6A  6B    7    8   9   10  11  12  13   14  15   16   17  18
                                     12Z  AVG MX 2MIN
DY MAX MIN AVG DEP HDD CDD  WTR  SNW DPTH SPD SPD DIR MIN PSBL S-S WX    SPD DR
================================================================================

 1  75  56  66  10   0   1    T  0.0    M  3.9 13  60   M    M   7        17  30
 2  71  54  63   7   2   0 0.00  0.0    M  2.7  9  50   M    M   8        14  20
 3  71  52  62   7   3   0 0.02  0.0    M  6.1 15 160   M    M   6        25 130
 4  62  41  52  -3  13   0 0.18  0.0    M  8.0 18 260   M    M   7 1      24 230
 5  54  33  44 -11  21   0 0.00  0.0    M  6.0 16 260   M    M   5        21 220
 6  69  41  55   1  10   0 0.00  0.0    M  8.5 21 150   M    M   5        37 150
 7  71  57  64  10   1   0 0.06  0.0    M  9.2 20 190   M    M   7        32 170
 8  69  54  62   9   3   0 0.00  0.0    M 13.0 25 270   M    M   6        34 250
 9  67  44  56   3   9   0 0.00  0.0    M 10.1 22 240   M    M   1        32 240
10  62  39  51  -2  14   0 0.00  0.0    M  3.3 10 250   M    M   0        13 260
11  61  43  52   0  13   0 0.12  0.0    M  4.0 13 340   M    M   6 1      16 310
12  64  36  50  -2  15   0 0.00  0.0    M  3.1 10 300   M    M   1        14 180
13  64  54  59   7   6   0 0.00  0.0    M  4.4 12 180   M    M  10        18 140
14  77  63  70  19   0   5 0.00  0.0    M  6.8 17 200   M    M   8        26 180
15  75  64  70  19   0   5 2.62  0.0    M  6.1 17 230   M    M   9 128    26 180
16  72  53  63  12   2   0 0.36  0.0    M  5.3 17 240   M    M   5 13     23 240
17  70  53  62  12   3   0 0.00  0.0    M  7.5 21 250   M    M   4 18     26 230
18  63  48  56   6   9   0 0.02  0.0    M  7.0 21 250   M    M   9        27 250
19  50  33  42  -8  23   0    T  0.0    M 10.3 23 320   M    M   6 1      32 300
20  59  32  46  -4  19   0 0.00  0.0    M  4.0 15 210   M    M   4        22 220
21  60  50  55   6  10   0 0.04  0.0    M  2.7 12  30   M    M  10 1      14  30
22  54  48  51   2  14   0 0.11  0.0    M 10.0 20 360   M    M  10 1      28  10
23  50  45  48  -1  17   0 0.54  0.0    M  9.2 18 350   M    M  10 1      24  20
24  66  44  55   7  10   0 0.00  0.0    M  9.9 21 310   M    M   4        28 340
25  66  37  52   4  13   0    T  0.0    M  6.1 17 320   M    M   4        23 310
26  57  49  53   5  12   0 0.00  0.0    M 10.8 22 310   M    M   8        29 310
27  62  38  50   3  15   0 0.00  0.0    M  2.8 14 290   M    M   1        20 300
28  81  47  64  17   1   0 0.00  0.0    0  4.3 17 180   M    M   0        28 180
29  67  47  57  10   8   0 0.15  0.0    0  4.9 15 260   M    M   8 1      21 240
30  50  37  44  -3  21   0 0.00  0.0    0  5.3 18 320   M    M   7 1      23 320
================================================================================
SM 1939 1392       287  11  4.22     0.0 195.3          M      176
================================================================================
AV 64.6 46.4                               6.5 FASTST   M    M   6    MAX(MPH)
                                 MISC ---->  # 25 270               # 37  150
================================================================================
NOTES:
# LAST OF SEVERAL OCCURRENCES

COLUMN 17 PEAK WIND IN M.P.H.

PRELIMINARY LOCAL CLIMATOLOGICAL DATA (WS FORM: F-6) , PAGE 2

                                          STATION:  AVOCA PA
                                          MONTH:    OCTOBER
                                          YEAR:     2014
                                          LATITUDE:   41 19 N
                                          LONGITUDE:  75 44 W

[TEMPERATURE DATA]      [PRECIPITATION DATA]       SYMBOLS USED IN COLUMN 16

AVERAGE MONTHLY: 55.5   TOTAL FOR MONTH:   4.22    1 = FOG OR MIST
DPTR FM NORMAL:   4.5   DPTR FM NORMAL:    0.98    2 = FOG REDUCING VISIBILITY
HIGHEST:    81 ON 28    GRTST 24HR  2.98 ON 15-16      TO 1/4 MILE OR LESS
LOWEST:     32 ON 20                               3 = THUNDER
                        SNOW, ICE PELLETS, HAIL    4 = ICE PELLETS
                        TOTAL MONTH:   0.0 INCH    5 = HAIL
                        GRTST 24HR     0.0         6 = FREEZING RAIN OR DRIZZLE
                        GRTST DEPTH:   0           7 = DUSTSTORM OR SANDSTORM:
                                                       VSBY 1/2 MILE OR LESS
                                                   8 = SMOKE OR HAZE
[NO. OF DAYS WITH]      [WEATHER - DAYS WITH]      9 = BLOWING SNOW
                                                   X = TORNADO
MAX 32 OR BELOW:   0    0.01 INCH OR MORE:  11
MAX 90 OR ABOVE:   0    0.10 INCH OR MORE:   7
MIN 32 OR BELOW:   1    0.50 INCH OR MORE:   2
MIN  0 OR BELOW:   0    1.00 INCH OR MORE:   1

[HDD (BASE 65) ]
TOTAL THIS MO.   287    CLEAR  (SCALE 0-3)   5
DPTR FM NORMAL  -134    PTCLDY (SCALE 4-7)  16
TOTAL FM JUL 1   400    CLOUDY (SCALE 8-10)  9
DPTR FM NORMAL  -183

[CDD (BASE 65) ]
TOTAL THIS MO.    11
DPTR FM NORMAL    11    [PRESSURE DATA]
TOTAL FM JAN 1   686    HIGHEST SLP M ON M
DPTR FM NORMAL   110    LOWEST  SLP 29.55 ON M

[REMARKS]
