642
CXUS51 KBGM 020009 AAA
CLAAVP

CLIMATE REPORT...UPDATED
NATIONAL WEATHER SERVICE BINGHAMTON NY
710 PM EST FRI JAN 1 2016

...................................

...THE AVOCA PA CLIMATE SUMMARY FOR THE YEAR OF 2015...

CLIMATE NORMAL PERIOD 1981 TO 2010
CLIMATE RECORD PERIOD 1901 TO 2015

WEATHER         OBSERVED          NORMAL  DEPART  LAST YEAR`S
                 VALUE   DATE(S)  VALUE   FROM    VALUE  DATE(S)
                                          NORMAL
................................................................
TEMPERATURE (F)
RECORD
 HIGH             103   07/09/1936
 LOW              -21   01/21/1994
HIGHEST            95   09/08        59      36       92  07/23
LOWEST             -9   02/24        40     -49       -6  02/12
AVG. MAXIMUM     61.3              58.8     2.5     58.7
AVG. MINIMUM     41.5              40.1     1.4     39.7
MEAN             51.4              49.4     2.0     49.2
DAYS MAX >= 90     13               6.3     6.7        5
DAYS MAX <= 32     38              36.2     1.8       53
DAYS MIN <= 32    112             123.6   -11.6      129
DAYS MIN <= 0       8               2.9     5.1        9

PRECIPITATION (INCHES)
RECORD
 MAXIMUM        60.00   2011
 MINIMUM        26.22   1963
TOTALS          31.18             38.26   -7.08    30.87
DAILY AVG.       0.09              0.10   -0.01     0.09
DAYS >= .01       131             139.2    -8.2      125
DAYS >= .10        74              78.0    -4.0       70
DAYS >= .50        16              23.4    -7.4       18
DAYS >= 1.00        5               7.8    -2.8        4
GREATEST
 24 HR. TOTAL    2.27  10/28 TO 10/29                2.98
                                             10/15 TO 10/16
SNOWFALL (INCHES)
RECORDS
 TOTAL           80.2   1994
 24 HR TOTAL     18.7   03/13/1993 TO 03/13/1993
TOTALS           38.9              46.2    -7.3     58.7
SINCE 7/1         0.8              10.4    -9.6     13.3
DAYS >= TRACE      67              33.0    34.0       73
DAYS >= 1.0        13              12.5     0.5       17
GREATEST
 24 HR TOTAL      5.5   01/24 TO 01/24                8.3
                                                    02/13

DEGREE_DAYS
HEATING TOTAL    5712              6255    -543     6300
 SINCE 7/1       1536              2378    -842     2092
COOLING TOTAL     929               579     350      692
 SINCE 1/1        929               580     349      692

FREEZE DATES
RECORD
 EARLIEST     09/21/1956
 LATEST       05/25/1956
EARLIEST                        10/15
LATEST                          04/26
..................................................

WIND (MPH)
AVERAGE WIND SPEED              6.3
RESULTANT WIND SPEED/DIRECTION   2/283
HIGHEST WIND SPEED/DIRECTION    33/270    DATE  01/04
HIGHEST GUST SPEED/DIRECTION    48/240    DATE  04/21

SKY COVER
POSSIBLE SUNSHINE (PERCENT)   MM
AVERAGE SKY COVER           0.50
NUMBER OF DAYS FAIR          155
NUMBER OF DAYS PC            110
NUMBER OF DAYS CLOUDY        100

AVERAGE RH (PERCENT)     64

WEATHER CONDITIONS. NUMBER OF DAYS WITH
THUNDERSTORM              0     MIXED PRECIP               0
HEAVY RAIN               38     RAIN                      63
LIGHT RAIN              142     FREEZING RAIN              2
LT FREEZING RAIN          4     HAIL                       0
HEAVY SNOW                6     SNOW                      14
LIGHT SNOW               64     SLEET                      1
FOG                     155     FOG W/VIS <= 1/4 MILE     17
HAZE                    122

-  INDICATES NEGATIVE NUMBERS.
R  INDICATES RECORD WAS SET OR TIED.
MM INDICATES DATA IS MISSING.
T  INDICATES TRACE AMOUNT.

&&
UPDATED TO ADD DATES OF GREATEST 24 HOUR TOTALS
AND 2014 DATA
$$
