000
CXUS51 KBGM 010639
CLAAVP


CLIMATE REPORT
NATIONAL WEATHER SERVICE BINGHAMTON NY
130 AM EST TUE JAN 1 2013

...................................

...THE AVOCA PA CLIMATE SUMMARY FOR THE YEAR OF 2012...

CLIMATE NORMAL PERIOD 1981 TO 2010
CLIMATE RECORD PERIOD 1901 TO 2012

WEATHER         OBSERVED          NORMAL  DEPART  LAST YEAR`S
                 VALUE   DATE(S)  VALUE   FROM    VALUE  DATE(S)
                                          NORMAL
................................................................
TEMPERATURE (F)
RECORD
 HIGH             103   07/09/1936
 LOW              -21   01/21/1994
HIGHEST            97   07/18        59      38       98  07/22
                        07/17
LOWEST              5   01/22        40     -35       -8  01/24
                        01/04
AVG. MAXIMUM     62.3              58.8     3.5     60.0
AVG. MINIMUM     43.7              40.1     3.6     41.9
MEAN             53.0R             49.4     3.6     51.0
DAYS MAX >= 90     19               6.3    12.7        8
DAYS MAX <= 32     13              36.2   -23.2       40
DAYS MIN <= 32    114             123.6    -9.6      120
DAYS MIN <= 0       0               2.9    -2.9        2

PRECIPITATION (INCHES)
RECORD
 MAXIMUM        60.00   2011
 MINIMUM        26.22   1963
TOTALS          37.94             38.26   -0.32    60.00
DAILY AVG.       0.10              0.10    0.00     0.16
DAYS >= .01       145             139.2     5.8      157
DAYS >= .10        77              78.0    -1.0       98
DAYS >= .50        21              23.4    -2.4       35
DAYS >= 1.00        7               7.8    -0.8       18
GREATEST
 24 HR. TOTAL    2.56   MM                       08/27 TO 08/28
                                                          10/29 TO 10/29
                                                          10/29 TO 10/29
 STORM TOTAL       MM                                 MM
 (MM/DD(HH))            MM                    08/28(00) TO 08/28(00)
                                                 10/29(00) TO 10/29(00)9
                                                 10/29(00) TO 10/29(00)9

SNOWFALL (INCHES)
RECORDS
 TOTAL           80.2   1994
 24 HR TOTAL     18.7   03/13/1993 TO 03/13/1993
TOTALS           20.1              46.2   -26.1     60.7
SINCE 7/1        12.2              10.4     1.8     10.6
DAYS >= TRACE      53              33.0    20.0       68
DAYS >= 1.0         6              12.5    -6.5       17
GREATEST
 24 HR TOTAL      5.3   MM                       10/29 TO 10/29
                                                          10/29 TO 10/29
                                                          10/29 TO 10/29
 STORM TOTAL       MM                                 MM
 (MM/DD(HH))            MM                    10/29(00) TO 10/29(00)
                                                 10/29(00) TO 10/29(00)9
                                                 10/29(00) TO 10/29(00)9

DEGREE_DAYS
HEATING TOTAL    5147              6255   -1108     5755
 SINCE 7/1       2114              2378    -264     1936
COOLING TOTAL     864               579     285      776
 SINCE 1/1        864               580     284      776

FREEZE DATES
RECORD
 EARLIEST     09/21/1956
 LATEST       05/25/1956
EARLIEST                        10/15
LATEST                          04/26
..........................................................

WIND (MPH)
AVERAGE WIND SPEED              5.7
RESULTANT WIND SPEED/DIRECTION   2/288
HIGHEST WIND SPEED/DIRECTION    36/310    DATE  07/26
HIGHEST GUST SPEED/DIRECTION    47/140    DATE  12/21

SKY COVER
POSSIBLE SUNSHINE (PERCENT)   MM
AVERAGE SKY COVER           0.50
NUMBER OF DAYS FAIR          147
NUMBER OF DAYS PC            111
NUMBER OF DAYS CLOUDY        107

AVERAGE RH (PERCENT)     67

WEATHER CONDITIONS. NUMBER OF DAYS WITH
THUNDERSTORM              0     MIXED PRECIP               0
HEAVY RAIN               43     RAIN                      70
LIGHT RAIN              145     FREEZING RAIN              0
LT FREEZING RAIN          0     HAIL                       0
HEAVY SNOW                2     SNOW                       7
LIGHT SNOW               45     SLEET                      0
FOG                     190     FOG W/VIS <= 1/4 MILE     24
HAZE                     80

-  INDICATES NEGATIVE NUMBERS.
R  INDICATES RECORD WAS SET OR TIED.
MM INDICATES DATA IS MISSING.
T  INDICATES TRACE AMOUNT.

WARMEST YEAR ON RECORD. PREVIOUS WARMEST YEAR WAS 1921 AT 52.4 DEGREES.
$$
