000
CXUS51 KBGM 041111
CLAAVP


CLIMATE REPORT
NATIONAL WEATHER SERVICE BINGHAMTON NY
559 AM EST WED JAN 4 2012

...................................

...THE AVOCA PA CLIMATE SUMMARY FOR THE YEAR OF 2011...

CLIMATE NORMAL PERIOD 1981 TO 2010
CLIMATE RECORD PERIOD 1901 TO 2012

WEATHER         OBSERVED          NORMAL  DEPART  LAST YEAR`S
                 VALUE   DATE(S)  VALUE   FROM    VALUE  DATE(S)
                                          NORMAL
................................................................
TEMPERATURE (F)
RECORD
 HIGH             103   07/09/1936
 LOW              -21   01/21/1994
HIGHEST            98   07/22        59      39       96  07/08
                                                          07/05
                                                          07/06
LOWEST             -8   01/24        40     -48        2  01/31
AVG. MAXIMUM     60.0              58.8     1.2     60.5
AVG. MINIMUM     41.9              40.1     1.8     41.6
MEAN             51.0              49.4     1.6     51.1
DAYS MAX >= 90      8               6.3     1.7       22
DAYS MAX <= 32     40              36.2     3.8       48
DAYS MIN <= 32    120             123.6    -3.6      123
DAYS MIN <= 0       2               2.9    -0.9        0

PRECIPITATION (INCHES)
RECORD
 MAXIMUM        49.93   2003
 MINIMUM        26.22   1963
TOTALS          60.00R            38.26   21.74    32.30
DAILY AVG.       0.16              0.10    0.06     0.09
DAYS >= .01       157             139.2    17.8      117
DAYS >= .10        98              78.0    20.0       64
DAYS >= .50        35              23.4    11.6       21
DAYS >= 1.00       18               7.8    10.2        5
GREATEST
 24 HR. TOTAL    3.72   08/27 TO 08/28

SNOWFALL (INCHES)
RECORDS
 TOTAL           80.2   1994
 24 HR TOTAL     18.7   03/13/1993 TO 03/13/1993
TOTALS           60.7              46.2    14.5     37.7
SINCE 7/1        10.6              10.4     0.2      5.0
DAYS >= TRACE      68              33.0    35.0       69
DAYS >= 1.0        17              12.5     4.5       13
GREATEST
 24 HR TOTAL      9.1   10/29 TO 10/29

DEGREE_DAYS
HEATING TOTAL    5755              6255    -500     5830
 SINCE 7/1       1936              2378    -442     2366
COOLING TOTAL     776               579     197      902
 SINCE 1/1        776               580     196      902

FREEZE DATES
RECORD
 EARLIEST     09/21/1956
 LATEST       05/25/1956
EARLIEST                        10/15
LATEST                          04/26
......................................................

WIND (MPH)
AVERAGE WIND SPEED              5.4
RESULTANT WIND SPEED/DIRECTION   1/275
HIGHEST WIND SPEED/DIRECTION    39/350    DATE  08/28
HIGHEST GUST SPEED/DIRECTION    55/350    DATE  08/28

SKY COVER
POSSIBLE SUNSHINE (PERCENT)   MM
AVERAGE SKY COVER           0.50
NUMBER OF DAYS FAIR          164
NUMBER OF DAYS PC            120
NUMBER OF DAYS CLOUDY         81

AVERAGE RH (PERCENT)     70

WEATHER CONDITIONS. NUMBER OF DAYS WITH
THUNDERSTORM              0     MIXED PRECIP               0
HEAVY RAIN               61     RAIN                      89
LIGHT RAIN              147     FREEZING RAIN              6
LT FREEZING RAIN          9     HAIL                       1
HEAVY SNOW                6     SNOW                      13
LIGHT SNOW               59     SLEET                      0
FOG                     221     FOG W/VIS <= 1/4 MILE     31
HAZE                    112

-  INDICATES NEGATIVE NUMBERS.
R  INDICATES RECORD WAS SET OR TIED.
MM INDICATES DATA IS MISSING.
T  INDICATES TRACE AMOUNT.

&&
WETTEST YEAR EVER.
13TH WARMEST YEAR.

$$
