000
CXUS51 KBGM 032104
CLAAVP


CLIMATE REPORT
NATIONAL WEATHER SERVICE BINGHAMTON NY
359 PM EST MON JAN 3 2011

...................................

...THE AVOCA PA CLIMATE SUMMARY FOR THE YEAR OF 2010...

CLIMATE NORMAL PERIOD 1971 TO 2000
CLIMATE RECORD PERIOD 1901 TO 2011

WEATHER         OBSERVED          NORMAL  DEPART  LAST YEAR`S
                 VALUE   DATE(S)  VALUE   FROM    VALUE  DATE(S)
                                          NORMAL
................................................................
TEMPERATURE (F)
RECORD
 HIGH             103   07/09/1936
 LOW              -21   01/21/1994
HIGHEST            96   07/08        59      37       93  04/27
                        07/05
                        07/06
LOWEST              2   01/31        40     -38       -4  01/17
AVG. MAXIMUM     60.5              59.3     1.2     58.3
AVG. MINIMUM     41.6              40.4     1.2     40.1
MEAN             51.1              49.9     1.2     49.2
DAYS MAX >= 90     22               6.0    16.0       MM
DAYS MAX <= 32     48              43.0     5.0       MM
DAYS MIN <= 32    123             124.0    -1.0       MM
DAYS MIN <= 0       0               4.0    -4.0       MM

PRECIPITATION (INCHES)
RECORD
 MAXIMUM        49.93   2003
 MINIMUM        26.22   1963
TOTALS          32.30             37.56   -5.26    35.46
DAILY AVG.       0.09              0.10   -0.01     0.10
DAYS >= .01       117             138.0   -21.0       MM
DAYS >= .10        64              76.0   -12.0       MM
DAYS >= .50        21              22.0    -1.0       MM
DAYS >= 1.00        5               6.0    -1.0       MM
GREATEST
 24 HR. TOTAL    4.77   09/30 TO 10/01

SNOWFALL (INCHES)
RECORDS
 TOTAL           80.2   1994
 24 HR TOTAL     18.7   03/13/1993 TO 03/13/1993
TOTALS           37.7              45.8    -8.1     34.0
SINCE 7/1         5.0              11.7    -6.7     15.8
DAYS >= TRACE      69              73.7    -4.7       MM
DAYS >= 1.0        13              12.8     0.2       MM
GREATEST
 24 HR TOTAL      8.0   02/25 TO 02/25

DEGREE_DAYS
HEATING TOTAL    5830              6234    -404     6092
 SINCE 7/1       2366              2354      12     2326
COOLING TOTAL     902               611     291      450
 SINCE 1/1        902               611     291      450

FREEZE DATES
RECORD
 EARLIEST     09/21/1956
 LATEST       05/25/1956
EARLIEST                        10/15
LATEST                          04/26
.................................................................

WIND (MPH)
AVERAGE WIND SPEED              6.3
RESULTANT WIND SPEED/DIRECTION   2/302
HIGHEST WIND SPEED/DIRECTION    38/240    DATE  04/08
HIGHEST GUST SPEED/DIRECTION    58/150    DATE  01/25

SKY COVER
POSSIBLE SUNSHINE (PERCENT)   MM

NUMBER OF DAYS FAIR          174
NUMBER OF DAYS PC             87
NUMBER OF DAYS CLOUDY        103

AVERAGE RH (PERCENT)     66

WEATHER CONDITIONS. NUMBER OF DAYS WITH
THUNDERSTORM             10     MIXED PRECIP               0
HEAVY RAIN               29     RAIN                      55
LIGHT RAIN              115     FREEZING RAIN              0
LT FREEZING RAIN         14     HAIL                       0
HEAVY SNOW                4     SNOW                      10
LIGHT SNOW               55     SLEET                      0
FOG                     169     FOG W/VIS <= 1/4 MILE     12
HAZE                     93

-  INDICATES NEGATIVE NUMBERS.
R  INDICATES RECORD WAS SET OR TIED.
MM INDICATES DATA IS MISSING.
T  INDICATES TRACE AMOUNT.

&&
10TH WARMEST YEAR.  RECORD 52.4 IN 1921.
$$

TAC
